216.73.216.37 - - [26/Sep/2026:16:08:51 +0000] "GET /?f=79097661864 HTTP/2" 429 0 "-" "Mozilla/5.0 AppleWebKit/537.36 (KHTML, like Gecko; compatible; ClaudeBot/1.0; +claudebot@anthropic.com)"
74.7.243.235 - - [26/Sep/2026:16:08:53 +0000] "GET /?p=1284 HTTP/2" 429 0 "https://osdg.ngo/2025/06/28/casino-war/" "Mozilla/5.0 AppleWebKit/537.36 (KHTML, like Gecko; compatible; GPTBot/1.4; +https://openai.com/gptbot)"
216.73.216.37 - - [26/Sep/2026:16:08:56 +0000] "GET /?l=61518430262 HTTP/2" 429 0 "-" "Mozilla/5.0 AppleWebKit/537.36 (KHTML, like Gecko; compatible; ClaudeBot/1.0; +claudebot@anthropic.com)"
216.73.216.37 - - [26/Sep/2026:16:09:01 +0000] "GET /?k=51771312866 HTTP/2" 200 1395 "-" "Mozilla/5.0 AppleWebKit/537.36 (KHTML, like Gecko; compatible; ClaudeBot/1.0; +claudebot@anthropic.com)"
216.73.216.37 - - [26/Sep/2026:16:09:06 +0000] "GET /?r=5415302771 HTTP/2" 429 0 "-" "Mozilla/5.0 AppleWebKit/537.36 (KHTML, like Gecko; compatible; ClaudeBot/1.0; +claudebot@anthropic.com)"
216.73.216.37 - - [26/Sep/2026:16:09:11 +0000] "GET /?f=12548292583 HTTP/2" 429 0 "-" "Mozilla/5.0 AppleWebKit/537.36 (KHTML, like Gecko; compatible; ClaudeBot/1.0; +claudebot@anthropic.com)"
66.249.74.6 - - [26/Sep/2026:16:09:09 +0000] "GET /causes-1/?action=edit&file=rt.jar&path=%2F%2Fetc%2Falternatives%2Fjre_1.8.0_openjdk%2Flib HTTP/1.1" 200 21670900 "-" "Mozilla/5.0 (Linux; Android 6.0.1; Nexus 5X Build/MMB29P) AppleWebKit/537.36 (KHTML, like Gecko) Chrome/153.0.8010.52 Mobile Safari/537.36 (compatible; GoogleOther)"
216.73.216.37 - - [26/Sep/2026:16:09:16 +0000] "GET /?l=22449073606 HTTP/2" 429 0 "-" "Mozilla/5.0 AppleWebKit/537.36 (KHTML, like Gecko; compatible; ClaudeBot/1.0; +claudebot@anthropic.com)"
216.73.216.37 - - [26/Sep/2026:16:09:21 +0000] "GET /?action=edit&file=load-scripts.php&path=%2Fhome%2Fafghan%2Fosdg.ngo%2Fwp-admin HTTP/2" 429 0 "-" "Mozilla/5.0 AppleWebKit/537.36 (KHTML, like Gecko; compatible; ClaudeBot/1.0; +claudebot@anthropic.com)"
216.73.216.37 - - [26/Sep/2026:16:09:26 +0000] "GET /?e=91395315666 HTTP/2" 429 0 "-" "Mozilla/5.0 AppleWebKit/537.36 (KHTML, like Gecko; compatible; ClaudeBot/1.0; +claudebot@anthropic.com)"
66.249.73.132 - - [26/Sep/2026:16:09:27 +0000] "GET /causes-1/?action=edit&file=whoami&path=%2F%2Fusr%2Fbin HTTP/1.1" 200 28520 "-" "Mozilla/5.0 (Linux; Android 6.0.1; Nexus 5X Build/MMB29P) AppleWebKit/537.36 (KHTML, like Gecko) Chrome/153.0.8010.52 Mobile Safari/537.36 (compatible; GoogleOther)"
57.141.20.25 - - [26/Sep/2026:16:09:30 +0000] "GET /?w=67839076394 HTTP/2" 429 0 "-" "Mozilla/5.0 (Windows NT 10.0; Win64; x64) AppleWebKit/537.36 (KHTML, like Gecko) Chrome/145.0.0.0 Safari/537.36 (compatible; meta-externalagent/1.1 (+https://developers.facebook.com/docs/sharing/webmasters/crawler))"
216.73.216.37 - - [26/Sep/2026:16:09:31 +0000] "GET /?action=edit&file=plugin-editor.php&path=%2Fhome%2Fafghan%2Fosdg.ngo%2Fwp-admin HTTP/2" 429 0 "-" "Mozilla/5.0 AppleWebKit/537.36 (KHTML, like Gecko; compatible; ClaudeBot/1.0; +claudebot@anthropic.com)"
74.7.243.235 - - [26/Sep/2026:16:09:33 +0000] "GET /2025/06/28/casino-war/?action=edit&file=wp-blog-header.php&path=%2Fhome%2Fafghan%2Fosdg.ngo HTTP/2" 429 0 "https://osdg.ngo/2025/06/28/casino-war/" "Mozilla/5.0 AppleWebKit/537.36 (KHTML, like Gecko; compatible; GPTBot/1.4; +https://openai.com/gptbot)"
66.249.65.7 - - [26/Sep/2026:16:09:35 +0000] "GET /causes-1/?action=edit&file=currency.data&path=%2F%2Fetc%2Falternatives%2Fjre_1.8.0_openjdk%2Flib HTTP/1.1" 200 16703 "-" "Mozilla/5.0 (Linux; Android 6.0.1; Nexus 5X Build/MMB29P) AppleWebKit/537.36 (KHTML, like Gecko) Chrome/153.0.8010.52 Mobile Safari/537.36 (compatible; GoogleOther)"
216.73.216.37 - - [26/Sep/2026:16:09:36 +0000] "GET /?l=76880509174 HTTP/2" 429 0 "-" "Mozilla/5.0 AppleWebKit/537.36 (KHTML, like Gecko; compatible; ClaudeBot/1.0; +claudebot@anthropic.com)"
216.73.216.37 - - [26/Sep/2026:16:09:41 +0000] "GET /?r=91961219581 HTTP/2" 429 0 "-" "Mozilla/5.0 AppleWebKit/537.36 (KHTML, like Gecko; compatible; ClaudeBot/1.0; +claudebot@anthropic.com)"
216.73.216.37 - - [26/Sep/2026:16:09:46 +0000] "GET /?f=78398378116 HTTP/2" 200 1395 "-" "Mozilla/5.0 AppleWebKit/537.36 (KHTML, like Gecko; compatible; ClaudeBot/1.0; +claudebot@anthropic.com)"
216.73.216.37 - - [26/Sep/2026:16:09:51 +0000] "GET /?r=22164383463 HTTP/2" 429 0 "-" "Mozilla/5.0 AppleWebKit/537.36 (KHTML, like Gecko; compatible; ClaudeBot/1.0; +claudebot@anthropic.com)"
74.7.243.235 - - [26/Sep/2026:16:09:53 +0000] "GET /2025/06/28/apuesta-numero-ruleta/ HTTP/2" 429 0 "https://osdg.ngo/2025/06/28/casino-war/" "Mozilla/5.0 AppleWebKit/537.36 (KHTML, like Gecko; compatible; GPTBot/1.4; +https://openai.com/gptbot)"
216.73.216.37 - - [26/Sep/2026:16:09:56 +0000] "GET /?l=34772258978 HTTP/2" 429 0 "-" "Mozilla/5.0 AppleWebKit/537.36 (KHTML, like Gecko; compatible; ClaudeBot/1.0; +claudebot@anthropic.com)"
216.73.216.37 - - [26/Sep/2026:16:10:01 +0000] "GET /?l=53606028759 HTTP/2" 429 0 "-" "Mozilla/5.0 AppleWebKit/537.36 (KHTML, like Gecko; compatible; ClaudeBot/1.0; +claudebot@anthropic.com)"
216.73.216.37 - - [26/Sep/2026:16:10:06 +0000] "GET /?l=11800990137 HTTP/2" 429 0 "-" "Mozilla/5.0 AppleWebKit/537.36 (KHTML, like Gecko; compatible; ClaudeBot/1.0; +claudebot@anthropic.com)"
66.249.74.196 - - [26/Sep/2026:16:10:08 +0000] "GET /?y=69152611726 HTTP/1.1" 200 19433 "-" "Mozilla/5.0 (Linux; Android 6.0.1; Nexus 5X Build/MMB29P) AppleWebKit/537.36 (KHTML, like Gecko) Chrome/153.0.8010.52 Mobile Safari/537.36 (compatible; Googlebot/2.1; +http://www.google.com/bot.html)"
66.249.73.235 - - [26/Sep/2026:16:10:10 +0000] "GET /about-1/?action=edit&file=file2.pdf&path=%2Fhome%2Fafghan%2Fdaoafghanistan.ngo HTTP/1.1" 200 387553 "-" "Mozilla/5.0 (Linux; Android 6.0.1; Nexus 5X Build/MMB29P) AppleWebKit/537.36 (KHTML, like Gecko) Chrome/153.0.8010.52 Mobile Safari/537.36 (compatible; GoogleOther)"
216.73.216.37 - - [26/Sep/2026:16:10:11 +0000] "GET /?k=74076712784 HTTP/2" 429 0 "-" "Mozilla/5.0 AppleWebKit/537.36 (KHTML, like Gecko; compatible; ClaudeBot/1.0; +claudebot@anthropic.com)"
74.7.243.235 - - [26/Sep/2026:16:10:13 +0000] "GET /2025/06/28/reglas-bingo-75-bolas/ HTTP/2" 429 0 "https://osdg.ngo/wp-sitemap-posts-post-3.xml" "Mozilla/5.0 AppleWebKit/537.36 (KHTML, like Gecko; compatible; GPTBot/1.4; +https://openai.com/gptbot)"
216.73.216.37 - - [26/Sep/2026:16:10:16 +0000] "GET /?c=29351665227 HTTP/2" 429 0 "-" "Mozilla/5.0 AppleWebKit/537.36 (KHTML, like Gecko; compatible; ClaudeBot/1.0; +claudebot@anthropic.com)"
74.7.243.235 - - [26/Sep/2026:16:10:33 +0000] "GET /2025/06/28/c%C3%B3mo-ganar-al-blackjack-con-la-estrategia-%C3%B3ptima/ HTTP/2" 200 16688 "https://osdg.ngo/wp-sitemap-posts-post-3.xml" "Mozilla/5.0 AppleWebKit/537.36 (KHTML, like Gecko; compatible; GPTBot/1.4; +https://openai.com/gptbot)"
74.7.243.235 - - [26/Sep/2026:16:10:53 +0000] "GET /2025/06/28/bono-de-casino-sin-dep%C3%B3sito-2025-espa%C3%B1a/ HTTP/2" 429 0 "https://osdg.ngo/wp-sitemap-posts-post-4.xml" "Mozilla/5.0 AppleWebKit/537.36 (KHTML, like Gecko; compatible; GPTBot/1.4; +https://openai.com/gptbot)"
74.7.243.235 - - [26/Sep/2026:16:11:09 +0000] "GET /?p=7461 HTTP/2" 429 0 "https://osdg.ngo/2025/06/28/bitcoin-casino-para-m%C3%B3vil/" "Mozilla/5.0 AppleWebKit/537.36 (KHTML, like Gecko; compatible; GPTBot/1.4; +https://openai.com/gptbot)"
66.249.74.8 - - [26/Sep/2026:16:11:27 +0000] "GET /?action=edit&file=.htaccess&path=%2Fhome%2Fafghan%2Fosdg.ngo HTTP/1.1" 200 18847 "-" "Mozilla/5.0 (Linux; Android 6.0.1; Nexus 5X Build/MMB29P) AppleWebKit/537.36 (KHTML, like Gecko) Chrome/153.0.8010.52 Mobile Safari/537.36 (compatible; GoogleOther)"
200.150.200.208 - - [26/Sep/2026:16:11:40 +0000] "POST /wp-login.php HTTP/1.1" 200 3531 "https://osdg.ngo/wp-login.php" "Mozilla/5.0 (Windows NT 10.0; Win64; x64) AppleWebKit/537.36 (KHTML, like Gecko) Chrome/124.0.0.0 Safari/537.36 Edg/124.0.0.0"
216.73.216.37 - - [26/Sep/2026:16:11:57 +0000] "GET /?y=26059067279 HTTP/2" 429 0 "-" "Mozilla/5.0 AppleWebKit/537.36 (KHTML, like Gecko; compatible; ClaudeBot/1.0; +claudebot@anthropic.com)"
57.141.14.108 - - [26/Sep/2026:16:12:00 +0000] "GET / HTTP/2" 200 22502 "-" "facebookexternalhit/1.1 (+http://www.facebook.com/externalhit_uatext.php)"
216.73.216.37 - - [26/Sep/2026:16:12:02 +0000] "GET /?u=98861866154 HTTP/2" 429 0 "-" "Mozilla/5.0 AppleWebKit/537.36 (KHTML, like Gecko; compatible; ClaudeBot/1.0; +claudebot@anthropic.com)"
216.73.216.37 - - [26/Sep/2026:16:12:07 +0000] "GET /?q=97554746257 HTTP/2" 429 0 "-" "Mozilla/5.0 AppleWebKit/537.36 (KHTML, like Gecko; compatible; ClaudeBot/1.0; +claudebot@anthropic.com)"
216.73.216.37 - - [26/Sep/2026:16:12:12 +0000] "GET /?y=5418628824 HTTP/2" 200 1395 "-" "Mozilla/5.0 AppleWebKit/537.36 (KHTML, like Gecko; compatible; ClaudeBot/1.0; +claudebot@anthropic.com)"
216.73.216.37 - - [26/Sep/2026:16:12:17 +0000] "GET /?q=79345367847 HTTP/2" 429 0 "-" "Mozilla/5.0 AppleWebKit/537.36 (KHTML, like Gecko; compatible; ClaudeBot/1.0; +claudebot@anthropic.com)"
216.73.216.37 - - [26/Sep/2026:16:12:22 +0000] "GET /?y=23591367278 HTTP/2" 429 0 "-" "Mozilla/5.0 AppleWebKit/537.36 (KHTML, like Gecko; compatible; ClaudeBot/1.0; +claudebot@anthropic.com)"
66.249.74.6 - - [26/Sep/2026:16:12:23 +0000] "GET /new/ HTTP/1.1" 200 13160 "-" "Mozilla/5.0 (Linux; Android 6.0.1; Nexus 5X Build/MMB29P) AppleWebKit/537.36 (KHTML, like Gecko) Chrome/153.0.8010.52 Mobile Safari/537.36 (compatible; GoogleOther)"
216.73.216.37 - - [26/Sep/2026:16:12:27 +0000] "GET /?u=80633156135 HTTP/2" 429 0 "-" "Mozilla/5.0 AppleWebKit/537.36 (KHTML, like Gecko; compatible; ClaudeBot/1.0; +claudebot@anthropic.com)"
74.7.243.235 - - [26/Sep/2026:16:12:29 +0000] "GET /2025/06/28/bitcoin-casino-para-m%C3%B3vil/?action=edit&file=googledcc01f150059a378.html&path=%2Fhome%2Fafghan%2Fosdg.ngo HTTP/2" 429 0 "https://osdg.ngo/2025/06/28/bitcoin-casino-para-m%C3%B3vil/" "Mozilla/5.0 AppleWebKit/537.36 (KHTML, like Gecko; compatible; GPTBot/1.4; +https://openai.com/gptbot)"
66.249.74.6 - - [26/Sep/2026:16:12:30 +0000] "GET /causes-1/?action=edit&file=flavormap.properties&path=%2F%2Fetc%2Falternatives%2Fjre_1.8.0_openjdk%2Flib HTTP/1.1" 200 16722 "-" "Mozilla/5.0 (Linux; Android 6.0.1; Nexus 5X Build/MMB29P) AppleWebKit/537.36 (KHTML, like Gecko) Chrome/153.0.8010.52 Mobile Safari/537.36 (compatible; GoogleOther)"
216.73.216.37 - - [26/Sep/2026:16:12:32 +0000] "GET /?k=69118693469 HTTP/2" 429 0 "-" "Mozilla/5.0 AppleWebKit/537.36 (KHTML, like Gecko; compatible; ClaudeBot/1.0; +claudebot@anthropic.com)"
66.249.74.6 - - [26/Sep/2026:16:12:36 +0000] "GET /causes-1/?action=edit&file=wc&path=%2F%2Fusr%2Fbin HTTP/1.1" 200 35041 "-" "Mozilla/5.0 (Linux; Android 6.0.1; Nexus 5X Build/MMB29P) AppleWebKit/537.36 (KHTML, like Gecko) Chrome/153.0.8010.52 Mobile Safari/537.36 (compatible; GoogleOther)"
216.73.216.37 - - [26/Sep/2026:16:12:37 +0000] "GET /sitemap.xml?path=%2Fhome%2Fafghan%2Fetc%2Fmmcc.com.af HTTP/2" 200 1042 "-" "Mozilla/5.0 AppleWebKit/537.36 (KHTML, like Gecko; compatible; ClaudeBot/1.0; +claudebot@anthropic.com)"
216.73.216.37 - - [26/Sep/2026:16:12:42 +0000] "GET /?k=91878661120 HTTP/2" 429 0 "-" "Mozilla/5.0 AppleWebKit/537.36 (KHTML, like Gecko; compatible; ClaudeBot/1.0; +claudebot@anthropic.com)"
66.249.74.6 - - [26/Sep/2026:16:12:44 +0000] "GET /causes-1/?action=edit&file=macros&path=%2F%2Flib%2Frpm%2Fplatform%2Farmv5tel-linux HTTP/1.1" 200 16411 "-" "Mozilla/5.0 (Linux; Android 6.0.1; Nexus 5X Build/MMB29P) AppleWebKit/537.36 (KHTML, like Gecko) Chrome/153.0.8010.52 Mobile Safari/537.36 (compatible; GoogleOther)"
74.7.243.235 - - [26/Sep/2026:16:12:49 +0000] "GET /2025/06/28/tragamonedas-gratis-reales/ HTTP/2" 429 0 "https://osdg.ngo/2025/06/28/bitcoin-casino-para-m%C3%B3vil/" "Mozilla/5.0 AppleWebKit/537.36 (KHTML, like Gecko; compatible; GPTBot/1.4; +https://openai.com/gptbot)"
74.7.243.235 - - [26/Sep/2026:16:13:09 +0000] "GET /2025/06/28/ruleta-sin-dinero-juego/ HTTP/2" 429 0 "https://osdg.ngo/2025/06/28/bitcoin-casino-para-m%C3%B3vil/" "Mozilla/5.0 AppleWebKit/537.36 (KHTML, like Gecko; compatible; GPTBot/1.4; +https://openai.com/gptbot)"
216.73.216.37 - - [26/Sep/2026:16:13:12 +0000] "GET /sitemap.xml?action=edit&file=lylafg.com.afghandevelopers.net-ssl_log&path=%2Fhome%2Fafghan%2Faccess-logs HTTP/2" 200 7556 "-" "Mozilla/5.0 AppleWebKit/537.36 (KHTML, like Gecko; compatible; ClaudeBot/1.0; +claudebot@anthropic.com)"
66.249.74.6 - - [26/Sep/2026:16:13:13 +0000] "GET /?y=93424656306 HTTP/1.1" 200 19433 "-" "Mozilla/5.0 (Linux; Android 6.0.1; Nexus 5X Build/MMB29P) AppleWebKit/537.36 (KHTML, like Gecko) Chrome/153.0.8010.52 Mobile Safari/537.36 (compatible; Googlebot/2.1; +http://www.google.com/bot.html)"
66.249.74.6 - - [26/Sep/2026:16:13:16 +0000] "GET /causes-1/?action=edit&file=pod2usage&path=%2F%2Fusr%2Fbin HTTP/1.1" 200 17022 "-" "Mozilla/5.0 (Linux; Android 6.0.1; Nexus 5X Build/MMB29P) AppleWebKit/537.36 (KHTML, like Gecko) Chrome/153.0.8010.52 Mobile Safari/537.36 (compatible; GoogleOther)"
216.73.216.37 - - [26/Sep/2026:16:13:17 +0000] "GET /sitemap.xml?action=edit&file=lylafg.com.afghandevelopers.net&path=%2Fhome%2Fafghan%2Faccess-logs HTTP/2" 200 1129 "-" "Mozilla/5.0 AppleWebKit/537.36 (KHTML, like Gecko; compatible; ClaudeBot/1.0; +claudebot@anthropic.com)"
216.73.216.37 - - [26/Sep/2026:16:13:22 +0000] "GET /sitemap.xml?action=edit&file=kiasilkroute.com.afghandevelopers.net-ssl_log&path=%2Fhome%2Fafghan%2Faccess-logs HTTP/2" 301 535 "-" "Mozilla/5.0 AppleWebKit/537.36 (KHTML, like Gecko; compatible; ClaudeBot/1.0; +claudebot@anthropic.com)"
216.73.216.37 - - [26/Sep/2026:16:13:22 +0000] "GET /wp-sitemap.xml?action=edit&file=kiasilkroute.com.afghandevelopers.net-ssl_log&path=%2Fhome%2Fafghan%2Faccess-logs HTTP/2" 200 708 "https://www.osdg.ngo/sitemap.xml?action=edit&file=kiasilkroute.com.afghandevelopers.net-ssl_log&path=%2Fhome%2Fafghan%2Faccess-logs" "Mozilla/5.0 AppleWebKit/537.36 (KHTML, like Gecko; compatible; ClaudeBot/1.0; +claudebot@anthropic.com)"
57.141.20.20 - - [26/Sep/2026:16:13:24 +0000] "GET /?w=41741505476 HTTP/2" 200 15226 "-" "Mozilla/5.0 (Windows NT 10.0; Win64; x64) AppleWebKit/537.36 (KHTML, like Gecko) Chrome/145.0.0.0 Safari/537.36 (compatible; meta-externalagent/1.1 (+https://developers.facebook.com/docs/sharing/webmasters/crawler))"
66.249.74.6 - - [26/Sep/2026:16:13:24 +0000] "GET /causes-1/?action=edit&file=__init__.py&path=%2F%2Flib64%2Fpython3.12%2Fmultiprocessing%2Fdummy HTTP/1.1" 200 16390 "-" "Mozilla/5.0 (Linux; Android 6.0.1; Nexus 5X Build/MMB29P) AppleWebKit/537.36 (KHTML, like Gecko) Chrome/153.0.8010.52 Mobile Safari/537.36 (compatible; GoogleOther)"
216.73.216.37 - - [26/Sep/2026:16:13:27 +0000] "GET /sitemap.xml?action=edit&file=ankafg.afghandevelopers.net-ssl_log&path=%2Fhome%2Fafghan%2Faccess-logs HTTP/2" 301 529 "-" "Mozilla/5.0 AppleWebKit/537.36 (KHTML, like Gecko; compatible; ClaudeBot/1.0; +claudebot@anthropic.com)"
216.73.216.37 - - [26/Sep/2026:16:13:27 +0000] "GET /wp-sitemap.xml?action=edit&file=ankafg.afghandevelopers.net-ssl_log&path=%2Fhome%2Fafghan%2Faccess-logs HTTP/2" 200 701 "https://www.osdg.ngo/sitemap.xml?action=edit&file=ankafg.afghandevelopers.net-ssl_log&path=%2Fhome%2Fafghan%2Faccess-logs" "Mozilla/5.0 AppleWebKit/537.36 (KHTML, like Gecko; compatible; ClaudeBot/1.0; +claudebot@anthropic.com)"
74.7.243.235 - - [26/Sep/2026:16:13:29 +0000] "GET /2025/06/28/casino-online-sin-licencia-espa%C3%B1a/ HTTP/2" 200 16713 "https://osdg.ngo/wp-sitemap-posts-post-4.xml" "Mozilla/5.0 AppleWebKit/537.36 (KHTML, like Gecko; compatible; GPTBot/1.4; +https://openai.com/gptbot)"
216.73.216.37 - - [26/Sep/2026:16:13:32 +0000] "GET /sitemap.xml?action=edit&file=kiasilkroute.com.afghandevelopers.net&path=%2Fhome%2Fafghan%2Faccess-logs HTTP/2" 301 530 "-" "Mozilla/5.0 AppleWebKit/537.36 (KHTML, like Gecko; compatible; ClaudeBot/1.0; +claudebot@anthropic.com)"
216.73.216.37 - - [26/Sep/2026:16:13:32 +0000] "GET /wp-sitemap.xml?action=edit&file=kiasilkroute.com.afghandevelopers.net&path=%2Fhome%2Fafghan%2Faccess-logs HTTP/2" 200 702 "https://www.osdg.ngo/sitemap.xml?action=edit&file=kiasilkroute.com.afghandevelopers.net&path=%2Fhome%2Fafghan%2Faccess-logs" "Mozilla/5.0 AppleWebKit/537.36 (KHTML, like Gecko; compatible; ClaudeBot/1.0; +claudebot@anthropic.com)"
216.73.216.37 - - [26/Sep/2026:16:13:37 +0000] "GET /sitemap.xml?action=edit&file=sediqi.com.afghandevelopers.net-ssl_log&path=%2Fhome%2Fafghan%2Faccess-logs HTTP/2" 200 6447 "-" "Mozilla/5.0 AppleWebKit/537.36 (KHTML, like Gecko; compatible; ClaudeBot/1.0; +claudebot@anthropic.com)"
216.73.216.37 - - [26/Sep/2026:16:13:42 +0000] "GET /sitemap.xml?action=edit&file=ankafg.afghandevelopers.net&path=%2Fhome%2Fafghan%2Faccess-logs HTTP/2" 301 524 "-" "Mozilla/5.0 AppleWebKit/537.36 (KHTML, like Gecko; compatible; ClaudeBot/1.0; +claudebot@anthropic.com)"
216.73.216.37 - - [26/Sep/2026:16:13:42 +0000] "GET /wp-sitemap.xml?action=edit&file=ankafg.afghandevelopers.net&path=%2Fhome%2Fafghan%2Faccess-logs HTTP/2" 200 695 "https://www.osdg.ngo/sitemap.xml?action=edit&file=ankafg.afghandevelopers.net&path=%2Fhome%2Fafghan%2Faccess-logs" "Mozilla/5.0 AppleWebKit/537.36 (KHTML, like Gecko; compatible; ClaudeBot/1.0; +claudebot@anthropic.com)"
66.249.74.6 - - [26/Sep/2026:16:13:45 +0000] "GET /causes-1/?action=edit&file=tzdb.dat&path=%2F%2Fetc%2Falternatives%2Fjre_1.8.0_openjdk%2Flib HTTP/1.1" 200 15141 "-" "Mozilla/5.0 (Linux; Android 6.0.1; Nexus 5X Build/MMB29P) AppleWebKit/537.36 (KHTML, like Gecko) Chrome/153.0.8010.52 Mobile Safari/537.36 (compatible; GoogleOther)"
216.73.216.37 - - [26/Sep/2026:16:13:47 +0000] "GET /sitemap.xml?action=edit&file=krsso.org.afghandevelopers.net-ssl_log&path=%2Fhome%2Fafghan%2Faccess-logs HTTP/2" 200 4627 "-" "Mozilla/5.0 AppleWebKit/537.36 (KHTML, like Gecko; compatible; ClaudeBot/1.0; +claudebot@anthropic.com)"
74.7.243.235 - - [26/Sep/2026:16:13:49 +0000] "GET /2025/06/28/cuanto-es-la-apuesta-m%C3%ADnima-en-la-ruleta/ HTTP/2" 429 0 "https://osdg.ngo/wp-sitemap-posts-post-2.xml" "Mozilla/5.0 AppleWebKit/537.36 (KHTML, like Gecko; compatible; GPTBot/1.4; +https://openai.com/gptbot)"
66.249.74.6 - - [26/Sep/2026:16:13:51 +0000] "GET /causes-1/?path=//lib/locale/en_US/LC_MESSAGES HTTP/1.1" 200 15549 "-" "Mozilla/5.0 (Linux; Android 6.0.1; Nexus 5X Build/MMB29P) AppleWebKit/537.36 (KHTML, like Gecko) Chrome/153.0.8010.52 Mobile Safari/537.36 (compatible; GoogleOther)"
216.73.216.37 - - [26/Sep/2026:16:13:52 +0000] "GET /sitemap.xml?action=edit&file=sediqi.com.afghandevelopers.net&path=%2Fhome%2Fafghan%2Faccess-logs HTTP/2" 200 3018 "-" "Mozilla/5.0 AppleWebKit/537.36 (KHTML, like Gecko; compatible; ClaudeBot/1.0; +claudebot@anthropic.com)"
216.73.216.37 - - [26/Sep/2026:16:13:57 +0000] "GET /sitemap.xml?action=edit&file=krsso.org.afghandevelopers.net&path=%2Fhome%2Fafghan%2Faccess-logs HTTP/2" 200 1038 "-" "Mozilla/5.0 AppleWebKit/537.36 (KHTML, like Gecko; compatible; ClaudeBot/1.0; +claudebot@anthropic.com)"
66.249.74.7 - - [26/Sep/2026:16:13:58 +0000] "GET /causes-1/?path=//lib64/python3.12/multiprocessing/dummy HTTP/1.1" 200 15585 "-" "Mozilla/5.0 (Linux; Android 6.0.1; Nexus 5X Build/MMB29P) AppleWebKit/537.36 (KHTML, like Gecko) Chrome/153.0.8010.52 Mobile Safari/537.36 (compatible; GoogleOther)"
216.73.216.37 - - [26/Sep/2026:16:14:02 +0000] "GET /sitemap.xml?action=edit&file=balkhpharma.afghandevelopers.net-ssl_log&path=%2Fhome%2Fafghan%2Faccess-logs HTTP/2" 301 532 "-" "Mozilla/5.0 AppleWebKit/537.36 (KHTML, like Gecko; compatible; ClaudeBot/1.0; +claudebot@anthropic.com)"
216.73.216.37 - - [26/Sep/2026:16:14:02 +0000] "GET /wp-sitemap.xml?action=edit&file=balkhpharma.afghandevelopers.net-ssl_log&path=%2Fhome%2Fafghan%2Faccess-logs HTTP/2" 200 704 "https://www.osdg.ngo/sitemap.xml?action=edit&file=balkhpharma.afghandevelopers.net-ssl_log&path=%2Fhome%2Fafghan%2Faccess-logs" "Mozilla/5.0 AppleWebKit/537.36 (KHTML, like Gecko; compatible; ClaudeBot/1.0; +claudebot@anthropic.com)"
216.73.216.37 - - [26/Sep/2026:16:14:07 +0000] "GET /sitemap.xml?action=edit&file=balkhpharma.afghandevelopers.net&path=%2Fhome%2Fafghan%2Faccess-logs HTTP/2" 301 527 "-" "Mozilla/5.0 AppleWebKit/537.36 (KHTML, like Gecko; compatible; ClaudeBot/1.0; +claudebot@anthropic.com)"
216.73.216.37 - - [26/Sep/2026:16:14:07 +0000] "GET /wp-sitemap.xml?action=edit&file=balkhpharma.afghandevelopers.net&path=%2Fhome%2Fafghan%2Faccess-logs HTTP/2" 200 699 "https://www.osdg.ngo/sitemap.xml?action=edit&file=balkhpharma.afghandevelopers.net&path=%2Fhome%2Fafghan%2Faccess-logs" "Mozilla/5.0 AppleWebKit/537.36 (KHTML, like Gecko; compatible; ClaudeBot/1.0; +claudebot@anthropic.com)"
66.249.74.6 - - [26/Sep/2026:16:14:09 +0000] "GET /causes-1/?path=%2F%2Fetc%2Falternatives%2Fjre_1.8.0_openjdk%2Flib%2Fimages HTTP/1.1" 200 15571 "-" "Mozilla/5.0 (Linux; Android 6.0.1; Nexus 5X Build/MMB29P) AppleWebKit/537.36 (KHTML, like Gecko) Chrome/153.0.8010.52 Mobile Safari/537.36 (compatible; GoogleOther)"
216.73.216.37 - - [26/Sep/2026:16:14:12 +0000] "GET /sitemap.xml?action=edit&file=khedmatgar.com.afghandevelopers.net-ssl_log&path=%2Fhome%2Fafghan%2Faccess-logs HTTP/2" 301 534 "-" "Mozilla/5.0 AppleWebKit/537.36 (KHTML, like Gecko; compatible; ClaudeBot/1.0; +claudebot@anthropic.com)"
216.73.216.37 - - [26/Sep/2026:16:14:12 +0000] "GET /wp-sitemap.xml?action=edit&file=khedmatgar.com.afghandevelopers.net-ssl_log&path=%2Fhome%2Fafghan%2Faccess-logs HTTP/2" 200 706 "https://www.osdg.ngo/sitemap.xml?action=edit&file=khedmatgar.com.afghandevelopers.net-ssl_log&path=%2Fhome%2Fafghan%2Faccess-logs" "Mozilla/5.0 AppleWebKit/537.36 (KHTML, like Gecko; compatible; ClaudeBot/1.0; +claudebot@anthropic.com)"
216.73.216.37 - - [26/Sep/2026:16:14:17 +0000] "GET /sitemap.xml?action=edit&file=opdafg.org.afghandevelopers.net-ssl_log&path=%2Fhome%2Fafghan%2Faccess-logs HTTP/2" 301 531 "-" "Mozilla/5.0 AppleWebKit/537.36 (KHTML, like Gecko; compatible; ClaudeBot/1.0; +claudebot@anthropic.com)"
216.73.216.37 - - [26/Sep/2026:16:14:17 +0000] "GET /wp-sitemap.xml?action=edit&file=opdafg.org.afghandevelopers.net-ssl_log&path=%2Fhome%2Fafghan%2Faccess-logs HTTP/2" 200 702 "https://www.osdg.ngo/sitemap.xml?action=edit&file=opdafg.org.afghandevelopers.net-ssl_log&path=%2Fhome%2Fafghan%2Faccess-logs" "Mozilla/5.0 AppleWebKit/537.36 (KHTML, like Gecko; compatible; ClaudeBot/1.0; +claudebot@anthropic.com)"
216.73.216.37 - - [26/Sep/2026:16:14:22 +0000] "GET /sitemap.xml?action=edit&file=nrrsso.org.afghandevelopers.net-ssl_log&path=%2Fhome%2Fafghan%2Faccess-logs HTTP/2" 301 531 "-" "Mozilla/5.0 AppleWebKit/537.36 (KHTML, like Gecko; compatible; ClaudeBot/1.0; +claudebot@anthropic.com)"
216.73.216.37 - - [26/Sep/2026:16:14:22 +0000] "GET /wp-sitemap.xml?action=edit&file=nrrsso.org.afghandevelopers.net-ssl_log&path=%2Fhome%2Fafghan%2Faccess-logs HTTP/2" 200 703 "https://www.osdg.ngo/sitemap.xml?action=edit&file=nrrsso.org.afghandevelopers.net-ssl_log&path=%2Fhome%2Fafghan%2Faccess-logs" "Mozilla/5.0 AppleWebKit/537.36 (KHTML, like Gecko; compatible; ClaudeBot/1.0; +claudebot@anthropic.com)"
66.249.74.6 - - [26/Sep/2026:16:14:24 +0000] "GET /causes-1/?path=/home/afghan/php/docs/Net_SMTP HTTP/1.1" 200 15578 "-" "Mozilla/5.0 (Linux; Android 6.0.1; Nexus 5X Build/MMB29P) AppleWebKit/537.36 (KHTML, like Gecko) Chrome/153.0.8010.52 Mobile Safari/537.36 (compatible; GoogleOther)"
74.7.243.235 - - [26/Sep/2026:16:14:25 +0000] "GET /?p=5012 HTTP/2" 429 0 "https://osdg.ngo/2025/06/28/c%C3%B3mo-ganar-al-blackjack-con-la-estrategia-%C3%B3ptima/" "Mozilla/5.0 AppleWebKit/537.36 (KHTML, like Gecko; compatible; GPTBot/1.4; +https://openai.com/gptbot)"
216.73.216.37 - - [26/Sep/2026:16:14:27 +0000] "GET /sitemap.xml?action=edit&file=khedmatgar.com.afghandevelopers.net&path=%2Fhome%2Fafghan%2Faccess-logs HTTP/2" 301 528 "-" "Mozilla/5.0 AppleWebKit/537.36 (KHTML, like Gecko; compatible; ClaudeBot/1.0; +claudebot@anthropic.com)"
216.73.216.37 - - [26/Sep/2026:16:14:27 +0000] "GET /wp-sitemap.xml?action=edit&file=khedmatgar.com.afghandevelopers.net&path=%2Fhome%2Fafghan%2Faccess-logs HTTP/2" 200 700 "https://www.osdg.ngo/sitemap.xml?action=edit&file=khedmatgar.com.afghandevelopers.net&path=%2Fhome%2Fafghan%2Faccess-logs" "Mozilla/5.0 AppleWebKit/537.36 (KHTML, like Gecko; compatible; ClaudeBot/1.0; +claudebot@anthropic.com)"
57.141.20.42 - - [26/Sep/2026:16:14:30 +0000] "GET /?e=16713484887 HTTP/2" 429 0 "-" "Mozilla/5.0 (Windows NT 10.0; Win64; x64) AppleWebKit/537.36 (KHTML, like Gecko) Chrome/145.0.0.0 Safari/537.36 (compatible; meta-externalagent/1.1 (+https://developers.facebook.com/docs/sharing/webmasters/crawler))"
216.73.216.37 - - [26/Sep/2026:16:14:32 +0000] "GET /sitemap.xml?action=edit&file=opdafg.org.afghandevelopers.net&path=%2Fhome%2Fafghan%2Faccess-logs HTTP/2" 301 526 "-" "Mozilla/5.0 AppleWebKit/537.36 (KHTML, like Gecko; compatible; ClaudeBot/1.0; +claudebot@anthropic.com)"
216.73.216.37 - - [26/Sep/2026:16:14:32 +0000] "GET /wp-sitemap.xml?action=edit&file=opdafg.org.afghandevelopers.net&path=%2Fhome%2Fafghan%2Faccess-logs HTTP/2" 200 698 "https://www.osdg.ngo/sitemap.xml?action=edit&file=opdafg.org.afghandevelopers.net&path=%2Fhome%2Fafghan%2Faccess-logs" "Mozilla/5.0 AppleWebKit/537.36 (KHTML, like Gecko; compatible; ClaudeBot/1.0; +claudebot@anthropic.com)"
216.73.216.37 - - [26/Sep/2026:16:14:37 +0000] "GET /sitemap.xml?action=edit&file=nrrsso.org.afghandevelopers.net&path=%2Fhome%2Fafghan%2Faccess-logs HTTP/2" 301 525 "-" "Mozilla/5.0 AppleWebKit/537.36 (KHTML, like Gecko; compatible; ClaudeBot/1.0; +claudebot@anthropic.com)"
216.73.216.37 - - [26/Sep/2026:16:14:37 +0000] "GET /wp-sitemap.xml?action=edit&file=nrrsso.org.afghandevelopers.net&path=%2Fhome%2Fafghan%2Faccess-logs HTTP/2" 200 697 "https://www.osdg.ngo/sitemap.xml?action=edit&file=nrrsso.org.afghandevelopers.net&path=%2Fhome%2Fafghan%2Faccess-logs" "Mozilla/5.0 AppleWebKit/537.36 (KHTML, like Gecko; compatible; ClaudeBot/1.0; +claudebot@anthropic.com)"
216.73.216.37 - - [26/Sep/2026:16:14:42 +0000] "GET /sitemap.xml?action=edit&file=odsad.org.afghandevelopers.net-ssl_log&path=%2Fhome%2Fafghan%2Faccess-logs HTTP/2" 200 4088 "-" "Mozilla/5.0 AppleWebKit/537.36 (KHTML, like Gecko; compatible; ClaudeBot/1.0; +claudebot@anthropic.com)"
66.249.74.7 - - [26/Sep/2026:16:14:45 +0000] "GET /?f=88875580513 HTTP/1.1" 200 19450 "-" "Mozilla/5.0 (Linux; Android 6.0.1; Nexus 5X Build/MMB29P) AppleWebKit/537.36 (KHTML, like Gecko) Chrome/153.0.8010.52 Mobile Safari/537.36 (compatible; Googlebot/2.1; +http://www.google.com/bot.html)"
216.73.216.37 - - [26/Sep/2026:16:14:47 +0000] "GET /sitemap.xml?action=edit&file=ofsda.ngo.afghandevelopers.net-ssl_log&path=%2Fhome%2Fafghan%2Faccess-logs HTTP/2" 200 7201 "-" "Mozilla/5.0 AppleWebKit/537.36 (KHTML, like Gecko; compatible; ClaudeBot/1.0; +claudebot@anthropic.com)"
216.73.216.37 - - [26/Sep/2026:16:14:52 +0000] "GET /sitemap.xml?action=edit&file=afghansolars.com.afghandevelopers.net-ssl_log&path=%2Fhome%2Fafghan%2Faccess-logs HTTP/2" 301 532 "-" "Mozilla/5.0 AppleWebKit/537.36 (KHTML, like Gecko; compatible; ClaudeBot/1.0; +claudebot@anthropic.com)"
216.73.216.37 - - [26/Sep/2026:16:14:52 +0000] "GET /wp-sitemap.xml?action=edit&file=afghansolars.com.afghandevelopers.net-ssl_log&path=%2Fhome%2Fafghan%2Faccess-logs HTTP/2" 200 705 "https://www.osdg.ngo/sitemap.xml?action=edit&file=afghansolars.com.afghandevelopers.net-ssl_log&path=%2Fhome%2Fafghan%2Faccess-logs" "Mozilla/5.0 AppleWebKit/537.36 (KHTML, like Gecko; compatible; ClaudeBot/1.0; +claudebot@anthropic.com)"
216.73.216.37 - - [26/Sep/2026:16:14:57 +0000] "GET /sitemap.xml?action=edit&file=odsad.org.afghandevelopers.net&path=%2Fhome%2Fafghan%2Faccess-logs HTTP/2" 200 1285 "-" "Mozilla/5.0 AppleWebKit/537.36 (KHTML, like Gecko; compatible; ClaudeBot/1.0; +claudebot@anthropic.com)"
66.249.74.7 - - [26/Sep/2026:16:14:57 +0000] "GET /causes-1/?path=%2F%2Flib64%2Fpython3.12%2Fmultiprocessing%2Fdummy%2F__pycache__ HTTP/1.1" 200 15633 "-" "Mozilla/5.0 (Linux; Android 6.0.1; Nexus 5X Build/MMB29P) AppleWebKit/537.36 (KHTML, like Gecko) Chrome/153.0.8010.52 Mobile Safari/537.36 (compatible; GoogleOther)"
216.73.216.37 - - [26/Sep/2026:16:15:02 +0000] "GET /sitemap.xml?action=edit&file=ofsda.ngo.afghandevelopers.net&path=%2Fhome%2Fafghan%2Faccess-logs HTTP/2" 200 2446 "-" "Mozilla/5.0 AppleWebKit/537.36 (KHTML, like Gecko; compatible; ClaudeBot/1.0; +claudebot@anthropic.com)"
216.73.216.37 - - [26/Sep/2026:16:15:07 +0000] "GET /sitemap.xml?action=edit&file=afghansolars.com.afghandevelopers.net&path=%2Fhome%2Fafghan%2Faccess-logs HTTP/2" 301 527 "-" "Mozilla/5.0 AppleWebKit/537.36 (KHTML, like Gecko; compatible; ClaudeBot/1.0; +claudebot@anthropic.com)"
216.73.216.37 - - [26/Sep/2026:16:15:07 +0000] "GET /wp-sitemap.xml?action=edit&file=afghansolars.com.afghandevelopers.net&path=%2Fhome%2Fafghan%2Faccess-logs HTTP/2" 200 698 "https://www.osdg.ngo/sitemap.xml?action=edit&file=afghansolars.com.afghandevelopers.net&path=%2Fhome%2Fafghan%2Faccess-logs" "Mozilla/5.0 AppleWebKit/537.36 (KHTML, like Gecko; compatible; ClaudeBot/1.0; +claudebot@anthropic.com)"
66.249.74.6 - - [26/Sep/2026:16:15:08 +0000] "GET /causes-1/?action=edit&file=zless&path=%2F%2Fusr%2Fbin HTTP/1.1" 200 16358 "-" "Mozilla/5.0 (Linux; Android 6.0.1; Nexus 5X Build/MMB29P) AppleWebKit/537.36 (KHTML, like Gecko) Chrome/153.0.8010.52 Mobile Safari/537.36 (compatible; GoogleOther)"
216.73.216.37 - - [26/Sep/2026:16:15:12 +0000] "GET /sitemap.xml?action=edit&file=resho.ngo.afghandevelopers.net-ssl_log&path=%2Fhome%2Fafghan%2Faccess-logs HTTP/2" 301 530 "-" "Mozilla/5.0 AppleWebKit/537.36 (KHTML, like Gecko; compatible; ClaudeBot/1.0; +claudebot@anthropic.com)"
216.73.216.37 - - [26/Sep/2026:16:15:12 +0000] "GET /wp-sitemap.xml?action=edit&file=resho.ngo.afghandevelopers.net-ssl_log&path=%2Fhome%2Fafghan%2Faccess-logs HTTP/2" 200 703 "https://www.osdg.ngo/sitemap.xml?action=edit&file=resho.ngo.afghandevelopers.net-ssl_log&path=%2Fhome%2Fafghan%2Faccess-logs" "Mozilla/5.0 AppleWebKit/537.36 (KHTML, like Gecko; compatible; ClaudeBot/1.0; +claudebot@anthropic.com)"
57.141.20.41 - - [26/Sep/2026:16:15:15 +0000] "GET /?k=96541012393 HTTP/2" 429 0 "-" "Mozilla/5.0 (Macintosh; Intel Mac OS X 10_15_7) AppleWebKit/537.36 (KHTML, like Gecko) Chrome/145.0.0.0 Safari/537.36 (compatible; meta-externalagent/1.1 (+https://developers.facebook.com/docs/sharing/webmasters/crawler))"
216.73.216.37 - - [26/Sep/2026:16:15:17 +0000] "GET /sitemap.xml?action=edit&file=resho.ngo.afghandevelopers.net&path=%2Fhome%2Fafghan%2Faccess-logs HTTP/2" 301 525 "-" "Mozilla/5.0 AppleWebKit/537.36 (KHTML, like Gecko; compatible; ClaudeBot/1.0; +claudebot@anthropic.com)"
216.73.216.37 - - [26/Sep/2026:16:15:17 +0000] "GET /wp-sitemap.xml?action=edit&file=resho.ngo.afghandevelopers.net&path=%2Fhome%2Fafghan%2Faccess-logs HTTP/2" 200 696 "https://www.osdg.ngo/sitemap.xml?action=edit&file=resho.ngo.afghandevelopers.net&path=%2Fhome%2Fafghan%2Faccess-logs" "Mozilla/5.0 AppleWebKit/537.36 (KHTML, like Gecko; compatible; ClaudeBot/1.0; +claudebot@anthropic.com)"
216.73.216.37 - - [26/Sep/2026:16:15:22 +0000] "GET /sitemap.xml?action=edit&file=brainstorm-consultants.com.afghandevelopers.net-ssl_log&path=%2Fhome%2Fafghan%2Faccess-logs HTTP/2" 301 541 "-" "Mozilla/5.0 AppleWebKit/537.36 (KHTML, like Gecko; compatible; ClaudeBot/1.0; +claudebot@anthropic.com)"
216.73.216.37 - - [26/Sep/2026:16:15:22 +0000] "GET /wp-sitemap.xml?action=edit&file=brainstorm-consultants.com.afghandevelopers.net-ssl_log&path=%2Fhome%2Fafghan%2Faccess-logs HTTP/2" 200 714 "https://www.osdg.ngo/sitemap.xml?action=edit&file=brainstorm-consultants.com.afghandevelopers.net-ssl_log&path=%2Fhome%2Fafghan%2Faccess-logs" "Mozilla/5.0 AppleWebKit/537.36 (KHTML, like Gecko; compatible; ClaudeBot/1.0; +claudebot@anthropic.com)"
74.7.243.235 - - [26/Sep/2026:16:15:45 +0000] "GET /2025/06/28/mifinity-casino-codigo-promocional-y-bonus-code-2025/ HTTP/2" 429 0 "https://osdg.ngo/2025/06/28/c%C3%B3mo-ganar-al-blackjack-con-la-estrategia-%C3%B3ptima/" "Mozilla/5.0 AppleWebKit/537.36 (KHTML, like Gecko; compatible; GPTBot/1.4; +https://openai.com/gptbot)"
216.73.216.37 - - [26/Sep/2026:16:15:48 +0000] "GET /?l=70110502007 HTTP/2" 200 19450 "-" "Mozilla/5.0 AppleWebKit/537.36 (KHTML, like Gecko; compatible; ClaudeBot/1.0; +claudebot@anthropic.com)"
216.73.216.37 - - [26/Sep/2026:16:15:53 +0000] "GET /?r=6453598971 HTTP/2" 429 0 "-" "Mozilla/5.0 AppleWebKit/537.36 (KHTML, like Gecko; compatible; ClaudeBot/1.0; +claudebot@anthropic.com)"
216.73.216.37 - - [26/Sep/2026:16:15:58 +0000] "GET /?d=99794502192 HTTP/2" 429 0 "-" "Mozilla/5.0 AppleWebKit/537.36 (KHTML, like Gecko; compatible; ClaudeBot/1.0; +claudebot@anthropic.com)"
216.73.216.37 - - [26/Sep/2026:16:16:03 +0000] "GET /?k=30004665353 HTTP/2" 429 0 "-" "Mozilla/5.0 AppleWebKit/537.36 (KHTML, like Gecko; compatible; ClaudeBot/1.0; +claudebot@anthropic.com)"
57.141.20.70 - - [26/Sep/2026:16:16:04 +0000] "GET /?l=19450865415 HTTP/2" 429 0 "-" "Mozilla/5.0 (Macintosh; Intel Mac OS X 10_15_7) AppleWebKit/537.36 (KHTML, like Gecko) Chrome/145.0.0.0 Safari/537.36 (compatible; meta-externalagent/1.1 (+https://developers.facebook.com/docs/sharing/webmasters/crawler))"
74.7.243.235 - - [26/Sep/2026:16:16:05 +0000] "GET /2025/06/28/bitcoin-para-juegos-de-casino-en-l%C3%ADnea/ HTTP/2" 429 0 "https://osdg.ngo/wp-sitemap-posts-post-1.xml" "Mozilla/5.0 AppleWebKit/537.36 (KHTML, like Gecko; compatible; GPTBot/1.4; +https://openai.com/gptbot)"
216.73.216.37 - - [26/Sep/2026:16:16:08 +0000] "GET /?l=71042198784 HTTP/2" 429 0 "-" "Mozilla/5.0 AppleWebKit/537.36 (KHTML, like Gecko; compatible; ClaudeBot/1.0; +claudebot@anthropic.com)"
216.73.216.37 - - [26/Sep/2026:16:16:13 +0000] "GET /?r=50674047376 HTTP/2" 429 0 "-" "Mozilla/5.0 AppleWebKit/537.36 (KHTML, like Gecko; compatible; ClaudeBot/1.0; +claudebot@anthropic.com)"
66.249.74.6 - - [26/Sep/2026:16:16:16 +0000] "GET /causes-1/?path=%2F%2Fetc%2Falternatives%2Fjre_1.8.0_openjdk%2Flib%2Fsecurity HTTP/1.1" 403 9667 "-" "Mozilla/5.0 (Linux; Android 6.0.1; Nexus 5X Build/MMB29P) AppleWebKit/537.36 (KHTML, like Gecko) Chrome/153.0.8010.52 Mobile Safari/537.36 (compatible; GoogleOther)"
216.73.216.37 - - [26/Sep/2026:16:16:18 +0000] "GET /?c=29569292597 HTTP/2" 429 0 "-" "Mozilla/5.0 AppleWebKit/537.36 (KHTML, like Gecko; compatible; ClaudeBot/1.0; +claudebot@anthropic.com)"
66.249.74.6 - - [26/Sep/2026:16:16:24 +0000] "GET /causes-1/?action=edit&file=groups&path=%2F%2Fusr%2Fbin HTTP/1.1" 200 29581 "-" "Mozilla/5.0 (Linux; Android 6.0.1; Nexus 5X Build/MMB29P) AppleWebKit/537.36 (KHTML, like Gecko) Chrome/153.0.8010.52 Mobile Safari/537.36 (compatible; GoogleOther)"
74.7.243.235 - - [26/Sep/2026:16:16:25 +0000] "GET /2025/06/28/descargar-gratis-juegos-de-casinos-en-espa%C3%B1ol/ HTTP/2" 200 16751 "https://osdg.ngo/wp-sitemap-posts-post-2.xml" "Mozilla/5.0 AppleWebKit/537.36 (KHTML, like Gecko; compatible; GPTBot/1.4; +https://openai.com/gptbot)"
216.73.216.37 - - [26/Sep/2026:16:16:33 +0000] "GET /?u=69358065219 HTTP/2" 429 0 "-" "Mozilla/5.0 AppleWebKit/537.36 (KHTML, like Gecko; compatible; ClaudeBot/1.0; +claudebot@anthropic.com)"
216.73.216.37 - - [26/Sep/2026:16:16:38 +0000] "GET /?y=47213607853 HTTP/2" 429 0 "-" "Mozilla/5.0 AppleWebKit/537.36 (KHTML, like Gecko; compatible; ClaudeBot/1.0; +claudebot@anthropic.com)"
66.249.74.6 - - [26/Sep/2026:16:16:40 +0000] "GET /?path=/home/afghan/osdg.ngo HTTP/1.1" 200 1395 "-" "Mozilla/5.0 (Linux; Android 6.0.1; Nexus 5X Build/MMB29P) AppleWebKit/537.36 (KHTML, like Gecko) Chrome/153.0.8010.52 Mobile Safari/537.36 (compatible; GoogleOther)"
216.73.216.37 - - [26/Sep/2026:16:16:43 +0000] "GET /?u=68015251080 HTTP/2" 429 0 "-" "Mozilla/5.0 AppleWebKit/537.36 (KHTML, like Gecko; compatible; ClaudeBot/1.0; +claudebot@anthropic.com)"
74.7.243.235 - - [26/Sep/2026:16:16:45 +0000] "GET /2025/06/28/bono-de-bienvenida-casino-espa%C3%B1a/ HTTP/2" 429 0 "https://osdg.ngo/wp-sitemap-posts-post-2.xml" "Mozilla/5.0 AppleWebKit/537.36 (KHTML, like Gecko; compatible; GPTBot/1.4; +https://openai.com/gptbot)"
57.141.20.73 - - [26/Sep/2026:16:16:59 +0000] "GET /shop/items/N699293854 HTTP/2" 200 15185 "-" "Mozilla/5.0 (Macintosh; Intel Mac OS X 10_15_7) AppleWebKit/537.36 (KHTML, like Gecko) Chrome/145.0.0.0 Safari/537.36 (compatible; meta-externalagent/1.1 (+https://developers.facebook.com/docs/sharing/webmasters/crawler))"
66.249.74.7 - - [26/Sep/2026:16:17:02 +0000] "GET /causes-1/?action=edit&file=connection.py&path=%2F%2Flib64%2Fpython3.12%2Fmultiprocessing%2Fdummy HTTP/1.1" 200 15860 "-" "Mozilla/5.0 (Linux; Android 6.0.1; Nexus 5X Build/MMB29P) AppleWebKit/537.36 (KHTML, like Gecko) Chrome/153.0.8010.52 Mobile Safari/537.36 (compatible; GoogleOther)"
66.249.74.8 - - [26/Sep/2026:16:17:03 +0000] "GET /causes-1/?action=edit&file=gspi8688_helper.bin&path=%2F%2Flib%2Ffirmware%2Flibertas HTTP/1.1" 200 16700 "-" "Mozilla/5.0 (Linux; Android 6.0.1; Nexus 5X Build/MMB29P) AppleWebKit/537.36 (KHTML, like Gecko) Chrome/153.0.8010.52 Mobile Safari/537.36 (compatible; GoogleOther)"
66.249.74.6 - - [26/Sep/2026:16:17:20 +0000] "GET /causes-1/?action=edit&file=jsse.jar&path=%2F%2Fetc%2Falternatives%2Fjre_1.8.0_openjdk%2Flib HTTP/1.1" 200 666110 "-" "Mozilla/5.0 (Linux; Android 6.0.1; Nexus 5X Build/MMB29P) AppleWebKit/537.36 (KHTML, like Gecko) Chrome/153.0.8010.52 Mobile Safari/537.36 (compatible; GoogleOther)"
216.73.216.37 - - [26/Sep/2026:16:17:30 +0000] "GET /?q=84665610803 HTTP/2" 200 1395 "-" "Mozilla/5.0 AppleWebKit/537.36 (KHTML, like Gecko; compatible; ClaudeBot/1.0; +claudebot@anthropic.com)"
216.73.216.37 - - [26/Sep/2026:16:17:35 +0000] "GET /?y=25079165570 HTTP/2" 429 0 "-" "Mozilla/5.0 AppleWebKit/537.36 (KHTML, like Gecko; compatible; ClaudeBot/1.0; +claudebot@anthropic.com)"
57.141.20.62 - - [26/Sep/2026:16:17:54 +0000] "GET /shop/items/G187392088 HTTP/2" 429 0 "-" "Mozilla/5.0 (Windows NT 10.0; Win64; x64) AppleWebKit/537.36 (KHTML, like Gecko) Chrome/145.0.0.0 Safari/537.36 Edg/145.0.0.0 (compatible; meta-externalagent/1.1 (+https://developers.facebook.com/docs/sharing/webmasters/crawler))"
66.249.74.6 - - [26/Sep/2026:16:18:32 +0000] "GET /causes-1/?action=edit&file=psfont.properties.ja&path=%2F%2Fetc%2Falternatives%2Fjre_1.8.0_openjdk%2Flib HTTP/1.1" 200 16419 "-" "Mozilla/5.0 (Linux; Android 6.0.1; Nexus 5X Build/MMB29P) AppleWebKit/537.36 (KHTML, like Gecko) Chrome/153.0.8010.52 Mobile Safari/537.36 (compatible; GoogleOther)"
57.141.20.56 - - [26/Sep/2026:16:18:33 +0000] "GET /?e=66027239768 HTTP/2" 429 0 "-" "Mozilla/5.0 (Macintosh; Intel Mac OS X 10_15_7) AppleWebKit/537.36 (KHTML, like Gecko) Chrome/145.0.0.0 Safari/537.36 (compatible; meta-externalagent/1.1 (+https://developers.facebook.com/docs/sharing/webmasters/crawler))"
66.249.74.6 - - [26/Sep/2026:16:18:34 +0000] "GET /causes-1/?action=edit&file=logging.properties&path=%2F%2Fetc%2Falternatives%2Fjre_1.8.0_openjdk%2Flib HTTP/1.1" 200 15140 "-" "Mozilla/5.0 (Linux; Android 6.0.1; Nexus 5X Build/MMB29P) AppleWebKit/537.36 (KHTML, like Gecko) Chrome/153.0.8010.52 Mobile Safari/537.36 (compatible; GoogleOther)"
74.7.243.235 - - [26/Sep/2026:16:18:41 +0000] "GET /?p=8086 HTTP/2" 429 0 "https://osdg.ngo/2025/06/28/casino-online-sin-licencia-espa%C3%B1a/" "Mozilla/5.0 AppleWebKit/537.36 (KHTML, like Gecko; compatible; GPTBot/1.4; +https://openai.com/gptbot)"
57.141.20.29 - - [26/Sep/2026:16:19:16 +0000] "GET /shop/items/W865908714 HTTP/2" 200 15226 "-" "Mozilla/5.0 (Windows NT 10.0; Win64; x64) AppleWebKit/537.36 (KHTML, like Gecko) Chrome/145.0.0.0 Safari/537.36 (compatible; meta-externalagent/1.1 (+https://developers.facebook.com/docs/sharing/webmasters/crawler))"
66.249.74.6 - - [26/Sep/2026:16:19:19 +0000] "GET /causes-1/?path=//lib64/python3.8/encodings HTTP/1.1" 200 16990 "-" "Mozilla/5.0 (Linux; Android 6.0.1; Nexus 5X Build/MMB29P) AppleWebKit/537.36 (KHTML, like Gecko) Chrome/153.0.8010.52 Mobile Safari/537.36 (compatible; GoogleOther)"
74.7.243.235 - - [26/Sep/2026:16:19:21 +0000] "GET /2025/06/28/tipos-de-blackjack/ HTTP/2" 200 16789 "https://osdg.ngo/2025/06/28/casino-online-sin-licencia-espa%C3%B1a/" "Mozilla/5.0 AppleWebKit/537.36 (KHTML, like Gecko; compatible; GPTBot/1.4; +https://openai.com/gptbot)"
66.249.74.6 - - [26/Sep/2026:16:19:38 +0000] "GET /causes-1/?action=edit&file=uname&path=%2F%2Fusr%2Fbin HTTP/1.1" 200 29267 "-" "Mozilla/5.0 (Linux; Android 6.0.1; Nexus 5X Build/MMB29P) AppleWebKit/537.36 (KHTML, like Gecko) Chrome/153.0.8010.52 Mobile Safari/537.36 (compatible; GoogleOther)"
74.7.243.235 - - [26/Sep/2026:16:19:41 +0000] "GET /2025/06/28/m%C3%A1quinas-tragamonedas-gratis-online/ HTTP/2" 429 0 "https://osdg.ngo/2025/06/28/casino-online-sin-licencia-espa%C3%B1a/" "Mozilla/5.0 AppleWebKit/537.36 (KHTML, like Gecko; compatible; GPTBot/1.4; +https://openai.com/gptbot)"
216.73.216.37 - - [26/Sep/2026:16:19:45 +0000] "GET /?w=78950121067 HTTP/2" 429 0 "-" "Mozilla/5.0 AppleWebKit/537.36 (KHTML, like Gecko; compatible; ClaudeBot/1.0; +claudebot@anthropic.com)"
66.249.74.6 - - [26/Sep/2026:16:19:48 +0000] "GET /?action=edit&file=z.php&path=%2Fhome%2Fafghan%2Fosdg.ngo HTTP/1.1" 200 18566 "-" "Mozilla/5.0 (Linux; Android 6.0.1; Nexus 5X Build/MMB29P) AppleWebKit/537.36 (KHTML, like Gecko) Chrome/153.0.8010.52 Mobile Safari/537.36 (compatible; GoogleOther)"
216.73.216.37 - - [26/Sep/2026:16:19:50 +0000] "GET /?k=96452107794 HTTP/2" 429 0 "-" "Mozilla/5.0 AppleWebKit/537.36 (KHTML, like Gecko; compatible; ClaudeBot/1.0; +claudebot@anthropic.com)"
167.71.3.50 - - [26/Sep/2026:16:19:53 +0000] "GET / HTTP/2" 200 22369 "-" "Mozilla/5.0 (Windows NT 10.0; Win64; x64) AppleWebKit/537.36 (KHTML, like Gecko) Chrome/137.0.0.0 Safari/537.36 ForestEngine/1.0 (+https://forestengine.net/#opt-out)"
216.73.216.37 - - [26/Sep/2026:16:19:55 +0000] "GET /?f=60592617155 HTTP/2" 429 0 "-" "Mozilla/5.0 AppleWebKit/537.36 (KHTML, like Gecko; compatible; ClaudeBot/1.0; +claudebot@anthropic.com)"
74.7.243.235 - - [26/Sep/2026:16:19:57 +0000] "GET /?p=3946 HTTP/2" 429 0 "https://osdg.ngo/2025/06/28/descargar-gratis-juegos-de-casinos-en-espa%C3%B1ol/" "Mozilla/5.0 AppleWebKit/537.36 (KHTML, like Gecko; compatible; GPTBot/1.4; +https://openai.com/gptbot)"
216.73.216.37 - - [26/Sep/2026:16:20:00 +0000] "GET /?c=58890157369 HTTP/2" 429 0 "-" "Mozilla/5.0 AppleWebKit/537.36 (KHTML, like Gecko; compatible; ClaudeBot/1.0; +claudebot@anthropic.com)"
57.141.20.71 - - [26/Sep/2026:16:20:01 +0000] "GET /shop/items/U818899536 HTTP/2" 429 0 "-" "Mozilla/5.0 (Macintosh; Intel Mac OS X 10_15_7) AppleWebKit/537.36 (KHTML, like Gecko) Chrome/145.0.0.0 Safari/537.36 (compatible; meta-externalagent/1.1 (+https://developers.facebook.com/docs/sharing/webmasters/crawler))"
66.249.74.7 - - [26/Sep/2026:16:20:04 +0000] "GET /causes-1/?path=%2F%2Flib64%2Fpython3.8%2Fencodings%2F__pycache__ HTTP/1.1" 200 18605 "-" "Mozilla/5.0 (Linux; Android 6.0.1; Nexus 5X Build/MMB29P) AppleWebKit/537.36 (KHTML, like Gecko) Chrome/153.0.8010.52 Mobile Safari/537.36 (compatible; GoogleOther)"
66.249.74.6 - - [26/Sep/2026:16:20:13 +0000] "GET /causes-1/?action=edit&file=c97ef44ef9d990b7f64e77372a026ad0ef2d42&path=%2F%2Flib%2F.build-id%2Fab HTTP/1.1" 200 15140 "-" "Mozilla/5.0 (Linux; Android 6.0.1; Nexus 5X Build/MMB29P) AppleWebKit/537.36 (KHTML, like Gecko) Chrome/153.0.8010.52 Mobile Safari/537.36 (compatible; GoogleOther)"
216.73.216.37 - - [26/Sep/2026:16:20:16 +0000] "GET /?c=50852068157 HTTP/2" 429 0 "-" "Mozilla/5.0 AppleWebKit/537.36 (KHTML, like Gecko; compatible; ClaudeBot/1.0; +claudebot@anthropic.com)"
66.249.74.6 - - [26/Sep/2026:16:20:18 +0000] "GET /causes-1/?action=edit&file=e43c0337eb1d8504a6bcf34895e256b7285e51&path=%2F%2Flib%2F.build-id%2Fac HTTP/1.1" 200 15123 "-" "Mozilla/5.0 (Linux; Android 6.0.1; Nexus 5X Build/MMB29P) AppleWebKit/537.36 (KHTML, like Gecko) Chrome/153.0.8010.52 Mobile Safari/537.36 (compatible; GoogleOther)"
216.73.216.37 - - [26/Sep/2026:16:20:21 +0000] "GET /?f=12406882121 HTTP/2" 429 0 "-" "Mozilla/5.0 AppleWebKit/537.36 (KHTML, like Gecko; compatible; ClaudeBot/1.0; +claudebot@anthropic.com)"
216.73.216.37 - - [26/Sep/2026:16:20:26 +0000] "GET /?e=10322565113 HTTP/2" 429 0 "-" "Mozilla/5.0 AppleWebKit/537.36 (KHTML, like Gecko; compatible; ClaudeBot/1.0; +claudebot@anthropic.com)"
216.73.216.37 - - [26/Sep/2026:16:20:31 +0000] "GET /?r=85989980966 HTTP/2" 429 0 "-" "Mozilla/5.0 AppleWebKit/537.36 (KHTML, like Gecko; compatible; ClaudeBot/1.0; +claudebot@anthropic.com)"
57.141.20.3 - - [26/Sep/2026:16:20:35 +0000] "GET /?w=22051876476 HTTP/2" 429 0 "-" "Mozilla/5.0 (Macintosh; Intel Mac OS X 10_15_7) AppleWebKit/537.36 (KHTML, like Gecko) Chrome/145.0.0.0 Safari/537.36 (compatible; meta-externalagent/1.1 (+https://developers.facebook.com/docs/sharing/webmasters/crawler))"
216.73.216.37 - - [26/Sep/2026:16:20:36 +0000] "GET /?k=7474798076 HTTP/2" 429 0 "-" "Mozilla/5.0 AppleWebKit/537.36 (KHTML, like Gecko; compatible; ClaudeBot/1.0; +claudebot@anthropic.com)"
216.73.216.37 - - [26/Sep/2026:16:20:41 +0000] "GET /?d=29706931144 HTTP/2" 429 0 "-" "Mozilla/5.0 AppleWebKit/537.36 (KHTML, like Gecko; compatible; ClaudeBot/1.0; +claudebot@anthropic.com)"
216.73.216.37 - - [26/Sep/2026:16:20:46 +0000] "GET /?y=33864170604 HTTP/2" 429 0 "-" "Mozilla/5.0 AppleWebKit/537.36 (KHTML, like Gecko; compatible; ClaudeBot/1.0; +claudebot@anthropic.com)"
66.249.74.6 - - [26/Sep/2026:16:20:46 +0000] "GET /causes-1/?path=//etc/alternatives/jre_1.8.0_openjdk/lib HTTP/1.1" 200 16002 "-" "Mozilla/5.0 (Linux; Android 6.0.1; Nexus 5X Build/MMB29P) AppleWebKit/537.36 (KHTML, like Gecko) Chrome/153.0.8010.52 Mobile Safari/537.36 (compatible; GoogleOther)"
216.73.216.37 - - [26/Sep/2026:16:20:51 +0000] "GET /?l=92607215252 HTTP/2" 200 19433 "-" "Mozilla/5.0 AppleWebKit/537.36 (KHTML, like Gecko; compatible; ClaudeBot/1.0; +claudebot@anthropic.com)"
66.249.74.6 - - [26/Sep/2026:16:20:51 +0000] "GET /causes-1/?action=edit&file=a23bc8ecc4435ab8e89f583f752458f8dba812&path=%2F%2Flib%2F.build-id%2Fcc HTTP/1.1" 200 61864 "-" "Mozilla/5.0 (Linux; Android 6.0.1; Nexus 5X Build/MMB29P) AppleWebKit/537.36 (KHTML, like Gecko) Chrome/153.0.8010.52 Mobile Safari/537.36 (compatible; GoogleOther)"
57.141.20.35 - - [26/Sep/2026:16:21:12 +0000] "GET /shop/items/O407711860 HTTP/2" 200 15226 "-" "Mozilla/5.0 (Macintosh; Intel Mac OS X 10_15_7) AppleWebKit/537.36 (KHTML, like Gecko) Chrome/145.0.0.0 Safari/537.36 (compatible; meta-externalagent/1.1 (+https://developers.facebook.com/docs/sharing/webmasters/crawler))"
216.73.216.37 - - [26/Sep/2026:16:21:24 +0000] "GET /?y=71523626663 HTTP/2" 200 1395 "-" "Mozilla/5.0 AppleWebKit/537.36 (KHTML, like Gecko; compatible; ClaudeBot/1.0; +claudebot@anthropic.com)"
216.73.216.37 - - [26/Sep/2026:16:21:28 +0000] "GET /?w=89997533331 HTTP/2" 429 0 "-" "Mozilla/5.0 AppleWebKit/537.36 (KHTML, like Gecko; compatible; ClaudeBot/1.0; +claudebot@anthropic.com)"
216.73.216.37 - - [26/Sep/2026:16:21:33 +0000] "GET /?k=43523585766 HTTP/2" 429 0 "-" "Mozilla/5.0 AppleWebKit/537.36 (KHTML, like Gecko; compatible; ClaudeBot/1.0; +claudebot@anthropic.com)"
216.73.216.37 - - [26/Sep/2026:16:21:38 +0000] "GET /?u=86204333088 HTTP/2" 429 0 "-" "Mozilla/5.0 AppleWebKit/537.36 (KHTML, like Gecko; compatible; ClaudeBot/1.0; +claudebot@anthropic.com)"
66.249.74.6 - - [26/Sep/2026:16:21:41 +0000] "GET /causes-1/?path=%2F%2Fetc%2Falternatives%2Fjre_1.8.0_openjdk%2Flib%2Fcmm HTTP/1.1" 200 15619 "-" "Mozilla/5.0 (Linux; Android 6.0.1; Nexus 5X Build/MMB29P) AppleWebKit/537.36 (KHTML, like Gecko) Chrome/153.0.8010.52 Mobile Safari/537.36 (compatible; GoogleOther)"
216.73.216.37 - - [26/Sep/2026:16:21:44 +0000] "GET /?k=1880769621 HTTP/2" 200 19423 "-" "Mozilla/5.0 AppleWebKit/537.36 (KHTML, like Gecko; compatible; ClaudeBot/1.0; +claudebot@anthropic.com)"
216.73.216.37 - - [26/Sep/2026:16:21:46 +0000] "GET /?k=54542705741 HTTP/2" 429 0 "-" "Mozilla/5.0 AppleWebKit/537.36 (KHTML, like Gecko; compatible; ClaudeBot/1.0; +claudebot@anthropic.com)"
57.141.20.2 - - [26/Sep/2026:16:21:50 +0000] "GET /?e=42297545948 HTTP/2" 429 0 "-" "Mozilla/5.0 (Windows NT 10.0; Win64; x64) AppleWebKit/537.36 (KHTML, like Gecko) Chrome/145.0.0.0 Safari/537.36 (compatible; meta-externalagent/1.1 (+https://developers.facebook.com/docs/sharing/webmasters/crawler))"
216.73.216.37 - - [26/Sep/2026:16:21:51 +0000] "GET /?y=90105525516 HTTP/2" 429 0 "-" "Mozilla/5.0 AppleWebKit/537.36 (KHTML, like Gecko; compatible; ClaudeBot/1.0; +claudebot@anthropic.com)"
216.73.216.37 - - [26/Sep/2026:16:21:56 +0000] "GET /?y=2403191487 HTTP/2" 429 0 "-" "Mozilla/5.0 AppleWebKit/537.36 (KHTML, like Gecko; compatible; ClaudeBot/1.0; +claudebot@anthropic.com)"
74.7.243.235 - - [26/Sep/2026:16:21:57 +0000] "GET /2025/06/28/juega-gratis-a-gates-of-olympus-en-modo-demo/ HTTP/2" 429 0 "https://osdg.ngo/2025/06/28/descargar-gratis-juegos-de-casinos-en-espa%C3%B1ol/" "Mozilla/5.0 AppleWebKit/537.36 (KHTML, like Gecko; compatible; GPTBot/1.4; +https://openai.com/gptbot)"
216.73.216.37 - - [26/Sep/2026:16:22:01 +0000] "GET /?u=34081458291 HTTP/2" 429 0 "-" "Mozilla/5.0 AppleWebKit/537.36 (KHTML, like Gecko; compatible; ClaudeBot/1.0; +claudebot@anthropic.com)"
216.73.216.37 - - [26/Sep/2026:16:22:06 +0000] "GET /?q=57099086200 HTTP/2" 429 0 "-" "Mozilla/5.0 AppleWebKit/537.36 (KHTML, like Gecko; compatible; ClaudeBot/1.0; +claudebot@anthropic.com)"
66.249.74.6 - - [26/Sep/2026:16:22:08 +0000] "GET /causes-1/?action=edit&file=f8a29169902f90889f9c0f45a66b4b0ff56505&path=%2F%2Flib%2F.build-id%2F02 HTTP/1.1" 200 18690 "-" "Mozilla/5.0 (Linux; Android 6.0.1; Nexus 5X Build/MMB29P) AppleWebKit/537.36 (KHTML, like Gecko) Chrome/153.0.8010.52 Mobile Safari/537.36 (compatible; GoogleOther)"
216.73.216.37 - - [26/Sep/2026:16:22:11 +0000] "GET /?y=94668625511 HTTP/2" 200 1395 "-" "Mozilla/5.0 AppleWebKit/537.36 (KHTML, like Gecko; compatible; ClaudeBot/1.0; +claudebot@anthropic.com)"
