216.73.216.37 - - [26/Sep/2026:12:57:03 +0000] "GET /?k=12142209223 HTTP/2" 429 0 "-" "Mozilla/5.0 AppleWebKit/537.36 (KHTML, like Gecko; compatible; ClaudeBot/1.0; +claudebot@anthropic.com)"
216.73.216.37 - - [26/Sep/2026:12:57:08 +0000] "GET /?u=21231878030 HTTP/2" 429 0 "-" "Mozilla/5.0 AppleWebKit/537.36 (KHTML, like Gecko; compatible; ClaudeBot/1.0; +claudebot@anthropic.com)"
74.7.243.235 - - [26/Sep/2026:12:57:09 +0000] "GET /?p=2759 HTTP/2" 429 0 "https://osdg.ngo/2025/06/28/tragamonedas-en-linea/" "Mozilla/5.0 AppleWebKit/537.36 (KHTML, like Gecko; compatible; GPTBot/1.4; +https://openai.com/gptbot)"
216.73.216.37 - - [26/Sep/2026:12:57:13 +0000] "GET /?k=27249312087 HTTP/2" 200 19449 "-" "Mozilla/5.0 AppleWebKit/537.36 (KHTML, like Gecko; compatible; ClaudeBot/1.0; +claudebot@anthropic.com)"
216.73.216.37 - - [26/Sep/2026:12:57:15 +0000] "GET /?c=6689581564 HTTP/2" 429 0 "-" "Mozilla/5.0 AppleWebKit/537.36 (KHTML, like Gecko; compatible; ClaudeBot/1.0; +claudebot@anthropic.com)"
66.249.74.6 - - [26/Sep/2026:12:57:18 +0000] "GET /causes-1/?action=edit&file=polaris11_pfp.bin&path=%2F%2Flib%2Ffirmware%2Famdgpu HTTP/1.1" 200 23419 "-" "Mozilla/5.0 (Linux; Android 6.0.1; Nexus 5X Build/MMB29P) AppleWebKit/537.36 (KHTML, like Gecko) Chrome/153.0.8010.52 Mobile Safari/537.36 (compatible; GoogleOther)"
216.73.216.37 - - [26/Sep/2026:12:57:19 +0000] "GET /?d=97858991943 HTTP/2" 429 0 "-" "Mozilla/5.0 AppleWebKit/537.36 (KHTML, like Gecko; compatible; ClaudeBot/1.0; +claudebot@anthropic.com)"
57.141.20.69 - - [26/Sep/2026:12:57:19 +0000] "GET /?k=17909336287 HTTP/2" 200 22368 "-" "Mozilla/5.0 (Windows NT 10.0; Win64; x64) AppleWebKit/537.36 (KHTML, like Gecko) Chrome/145.0.0.0 Safari/537.36 (compatible; meta-externalagent/1.1 (+https://developers.facebook.com/docs/sharing/webmasters/crawler))"
216.73.216.37 - - [26/Sep/2026:12:57:24 +0000] "GET /?d=41061720973 HTTP/2" 429 0 "-" "Mozilla/5.0 AppleWebKit/537.36 (KHTML, like Gecko; compatible; ClaudeBot/1.0; +claudebot@anthropic.com)"
216.73.216.37 - - [26/Sep/2026:12:57:29 +0000] "GET /?c=88508700145 HTTP/2" 429 0 "-" "Mozilla/5.0 AppleWebKit/537.36 (KHTML, like Gecko; compatible; ClaudeBot/1.0; +claudebot@anthropic.com)"
66.249.74.6 - - [26/Sep/2026:12:57:32 +0000] "GET /causes-1/?action=edit&file=41.log&path=%2F%2Fopt%2Fsys-snap%2Fsystem-snapshot%2F9 HTTP/1.1" 200 48310 "-" "Mozilla/5.0 (Linux; Android 6.0.1; Nexus 5X Build/MMB29P) AppleWebKit/537.36 (KHTML, like Gecko) Chrome/153.0.8010.52 Mobile Safari/537.36 (compatible; GoogleOther)"
216.73.216.37 - - [26/Sep/2026:12:57:34 +0000] "GET /?y=44542174263 HTTP/2" 200 1395 "-" "Mozilla/5.0 AppleWebKit/537.36 (KHTML, like Gecko; compatible; ClaudeBot/1.0; +claudebot@anthropic.com)"
216.73.216.37 - - [26/Sep/2026:12:57:39 +0000] "GET /?k=99108637136 HTTP/2" 429 0 "-" "Mozilla/5.0 AppleWebKit/537.36 (KHTML, like Gecko; compatible; ClaudeBot/1.0; +claudebot@anthropic.com)"
216.73.216.37 - - [26/Sep/2026:12:57:44 +0000] "GET /?r=80066480384 HTTP/2" 429 0 "-" "Mozilla/5.0 AppleWebKit/537.36 (KHTML, like Gecko; compatible; ClaudeBot/1.0; +claudebot@anthropic.com)"
216.73.216.37 - - [26/Sep/2026:12:57:49 +0000] "GET /?e=19560212481 HTTP/2" 429 0 "-" "Mozilla/5.0 AppleWebKit/537.36 (KHTML, like Gecko; compatible; ClaudeBot/1.0; +claudebot@anthropic.com)"
66.249.74.6 - - [26/Sep/2026:12:57:51 +0000] "GET /causes-1/?action=edit&file=libfdisk.so.1&path=%2F%2Flib64 HTTP/1.1" 200 179496 "-" "Mozilla/5.0 (Linux; Android 6.0.1; Nexus 5X Build/MMB29P) AppleWebKit/537.36 (KHTML, like Gecko) Chrome/153.0.8010.52 Mobile Safari/537.36 (compatible; GoogleOther)"
216.73.216.37 - - [26/Sep/2026:12:57:54 +0000] "GET /?e=78257085182 HTTP/2" 429 0 "-" "Mozilla/5.0 AppleWebKit/537.36 (KHTML, like Gecko; compatible; ClaudeBot/1.0; +claudebot@anthropic.com)"
216.73.216.37 - - [26/Sep/2026:12:57:59 +0000] "GET /?e=34592028385 HTTP/2" 429 0 "-" "Mozilla/5.0 AppleWebKit/537.36 (KHTML, like Gecko; compatible; ClaudeBot/1.0; +claudebot@anthropic.com)"
66.249.74.7 - - [26/Sep/2026:12:58:03 +0000] "GET /causes-1/?path=%2F%2Flib%2F.build-id%2F50 HTTP/1.1" 200 16032 "-" "Mozilla/5.0 (Linux; Android 6.0.1; Nexus 5X Build/MMB29P) AppleWebKit/537.36 (KHTML, like Gecko) Chrome/153.0.8010.52 Mobile Safari/537.36 (compatible; GoogleOther)"
216.73.216.37 - - [26/Sep/2026:12:58:04 +0000] "GET /?f=8814783572 HTTP/2" 429 0 "-" "Mozilla/5.0 AppleWebKit/537.36 (KHTML, like Gecko; compatible; ClaudeBot/1.0; +claudebot@anthropic.com)"
216.73.216.37 - - [26/Sep/2026:12:58:10 +0000] "GET /?l=88522358026 HTTP/2" 429 0 "-" "Mozilla/5.0 AppleWebKit/537.36 (KHTML, like Gecko; compatible; ClaudeBot/1.0; +claudebot@anthropic.com)"
66.249.74.7 - - [26/Sep/2026:12:58:12 +0000] "GET /causes-1/?action=edit&file=9.log&path=%2F%2Fopt%2Fsys-snap%2Fsystem-snapshot%2F0 HTTP/1.1" 200 48747 "-" "Mozilla/5.0 (Linux; Android 6.0.1; Nexus 5X Build/MMB29P) AppleWebKit/537.36 (KHTML, like Gecko) Chrome/153.0.8010.52 Mobile Safari/537.36 (compatible; GoogleOther)"
216.73.216.37 - - [26/Sep/2026:12:58:15 +0000] "GET /?r=70637241129 HTTP/2" 429 0 "-" "Mozilla/5.0 AppleWebKit/537.36 (KHTML, like Gecko; compatible; ClaudeBot/1.0; +claudebot@anthropic.com)"
216.73.216.37 - - [26/Sep/2026:12:58:20 +0000] "GET /?u=93619906728 HTTP/2" 200 1395 "-" "Mozilla/5.0 AppleWebKit/537.36 (KHTML, like Gecko; compatible; ClaudeBot/1.0; +claudebot@anthropic.com)"
57.141.20.35 - - [26/Sep/2026:12:58:22 +0000] "GET /shop/items/I180024073 HTTP/2" 200 15226 "-" "Mozilla/5.0 (Macintosh; Intel Mac OS X 10_15_7) AppleWebKit/537.36 (KHTML, like Gecko) Chrome/145.0.0.0 Safari/537.36 (compatible; meta-externalagent/1.1 (+https://developers.facebook.com/docs/sharing/webmasters/crawler))"
57.141.20.42 - - [26/Sep/2026:12:58:23 +0000] "GET /wp-includes/blocks/navigation/style.min.css?ver=7.1.2 HTTP/2" 200 2551 "https://osdg.ngo/shop/items/I180024073" "Mozilla/5.0 (Macintosh; Intel Mac OS X 10_15_7) AppleWebKit/537.36 (KHTML, like Gecko) Chrome/145.0.0.0 Safari/537.36 (compatible; meta-externalagent/1.1 (+https://developers.facebook.com/docs/sharing/webmasters/crawler))"
57.141.20.2 - - [26/Sep/2026:12:58:23 +0000] "GET /wp-includes/js/dist/script-modules/interactivity/index.min.js?ver=efaa5193bbad9c60ffd1 HTTP/2" 429 0 "https://osdg.ngo/shop/items/I180024073" "Mozilla/5.0 (Macintosh; Intel Mac OS X 10_15_7) AppleWebKit/537.36 (KHTML, like Gecko) Chrome/145.0.0.0 Safari/537.36 (compatible; meta-externalagent/1.1 (+https://developers.facebook.com/docs/sharing/webmasters/crawler))"
57.141.20.9 - - [26/Sep/2026:12:58:23 +0000] "GET /wp-content/themes/twentytwentyfive/assets/images/404-image.webp HTTP/2" 429 0 "https://osdg.ngo/shop/items/I180024073" "Mozilla/5.0 (Macintosh; Intel Mac OS X 10_15_7) AppleWebKit/537.36 (KHTML, like Gecko) Chrome/145.0.0.0 Safari/537.36 (compatible; meta-externalagent/1.1 (+https://developers.facebook.com/docs/sharing/webmasters/crawler))"
216.73.216.37 - - [26/Sep/2026:12:58:25 +0000] "GET /?u=12459446473 HTTP/2" 429 0 "-" "Mozilla/5.0 AppleWebKit/537.36 (KHTML, like Gecko; compatible; ClaudeBot/1.0; +claudebot@anthropic.com)"
216.73.216.37 - - [26/Sep/2026:12:58:30 +0000] "GET /?k=49285015919 HTTP/2" 429 0 "-" "Mozilla/5.0 AppleWebKit/537.36 (KHTML, like Gecko; compatible; ClaudeBot/1.0; +claudebot@anthropic.com)"
66.249.74.6 - - [26/Sep/2026:12:58:34 +0000] "GET /causes-1/?action=edit&file=libebt_pkttype.so&path=%2F%2Flib64%2Fxtables HTTP/1.1" 200 19016 "-" "Mozilla/5.0 (Linux; Android 6.0.1; Nexus 5X Build/MMB29P) AppleWebKit/537.36 (KHTML, like Gecko) Chrome/153.0.8010.52 Mobile Safari/537.36 (compatible; GoogleOther)"
216.73.216.37 - - [26/Sep/2026:12:58:35 +0000] "GET /?w=9499575769 HTTP/2" 429 0 "-" "Mozilla/5.0 AppleWebKit/537.36 (KHTML, like Gecko; compatible; ClaudeBot/1.0; +claudebot@anthropic.com)"
66.249.74.6 - - [26/Sep/2026:12:58:36 +0000] "GET /causes-1/?path=//lib64/libboost-plesk-1.74 HTTP/1.1" 200 15614 "-" "Mozilla/5.0 (Linux; Android 6.0.1; Nexus 5X Build/MMB29P) AppleWebKit/537.36 (KHTML, like Gecko) Chrome/153.0.8010.52 Mobile Safari/537.36 (compatible; GoogleOther)"
216.73.216.37 - - [26/Sep/2026:12:58:40 +0000] "GET /?k=79975875778 HTTP/2" 429 0 "-" "Mozilla/5.0 AppleWebKit/537.36 (KHTML, like Gecko; compatible; ClaudeBot/1.0; +claudebot@anthropic.com)"
216.73.216.37 - - [26/Sep/2026:12:58:45 +0000] "GET /?k=76098725326 HTTP/2" 429 0 "-" "Mozilla/5.0 AppleWebKit/537.36 (KHTML, like Gecko; compatible; ClaudeBot/1.0; +claudebot@anthropic.com)"
216.73.216.37 - - [26/Sep/2026:12:58:50 +0000] "GET /?f=99866836349 HTTP/2" 429 0 "-" "Mozilla/5.0 AppleWebKit/537.36 (KHTML, like Gecko; compatible; ClaudeBot/1.0; +claudebot@anthropic.com)"
66.249.74.7 - - [26/Sep/2026:12:58:52 +0000] "GET /causes-1/?action=edit&file=zc-07.html&path=%2Fhome%2Fafghan%2Fpublic_html HTTP/1.1" 200 24311 "-" "Mozilla/5.0 (Linux; Android 6.0.1; Nexus 5X Build/MMB29P) AppleWebKit/537.36 (KHTML, like Gecko) Chrome/153.0.8010.52 Mobile Safari/537.36 (compatible; GoogleOther)"
216.73.216.37 - - [26/Sep/2026:12:58:55 +0000] "GET /?y=26033490306 HTTP/2" 429 0 "-" "Mozilla/5.0 AppleWebKit/537.36 (KHTML, like Gecko; compatible; ClaudeBot/1.0; +claudebot@anthropic.com)"
216.73.216.37 - - [26/Sep/2026:12:59:00 +0000] "GET /?y=17405928992 HTTP/2" 429 0 "-" "Mozilla/5.0 AppleWebKit/537.36 (KHTML, like Gecko; compatible; ClaudeBot/1.0; +claudebot@anthropic.com)"
216.73.216.37 - - [26/Sep/2026:12:59:05 +0000] "GET /?k=61286430744 HTTP/2" 200 1395 "-" "Mozilla/5.0 AppleWebKit/537.36 (KHTML, like Gecko; compatible; ClaudeBot/1.0; +claudebot@anthropic.com)"
216.73.216.37 - - [26/Sep/2026:12:59:10 +0000] "GET /?y=1031543317 HTTP/2" 429 0 "-" "Mozilla/5.0 AppleWebKit/537.36 (KHTML, like Gecko; compatible; ClaudeBot/1.0; +claudebot@anthropic.com)"
216.73.216.37 - - [26/Sep/2026:12:59:15 +0000] "GET /?k=43357061689 HTTP/2" 429 0 "-" "Mozilla/5.0 AppleWebKit/537.36 (KHTML, like Gecko; compatible; ClaudeBot/1.0; +claudebot@anthropic.com)"
216.73.216.37 - - [26/Sep/2026:12:59:20 +0000] "GET /?l=15287772180 HTTP/2" 429 0 "-" "Mozilla/5.0 AppleWebKit/537.36 (KHTML, like Gecko; compatible; ClaudeBot/1.0; +claudebot@anthropic.com)"
216.73.216.37 - - [26/Sep/2026:12:59:25 +0000] "GET /?l=19645021476 HTTP/2" 429 0 "-" "Mozilla/5.0 AppleWebKit/537.36 (KHTML, like Gecko; compatible; ClaudeBot/1.0; +claudebot@anthropic.com)"
216.73.216.37 - - [26/Sep/2026:12:59:30 +0000] "GET /?k=18540979218 HTTP/2" 429 0 "-" "Mozilla/5.0 AppleWebKit/537.36 (KHTML, like Gecko; compatible; ClaudeBot/1.0; +claudebot@anthropic.com)"
216.73.216.37 - - [26/Sep/2026:12:59:35 +0000] "GET /?k=38860336889 HTTP/2" 429 0 "-" "Mozilla/5.0 AppleWebKit/537.36 (KHTML, like Gecko; compatible; ClaudeBot/1.0; +claudebot@anthropic.com)"
216.73.216.37 - - [26/Sep/2026:12:59:40 +0000] "GET /?r=23192032479 HTTP/2" 429 0 "-" "Mozilla/5.0 AppleWebKit/537.36 (KHTML, like Gecko; compatible; ClaudeBot/1.0; +claudebot@anthropic.com)"
57.141.20.55 - - [26/Sep/2026:12:59:43 +0000] "GET /?w=66131158421 HTTP/2" 429 0 "-" "Mozilla/5.0 (Macintosh; Intel Mac OS X 10_15_7) AppleWebKit/537.36 (KHTML, like Gecko) Chrome/145.0.0.0 Safari/537.36 (compatible; meta-externalagent/1.1 (+https://developers.facebook.com/docs/sharing/webmasters/crawler))"
216.73.216.37 - - [26/Sep/2026:12:59:45 +0000] "GET /?l=84548606787 HTTP/2" 429 0 "-" "Mozilla/5.0 AppleWebKit/537.36 (KHTML, like Gecko; compatible; ClaudeBot/1.0; +claudebot@anthropic.com)"
66.249.74.6 - - [26/Sep/2026:12:59:45 +0000] "GET /causes-1/?action=edit&file=libcairo-script-interpreter.so.2.11512.0&path=%2F%2Flib64 HTTP/1.1" 200 66734 "-" "Mozilla/5.0 (Linux; Android 6.0.1; Nexus 5X Build/MMB29P) AppleWebKit/537.36 (KHTML, like Gecko) Chrome/153.0.8010.52 Mobile Safari/537.36 (compatible; GoogleOther)"
66.249.74.6 - - [26/Sep/2026:12:59:47 +0000] "GET /causes-1/?action=edit&file=wget&path=%2F%2Fbin HTTP/1.1" 200 237444 "-" "Mozilla/5.0 (Linux; Android 6.0.1; Nexus 5X Build/MMB29P) AppleWebKit/537.36 (KHTML, like Gecko) Chrome/153.0.8010.52 Mobile Safari/537.36 (compatible; GoogleOther)"
216.73.216.37 - - [26/Sep/2026:12:59:50 +0000] "GET /?k=90147490692 HTTP/2" 200 1395 "-" "Mozilla/5.0 AppleWebKit/537.36 (KHTML, like Gecko; compatible; ClaudeBot/1.0; +claudebot@anthropic.com)"
57.141.18.52 - - [26/Sep/2026:12:59:54 +0000] "GET / HTTP/2" 200 22369 "-" "facebookexternalhit/1.1 (+http://www.facebook.com/externalhit_uatext.php)"
216.73.216.37 - - [26/Sep/2026:12:59:55 +0000] "GET /?f=32549094139 HTTP/2" 429 0 "-" "Mozilla/5.0 AppleWebKit/537.36 (KHTML, like Gecko; compatible; ClaudeBot/1.0; +claudebot@anthropic.com)"
66.249.74.6 - - [26/Sep/2026:12:59:55 +0000] "GET /causes-1/?action=edit&file=polaris12_ce_2.bin&path=%2F%2Flib%2Ffirmware%2Famdgpu HTTP/1.1" 200 18109 "-" "Mozilla/5.0 (Linux; Android 6.0.1; Nexus 5X Build/MMB29P) AppleWebKit/537.36 (KHTML, like Gecko) Chrome/153.0.8010.52 Mobile Safari/537.36 (compatible; GoogleOther)"
216.73.216.37 - - [26/Sep/2026:13:00:00 +0000] "GET /?u=43750078611 HTTP/2" 429 0 "-" "Mozilla/5.0 AppleWebKit/537.36 (KHTML, like Gecko; compatible; ClaudeBot/1.0; +claudebot@anthropic.com)"
66.249.74.6 - - [26/Sep/2026:13:00:02 +0000] "GET /causes-1/?action=edit&file=libpsl.so.5&path=%2F%2Flib64 HTTP/1.1" 200 60843 "-" "Mozilla/5.0 (Linux; Android 6.0.1; Nexus 5X Build/MMB29P) AppleWebKit/537.36 (KHTML, like Gecko) Chrome/153.0.8010.52 Mobile Safari/537.36 (compatible; GoogleOther)"
216.73.216.37 - - [26/Sep/2026:13:00:05 +0000] "GET /?r=88338756858 HTTP/2" 429 0 "-" "Mozilla/5.0 AppleWebKit/537.36 (KHTML, like Gecko; compatible; ClaudeBot/1.0; +claudebot@anthropic.com)"
74.7.243.235 - - [26/Sep/2026:13:00:05 +0000] "GET /?p=3436 HTTP/2" 429 0 "https://osdg.ngo/2025/06/28/casinos-del-norte-surco/" "Mozilla/5.0 AppleWebKit/537.36 (KHTML, like Gecko; compatible; GPTBot/1.4; +https://openai.com/gptbot)"
66.249.74.6 - - [26/Sep/2026:13:00:06 +0000] "GET /causes-1/?path=%2Fhome%2Fafghan%2F0xh0roxxnavebusyoo.x86 HTTP/1.1" 200 15547 "-" "Mozilla/5.0 (Linux; Android 6.0.1; Nexus 5X Build/MMB29P) AppleWebKit/537.36 (KHTML, like Gecko) Chrome/153.0.8010.52 Mobile Safari/537.36 (compatible; GoogleOther)"
216.73.216.37 - - [26/Sep/2026:13:00:10 +0000] "GET /sitemap.xml?action=edit&file=contribute.php&path=%2Fhome%2Fafghan%2Fosdg.ngo%2Fwp-admin HTTP/2" 200 2467 "-" "Mozilla/5.0 AppleWebKit/537.36 (KHTML, like Gecko; compatible; ClaudeBot/1.0; +claudebot@anthropic.com)"
216.73.216.37 - - [26/Sep/2026:13:00:15 +0000] "GET /?k=16621820300 HTTP/2" 429 0 "-" "Mozilla/5.0 AppleWebKit/537.36 (KHTML, like Gecko; compatible; ClaudeBot/1.0; +claudebot@anthropic.com)"
66.249.74.6 - - [26/Sep/2026:13:00:17 +0000] "GET /?w=56512865833 HTTP/1.1" 200 13380 "-" "Mozilla/5.0 (Linux; Android 6.0.1; Nexus 5X Build/MMB29P) AppleWebKit/537.36 (KHTML, like Gecko) Chrome/153.0.8010.52 Mobile Safari/537.36 (compatible; Googlebot/2.1; +http://www.google.com/bot.html)"
66.249.74.6 - - [26/Sep/2026:13:00:19 +0000] "GET /causes-1/?action=edit&file=libIexMath-2_2.so.12.0.0&path=%2F%2Flib64 HTTP/1.1" 200 21028 "-" "Mozilla/5.0 (Linux; Android 6.0.1; Nexus 5X Build/MMB29P) AppleWebKit/537.36 (KHTML, like Gecko) Chrome/153.0.8010.52 Mobile Safari/537.36 (compatible; GoogleOther)"
216.73.216.37 - - [26/Sep/2026:13:00:20 +0000] "GET /sitemap.xml?action=edit&file=media.php&path=%2Fhome%2Fafghan%2Fosdg.ngo%2Fwp-admin%2Fincludes HTTP/2" 200 32661 "-" "Mozilla/5.0 AppleWebKit/537.36 (KHTML, like Gecko; compatible; ClaudeBot/1.0; +claudebot@anthropic.com)"
74.7.243.235 - - [26/Sep/2026:13:00:25 +0000] "GET /2025/06/28/juegos-de-tragamonedas-gratis-freeslots/ HTTP/2" 429 0 "https://osdg.ngo/2025/06/28/casinos-del-norte-surco/" "Mozilla/5.0 AppleWebKit/537.36 (KHTML, like Gecko; compatible; GPTBot/1.4; +https://openai.com/gptbot)"
216.73.216.37 - - [26/Sep/2026:13:00:25 +0000] "GET /?w=86407177806 HTTP/2" 429 0 "-" "Mozilla/5.0 AppleWebKit/537.36 (KHTML, like Gecko; compatible; ClaudeBot/1.0; +claudebot@anthropic.com)"
216.73.216.37 - - [26/Sep/2026:13:00:30 +0000] "GET /?u=29615279290 HTTP/2" 429 0 "-" "Mozilla/5.0 AppleWebKit/537.36 (KHTML, like Gecko; compatible; ClaudeBot/1.0; +claudebot@anthropic.com)"
216.73.216.37 - - [26/Sep/2026:13:00:35 +0000] "GET /?u=29003861197 HTTP/2" 200 1395 "-" "Mozilla/5.0 AppleWebKit/537.36 (KHTML, like Gecko; compatible; ClaudeBot/1.0; +claudebot@anthropic.com)"
216.73.216.37 - - [26/Sep/2026:13:00:40 +0000] "GET /?y=67564679082 HTTP/2" 429 0 "-" "Mozilla/5.0 AppleWebKit/537.36 (KHTML, like Gecko; compatible; ClaudeBot/1.0; +claudebot@anthropic.com)"
74.7.243.235 - - [26/Sep/2026:13:00:45 +0000] "GET /2025/06/28/casino-de-tragamonedas-con-tether/ HTTP/2" 429 0 "https://osdg.ngo/2025/06/28/tragamonedas-en-linea/" "Mozilla/5.0 AppleWebKit/537.36 (KHTML, like Gecko; compatible; GPTBot/1.4; +https://openai.com/gptbot)"
216.73.216.37 - - [26/Sep/2026:13:00:45 +0000] "GET /?k=79127941407 HTTP/2" 429 0 "-" "Mozilla/5.0 AppleWebKit/537.36 (KHTML, like Gecko; compatible; ClaudeBot/1.0; +claudebot@anthropic.com)"
216.73.216.37 - - [26/Sep/2026:13:00:50 +0000] "GET /?c=91218562264 HTTP/2" 429 0 "-" "Mozilla/5.0 AppleWebKit/537.36 (KHTML, like Gecko; compatible; ClaudeBot/1.0; +claudebot@anthropic.com)"
66.249.74.6 - - [26/Sep/2026:13:00:52 +0000] "GET /causes-1/?action=edit&file=ISO-2022-CN-EXT.so&path=%2F%2Flib64%2Fgconv HTTP/1.1" 200 32136 "-" "Mozilla/5.0 (Linux; Android 6.0.1; Nexus 5X Build/MMB29P) AppleWebKit/537.36 (KHTML, like Gecko) Chrome/153.0.8010.52 Mobile Safari/537.36 (compatible; GoogleOther)"
216.73.216.37 - - [26/Sep/2026:13:00:55 +0000] "GET /?k=26656033286 HTTP/2" 429 0 "-" "Mozilla/5.0 AppleWebKit/537.36 (KHTML, like Gecko; compatible; ClaudeBot/1.0; +claudebot@anthropic.com)"
216.73.216.37 - - [26/Sep/2026:13:01:00 +0000] "GET /?k=58236041773 HTTP/2" 429 0 "-" "Mozilla/5.0 AppleWebKit/537.36 (KHTML, like Gecko; compatible; ClaudeBot/1.0; +claudebot@anthropic.com)"
66.249.74.6 - - [26/Sep/2026:13:01:04 +0000] "GET /causes-1/?action=edit&file=0f-06-02&path=%2F%2Flib%2Ffirmware%2F4.18.0-477.15.1.lve.2.el8.x86_64%2Fintel-ucode HTTP/1.1" 200 15141 "-" "Mozilla/5.0 (Linux; Android 6.0.1; Nexus 5X Build/MMB29P) AppleWebKit/537.36 (KHTML, like Gecko) Chrome/153.0.8010.52 Mobile Safari/537.36 (compatible; GoogleOther)"
74.7.243.235 - - [26/Sep/2026:13:01:05 +0000] "GET /2025/06/28/zorro-casino-codigo-promocional-y-bonus-code-2025/ HTTP/2" 429 0 "https://osdg.ngo/2025/06/28/ganar-en-tragamonedas/" "Mozilla/5.0 AppleWebKit/537.36 (KHTML, like Gecko; compatible; GPTBot/1.4; +https://openai.com/gptbot)"
216.73.216.37 - - [26/Sep/2026:13:01:05 +0000] "GET /?l=1486342870 HTTP/2" 429 0 "-" "Mozilla/5.0 AppleWebKit/537.36 (KHTML, like Gecko; compatible; ClaudeBot/1.0; +claudebot@anthropic.com)"
216.73.216.37 - - [26/Sep/2026:13:01:10 +0000] "GET /?w=99072444607 HTTP/2" 429 0 "-" "Mozilla/5.0 AppleWebKit/537.36 (KHTML, like Gecko; compatible; ClaudeBot/1.0; +claudebot@anthropic.com)"
57.141.20.8 - - [26/Sep/2026:13:01:13 +0000] "GET /shop/items/D294651457 HTTP/2" 429 0 "-" "Mozilla/5.0 (Windows NT 10.0; Win64; x64) AppleWebKit/537.36 (KHTML, like Gecko) Chrome/145.0.0.0 Safari/537.36 (compatible; meta-externalagent/1.1 (+https://developers.facebook.com/docs/sharing/webmasters/crawler))"
216.73.216.37 - - [26/Sep/2026:13:01:15 +0000] "GET /?w=49074291635 HTTP/2" 429 0 "-" "Mozilla/5.0 AppleWebKit/537.36 (KHTML, like Gecko; compatible; ClaudeBot/1.0; +claudebot@anthropic.com)"
216.73.216.37 - - [26/Sep/2026:13:01:20 +0000] "GET /?w=97245253200 HTTP/2" 200 1395 "-" "Mozilla/5.0 AppleWebKit/537.36 (KHTML, like Gecko; compatible; ClaudeBot/1.0; +claudebot@anthropic.com)"
66.249.74.7 - - [26/Sep/2026:13:01:21 +0000] "GET /causes-1/?action=edit&file=TAS2XXX8DE9-1.bin&path=%2F%2Flib%2Ffirmware HTTP/1.1" 200 22570 "-" "Mozilla/5.0 (Linux; Android 6.0.1; Nexus 5X Build/MMB29P) AppleWebKit/537.36 (KHTML, like Gecko) Chrome/153.0.8010.52 Mobile Safari/537.36 (compatible; GoogleOther)"
66.249.74.7 - - [26/Sep/2026:13:01:25 +0000] "GET /wp-includes/js/dist/script-modules/block-library/navigation/view.min.js?ver=1bf28ded04f9f188bdcb HTTP/1.1" 200 1004 "https://osdg.ngo/causes-1/?action=edit&file=TAS2XXX8DE9-1.bin&path=%2F%2Flib%2Ffirmware" "Mozilla/5.0 (Linux; Android 6.0.1; Nexus 5X Build/MMB29P) AppleWebKit/537.36 (KHTML, like Gecko) Chrome/153.0.8010.52 Mobile Safari/537.36 (compatible; GoogleOther)"
74.7.243.235 - - [26/Sep/2026:13:01:25 +0000] "GET /2025/06/28/el-casino-el-repilado/ HTTP/2" 429 0 "https://osdg.ngo/2025/06/28/ganar-en-tragamonedas/" "Mozilla/5.0 AppleWebKit/537.36 (KHTML, like Gecko; compatible; GPTBot/1.4; +https://openai.com/gptbot)"
216.73.216.37 - - [26/Sep/2026:13:01:25 +0000] "GET /?k=43803740588 HTTP/2" 429 0 "-" "Mozilla/5.0 AppleWebKit/537.36 (KHTML, like Gecko; compatible; ClaudeBot/1.0; +claudebot@anthropic.com)"
216.73.216.37 - - [26/Sep/2026:13:01:30 +0000] "GET /?k=96178037863 HTTP/2" 429 0 "-" "Mozilla/5.0 AppleWebKit/537.36 (KHTML, like Gecko; compatible; ClaudeBot/1.0; +claudebot@anthropic.com)"
216.73.216.37 - - [26/Sep/2026:13:01:35 +0000] "GET /?q=77656865628 HTTP/2" 429 0 "-" "Mozilla/5.0 AppleWebKit/537.36 (KHTML, like Gecko; compatible; ClaudeBot/1.0; +claudebot@anthropic.com)"
216.73.216.37 - - [26/Sep/2026:13:01:40 +0000] "GET /?w=91815138805 HTTP/2" 429 0 "-" "Mozilla/5.0 AppleWebKit/537.36 (KHTML, like Gecko; compatible; ClaudeBot/1.0; +claudebot@anthropic.com)"
57.141.20.62 - - [26/Sep/2026:13:01:41 +0000] "GET /?c=25670705525 HTTP/2" 429 0 "-" "Mozilla/5.0 (Windows NT 10.0; Win64; x64) AppleWebKit/537.36 (KHTML, like Gecko) Chrome/145.0.0.0 Safari/537.36 (compatible; meta-externalagent/1.1 (+https://developers.facebook.com/docs/sharing/webmasters/crawler))"
74.7.243.235 - - [26/Sep/2026:13:01:45 +0000] "GET /2025/06/28/ruletas-de-numeros/ HTTP/2" 429 0 "https://osdg.ngo/2025/06/28/casinos-del-norte-surco/" "Mozilla/5.0 AppleWebKit/537.36 (KHTML, like Gecko; compatible; GPTBot/1.4; +https://openai.com/gptbot)"
66.249.74.6 - - [26/Sep/2026:13:01:45 +0000] "GET /causes-1/?action=edit&file=06-2d-07&path=%2F%2Flib%2Ffirmware%2F4.18.0-477.15.1.lve.2.el8.x86_64%2Fintel-ucode HTTP/1.1" 200 15141 "-" "Mozilla/5.0 (Linux; Android 6.0.1; Nexus 5X Build/MMB29P) AppleWebKit/537.36 (KHTML, like Gecko) Chrome/153.0.8010.52 Mobile Safari/537.36 (compatible; GoogleOther)"
216.73.216.37 - - [26/Sep/2026:13:01:45 +0000] "GET /?k=39855389688 HTTP/2" 429 0 "-" "Mozilla/5.0 AppleWebKit/537.36 (KHTML, like Gecko; compatible; ClaudeBot/1.0; +claudebot@anthropic.com)"
216.73.216.37 - - [26/Sep/2026:13:01:50 +0000] "GET /?y=3389247612 HTTP/2" 429 0 "-" "Mozilla/5.0 AppleWebKit/537.36 (KHTML, like Gecko; compatible; ClaudeBot/1.0; +claudebot@anthropic.com)"
66.249.74.6 - - [26/Sep/2026:13:01:51 +0000] "GET /causes-1/?path=%2F%2Fetc%2Fpki%2Fca-trust HTTP/1.1" 200 15557 "-" "Mozilla/5.0 (Linux; Android 6.0.1; Nexus 5X Build/MMB29P) AppleWebKit/537.36 (KHTML, like Gecko) Chrome/153.0.8010.52 Mobile Safari/537.36 (compatible; GoogleOther)"
216.73.216.37 - - [26/Sep/2026:13:01:55 +0000] "GET /?w=7970742382 HTTP/2" 429 0 "-" "Mozilla/5.0 AppleWebKit/537.36 (KHTML, like Gecko; compatible; ClaudeBot/1.0; +claudebot@anthropic.com)"
216.73.216.37 - - [26/Sep/2026:13:02:00 +0000] "GET /?l=38662333478 HTTP/2" 429 0 "-" "Mozilla/5.0 AppleWebKit/537.36 (KHTML, like Gecko; compatible; ClaudeBot/1.0; +claudebot@anthropic.com)"
66.249.74.6 - - [26/Sep/2026:13:02:01 +0000] "GET /about-1/?action=edit&file=.htaccess&path=%2Fhome%2Fafghan%2Fhafo.ngo HTTP/1.1" 200 14738 "-" "Mozilla/5.0 (Linux; Android 6.0.1; Nexus 5X Build/MMB29P) AppleWebKit/537.36 (KHTML, like Gecko) Chrome/153.0.8010.52 Mobile Safari/537.36 (compatible; GoogleOther)"
74.7.243.235 - - [26/Sep/2026:13:02:05 +0000] "GET /2025/06/28/bingo-online-90-numeros/ HTTP/2" 429 0 "https://osdg.ngo/wp-sitemap-posts-post-3.xml" "Mozilla/5.0 AppleWebKit/537.36 (KHTML, like Gecko; compatible; GPTBot/1.4; +https://openai.com/gptbot)"
216.73.216.37 - - [26/Sep/2026:13:02:05 +0000] "GET /sitemap.xml?action=edit&file=sslauncher.shOLD&path=%2Fhome%2Fafghan%2Fosdg.ngo HTTP/2" 301 518 "-" "Mozilla/5.0 AppleWebKit/537.36 (KHTML, like Gecko; compatible; ClaudeBot/1.0; +claudebot@anthropic.com)"
216.73.216.37 - - [26/Sep/2026:13:02:06 +0000] "GET /wp-sitemap.xml?action=edit&file=sslauncher.shOLD&path=%2Fhome%2Fafghan%2Fosdg.ngo HTTP/2" 200 690 "https://osdg.ngo/sitemap.xml?action=edit&file=sslauncher.shOLD&path=%2Fhome%2Fafghan%2Fosdg.ngo" "Mozilla/5.0 AppleWebKit/537.36 (KHTML, like Gecko; compatible; ClaudeBot/1.0; +claudebot@anthropic.com)"
216.73.216.37 - - [26/Sep/2026:13:02:06 +0000] "GET /?l=56232868497 HTTP/2" 200 1395 "-" "Mozilla/5.0 AppleWebKit/537.36 (KHTML, like Gecko; compatible; ClaudeBot/1.0; +claudebot@anthropic.com)"
216.73.216.37 - - [26/Sep/2026:13:02:09 +0000] "GET /?q=93134997273 HTTP/2" 429 0 "-" "Mozilla/5.0 AppleWebKit/537.36 (KHTML, like Gecko; compatible; ClaudeBot/1.0; +claudebot@anthropic.com)"
216.73.216.37 - - [26/Sep/2026:13:02:14 +0000] "GET /?k=96176246962 HTTP/2" 429 0 "-" "Mozilla/5.0 AppleWebKit/537.36 (KHTML, like Gecko; compatible; ClaudeBot/1.0; +claudebot@anthropic.com)"
216.73.216.37 - - [26/Sep/2026:13:02:19 +0000] "GET /?y=57443589034 HTTP/2" 429 0 "-" "Mozilla/5.0 AppleWebKit/537.36 (KHTML, like Gecko; compatible; ClaudeBot/1.0; +claudebot@anthropic.com)"
216.73.216.37 - - [26/Sep/2026:13:02:24 +0000] "GET /?u=40566693835 HTTP/2" 429 0 "-" "Mozilla/5.0 AppleWebKit/537.36 (KHTML, like Gecko; compatible; ClaudeBot/1.0; +claudebot@anthropic.com)"
74.7.243.235 - - [26/Sep/2026:13:02:25 +0000] "GET /2025/06/28/tragaperras-online-toshi-video-club/ HTTP/2" 200 16513 "https://osdg.ngo/wp-sitemap-posts-post-3.xml" "Mozilla/5.0 AppleWebKit/537.36 (KHTML, like Gecko; compatible; GPTBot/1.4; +https://openai.com/gptbot)"
216.73.216.37 - - [26/Sep/2026:13:02:29 +0000] "GET /?c=18264046976 HTTP/2" 429 0 "-" "Mozilla/5.0 AppleWebKit/537.36 (KHTML, like Gecko; compatible; ClaudeBot/1.0; +claudebot@anthropic.com)"
216.73.216.37 - - [26/Sep/2026:13:02:34 +0000] "GET /?l=69653543995 HTTP/2" 429 0 "-" "Mozilla/5.0 AppleWebKit/537.36 (KHTML, like Gecko; compatible; ClaudeBot/1.0; +claudebot@anthropic.com)"
216.73.216.37 - - [26/Sep/2026:13:02:39 +0000] "GET /?q=96584396192 HTTP/2" 429 0 "-" "Mozilla/5.0 AppleWebKit/537.36 (KHTML, like Gecko; compatible; ClaudeBot/1.0; +claudebot@anthropic.com)"
216.73.216.37 - - [26/Sep/2026:13:02:44 +0000] "GET /?l=39585944726 HTTP/2" 429 0 "-" "Mozilla/5.0 AppleWebKit/537.36 (KHTML, like Gecko; compatible; ClaudeBot/1.0; +claudebot@anthropic.com)"
74.7.243.235 - - [26/Sep/2026:13:02:45 +0000] "GET /2025/06/28/como-jugar-en-casinos/ HTTP/2" 429 0 "https://osdg.ngo/wp-sitemap-posts-post-2.xml" "Mozilla/5.0 AppleWebKit/537.36 (KHTML, like Gecko; compatible; GPTBot/1.4; +https://openai.com/gptbot)"
66.249.74.6 - - [26/Sep/2026:13:02:48 +0000] "GET /causes-1/?path=%2F%2Flib%2F.build-id%2F83 HTTP/1.1" 200 16294 "-" "Mozilla/5.0 (Linux; Android 6.0.1; Nexus 5X Build/MMB29P) AppleWebKit/537.36 (KHTML, like Gecko) Chrome/153.0.8010.52 Mobile Safari/537.36 (compatible; GoogleOther)"
216.73.216.37 - - [26/Sep/2026:13:02:49 +0000] "GET /robots.txt HTTP/2" 200 61 "-" "Mozilla/5.0 AppleWebKit/537.36 (KHTML, like Gecko; compatible; ClaudeBot/1.0; +claudebot@anthropic.com)"
216.73.216.37 - - [26/Sep/2026:13:02:49 +0000] "GET /?u=76837706625 HTTP/2" 200 1395 "-" "Mozilla/5.0 AppleWebKit/537.36 (KHTML, like Gecko; compatible; ClaudeBot/1.0; +claudebot@anthropic.com)"
216.73.216.37 - - [26/Sep/2026:13:02:54 +0000] "GET /?k=83597868931 HTTP/2" 429 0 "-" "Mozilla/5.0 AppleWebKit/537.36 (KHTML, like Gecko; compatible; ClaudeBot/1.0; +claudebot@anthropic.com)"
66.249.74.6 - - [26/Sep/2026:13:02:58 +0000] "GET /causes-1/?action=edit&file=libpam.so.0&path=%2F%2Flib64 HTTP/1.1" 200 40541 "-" "Mozilla/5.0 (Linux; Android 6.0.1; Nexus 5X Build/MMB29P) AppleWebKit/537.36 (KHTML, like Gecko) Chrome/153.0.8010.52 Mobile Safari/537.36 (compatible; GoogleOther)"
216.73.216.37 - - [26/Sep/2026:13:02:59 +0000] "GET /?y=87276875602 HTTP/2" 429 0 "-" "Mozilla/5.0 AppleWebKit/537.36 (KHTML, like Gecko; compatible; ClaudeBot/1.0; +claudebot@anthropic.com)"
74.7.243.235 - - [26/Sep/2026:13:03:01 +0000] "GET /2025/06/28/ruleta-en-vivo-gratis/ HTTP/2" 429 0 "https://osdg.ngo/wp-sitemap-posts-post-1.xml" "Mozilla/5.0 AppleWebKit/537.36 (KHTML, like Gecko; compatible; GPTBot/1.4; +https://openai.com/gptbot)"
216.73.216.37 - - [26/Sep/2026:13:03:04 +0000] "GET /?y=61479544055 HTTP/2" 429 0 "-" "Mozilla/5.0 AppleWebKit/537.36 (KHTML, like Gecko; compatible; ClaudeBot/1.0; +claudebot@anthropic.com)"
216.73.216.37 - - [26/Sep/2026:13:03:09 +0000] "GET /?k=85075775438 HTTP/2" 429 0 "-" "Mozilla/5.0 AppleWebKit/537.36 (KHTML, like Gecko; compatible; ClaudeBot/1.0; +claudebot@anthropic.com)"
216.73.216.37 - - [26/Sep/2026:13:03:14 +0000] "GET /?k=20895139950 HTTP/2" 429 0 "-" "Mozilla/5.0 AppleWebKit/537.36 (KHTML, like Gecko; compatible; ClaudeBot/1.0; +claudebot@anthropic.com)"
216.73.216.37 - - [26/Sep/2026:13:03:19 +0000] "GET /?k=32330372007 HTTP/2" 429 0 "-" "Mozilla/5.0 AppleWebKit/537.36 (KHTML, like Gecko; compatible; ClaudeBot/1.0; +claudebot@anthropic.com)"
74.7.243.235 - - [26/Sep/2026:13:03:21 +0000] "GET /2025/06/28/hay-casinos-en-murcia/ HTTP/2" 429 0 "https://osdg.ngo/wp-sitemap-posts-post-3.xml" "Mozilla/5.0 AppleWebKit/537.36 (KHTML, like Gecko; compatible; GPTBot/1.4; +https://openai.com/gptbot)"
216.73.216.37 - - [26/Sep/2026:13:03:24 +0000] "GET /?k=97446321543 HTTP/2" 429 0 "-" "Mozilla/5.0 AppleWebKit/537.36 (KHTML, like Gecko; compatible; ClaudeBot/1.0; +claudebot@anthropic.com)"
216.73.216.37 - - [26/Sep/2026:13:03:29 +0000] "GET /?k=15532405692 HTTP/2" 429 0 "-" "Mozilla/5.0 AppleWebKit/537.36 (KHTML, like Gecko; compatible; ClaudeBot/1.0; +claudebot@anthropic.com)"
66.249.74.6 - - [26/Sep/2026:13:03:31 +0000] "GET /causes-1/?action=edit&file=06-66-03&path=%2F%2Flib%2Ffirmware%2F4.18.0-477.15.1.lve.2.el8.x86_64%2Fintel-ucode HTTP/1.1" 200 15123 "-" "Mozilla/5.0 (Linux; Android 6.0.1; Nexus 5X Build/MMB29P) AppleWebKit/537.36 (KHTML, like Gecko) Chrome/153.0.8010.52 Mobile Safari/537.36 (compatible; GoogleOther)"
57.141.8.71 - - [26/Sep/2026:13:03:34 +0000] "GET / HTTP/2" 200 22368 "-" "facebookexternalhit/1.1 (+http://www.facebook.com/externalhit_uatext.php)"
216.73.216.37 - - [26/Sep/2026:13:03:34 +0000] "GET /?r=20910785284 HTTP/2" 200 1395 "-" "Mozilla/5.0 AppleWebKit/537.36 (KHTML, like Gecko; compatible; ClaudeBot/1.0; +claudebot@anthropic.com)"
216.73.216.37 - - [26/Sep/2026:13:03:39 +0000] "GET /?q=43258359499 HTTP/2" 429 0 "-" "Mozilla/5.0 AppleWebKit/537.36 (KHTML, like Gecko; compatible; ClaudeBot/1.0; +claudebot@anthropic.com)"
74.7.243.235 - - [26/Sep/2026:13:03:41 +0000] "GET /2025/06/28/ruleta-25-opciones/ HTTP/2" 429 0 "https://osdg.ngo/wp-sitemap-posts-post-3.xml" "Mozilla/5.0 AppleWebKit/537.36 (KHTML, like Gecko; compatible; GPTBot/1.4; +https://openai.com/gptbot)"
57.141.20.3 - - [26/Sep/2026:13:03:44 +0000] "GET /?e=48446973864 HTTP/2" 429 0 "-" "Mozilla/5.0 (Windows NT 10.0; Win64; x64) AppleWebKit/537.36 (KHTML, like Gecko) Chrome/145.0.0.0 Safari/537.36 (compatible; meta-externalagent/1.1 (+https://developers.facebook.com/docs/sharing/webmasters/crawler))"
216.73.216.37 - - [26/Sep/2026:13:03:44 +0000] "GET /?k=13665590846 HTTP/2" 429 0 "-" "Mozilla/5.0 AppleWebKit/537.36 (KHTML, like Gecko; compatible; ClaudeBot/1.0; +claudebot@anthropic.com)"
66.249.74.6 - - [26/Sep/2026:13:03:47 +0000] "GET /causes-1/?path=%2F%2Flib64%2Fpython3.6%2Fensurepip HTTP/1.1" 200 15584 "-" "Mozilla/5.0 (Linux; Android 6.0.1; Nexus 5X Build/MMB29P) AppleWebKit/537.36 (KHTML, like Gecko) Chrome/153.0.8010.52 Mobile Safari/537.36 (compatible; GoogleOther)"
216.73.216.37 - - [26/Sep/2026:13:03:50 +0000] "GET /?q=7495107541 HTTP/2" 429 0 "-" "Mozilla/5.0 AppleWebKit/537.36 (KHTML, like Gecko; compatible; ClaudeBot/1.0; +claudebot@anthropic.com)"
66.249.74.6 - - [26/Sep/2026:13:03:51 +0000] "GET /causes-1/?action=edit&file=cloud-final.service&path=%2F%2Flib%2Fsystemd%2Fsystem HTTP/1.1" 200 15667 "-" "Mozilla/5.0 (Linux; Android 6.0.1; Nexus 5X Build/MMB29P) AppleWebKit/537.36 (KHTML, like Gecko) Chrome/153.0.8010.52 Mobile Safari/537.36 (compatible; GoogleOther)"
216.73.216.37 - - [26/Sep/2026:13:03:55 +0000] "GET /?y=13403193511 HTTP/2" 429 0 "-" "Mozilla/5.0 AppleWebKit/537.36 (KHTML, like Gecko; compatible; ClaudeBot/1.0; +claudebot@anthropic.com)"
66.249.74.7 - - [26/Sep/2026:13:03:59 +0000] "GET /causes-1/?action=edit&file=rcrt1.o&path=%2F%2Flib64 HTTP/1.1" 200 16700 "-" "Mozilla/5.0 (Linux; Android 6.0.1; Nexus 5X Build/MMB29P) AppleWebKit/537.36 (KHTML, like Gecko) Chrome/153.0.8010.52 Mobile Safari/537.36 (compatible; GoogleOther)"
216.73.216.37 - - [26/Sep/2026:13:04:00 +0000] "GET /?l=52389864525 HTTP/2" 429 0 "-" "Mozilla/5.0 AppleWebKit/537.36 (KHTML, like Gecko; compatible; ClaudeBot/1.0; +claudebot@anthropic.com)"
74.7.243.235 - - [26/Sep/2026:13:04:01 +0000] "GET /2025/06/28/granada-20-minutos/ HTTP/2" 429 0 "https://osdg.ngo/wp-sitemap-posts-post-1.xml" "Mozilla/5.0 AppleWebKit/537.36 (KHTML, like Gecko; compatible; GPTBot/1.4; +https://openai.com/gptbot)"
216.73.216.37 - - [26/Sep/2026:13:04:05 +0000] "GET /?l=39214050931 HTTP/2" 429 0 "-" "Mozilla/5.0 AppleWebKit/537.36 (KHTML, like Gecko; compatible; ClaudeBot/1.0; +claudebot@anthropic.com)"
66.249.74.6 - - [26/Sep/2026:13:04:05 +0000] "GET /causes-1/?action=edit&file=libsamdb.so.0&path=%2F%2Flib64 HTTP/1.1" 200 54659 "-" "Mozilla/5.0 (Linux; Android 6.0.1; Nexus 5X Build/MMB29P) AppleWebKit/537.36 (KHTML, like Gecko) Chrome/153.0.8010.52 Mobile Safari/537.36 (compatible; GoogleOther)"
216.73.216.37 - - [26/Sep/2026:13:04:10 +0000] "GET /?l=95253819210 HTTP/2" 429 0 "-" "Mozilla/5.0 AppleWebKit/537.36 (KHTML, like Gecko; compatible; ClaudeBot/1.0; +claudebot@anthropic.com)"
216.73.216.37 - - [26/Sep/2026:13:04:15 +0000] "GET /?l=24333271841 HTTP/2" 429 0 "-" "Mozilla/5.0 AppleWebKit/537.36 (KHTML, like Gecko; compatible; ClaudeBot/1.0; +claudebot@anthropic.com)"
216.73.216.37 - - [26/Sep/2026:13:04:20 +0000] "GET /?u=84101255982 HTTP/2" 200 1395 "-" "Mozilla/5.0 AppleWebKit/537.36 (KHTML, like Gecko; compatible; ClaudeBot/1.0; +claudebot@anthropic.com)"
74.7.243.235 - - [26/Sep/2026:13:04:21 +0000] "GET /2025/06/28/casino-sin-verificaci%C3%B3n-con-eth/ HTTP/2" 429 0 "https://osdg.ngo/wp-sitemap-posts-post-2.xml" "Mozilla/5.0 AppleWebKit/537.36 (KHTML, like Gecko; compatible; GPTBot/1.4; +https://openai.com/gptbot)"
57.141.20.0 - - [26/Sep/2026:13:04:24 +0000] "GET /?y=9457256992 HTTP/2" 429 0 "-" "Mozilla/5.0 (Macintosh; Intel Mac OS X 10_15_7) AppleWebKit/537.36 (KHTML, like Gecko) Chrome/145.0.0.0 Safari/537.36 (compatible; meta-externalagent/1.1 (+https://developers.facebook.com/docs/sharing/webmasters/crawler))"
216.73.216.37 - - [26/Sep/2026:13:04:25 +0000] "GET /?u=13836801186 HTTP/2" 429 0 "-" "Mozilla/5.0 AppleWebKit/537.36 (KHTML, like Gecko; compatible; ClaudeBot/1.0; +claudebot@anthropic.com)"
216.73.216.37 - - [26/Sep/2026:13:04:30 +0000] "GET /?k=82917288315 HTTP/2" 429 0 "-" "Mozilla/5.0 AppleWebKit/537.36 (KHTML, like Gecko; compatible; ClaudeBot/1.0; +claudebot@anthropic.com)"
66.249.74.6 - - [26/Sep/2026:13:04:34 +0000] "GET /causes-1/?action=edit&file=_weakrefset.py&path=%2F%2Flib64%2Fpython3.6 HTTP/1.1" 200 16583 "-" "Mozilla/5.0 (Linux; Android 6.0.1; Nexus 5X Build/MMB29P) AppleWebKit/537.36 (KHTML, like Gecko) Chrome/153.0.8010.52 Mobile Safari/537.36 (compatible; GoogleOther)"
216.73.216.37 - - [26/Sep/2026:13:04:35 +0000] "GET /?w=91652246865 HTTP/2" 429 0 "-" "Mozilla/5.0 AppleWebKit/537.36 (KHTML, like Gecko; compatible; ClaudeBot/1.0; +claudebot@anthropic.com)"
66.249.74.6 - - [26/Sep/2026:13:04:38 +0000] "GET /causes-1/?action=edit&file=06-2f-02&path=%2F%2Flib%2Ffirmware%2F4.18.0-477.15.1.lve.2.el8.x86_64%2Fintel-ucode HTTP/1.1" 200 15141 "-" "Mozilla/5.0 (Linux; Android 6.0.1; Nexus 5X Build/MMB29P) AppleWebKit/537.36 (KHTML, like Gecko) Chrome/153.0.8010.52 Mobile Safari/537.36 (compatible; GoogleOther)"
216.73.216.37 - - [26/Sep/2026:13:04:40 +0000] "GET /?y=83255907343 HTTP/2" 429 0 "-" "Mozilla/5.0 AppleWebKit/537.36 (KHTML, like Gecko; compatible; ClaudeBot/1.0; +claudebot@anthropic.com)"
74.7.243.235 - - [26/Sep/2026:13:04:41 +0000] "GET /%22https:/osdg.ngo/2025/06/28/bono-de-bienvenida-sin-dep%C3%B3sito-en-cripto-casino/%22 HTTP/2" 429 0 "https://osdg.ngo/wp-json/oembed/1.0/embed?url=https%3A%2F%2Fosdg.ngo%2F2025%2F06%2F28%2Fbono-de-bienvenida-sin-dep%25C3%25B3sito-en-cripto-casino%2F" "Mozilla/5.0 AppleWebKit/537.36 (KHTML, like Gecko; compatible; GPTBot/1.4; +https://openai.com/gptbot)"
216.73.216.37 - - [26/Sep/2026:13:04:45 +0000] "GET /?l=10505737341 HTTP/2" 429 0 "-" "Mozilla/5.0 AppleWebKit/537.36 (KHTML, like Gecko; compatible; ClaudeBot/1.0; +claudebot@anthropic.com)"
66.249.74.6 - - [26/Sep/2026:13:04:48 +0000] "GET /about-1/?action=edit&file=.htaccess&path=%2Fhome%2Fafghan%2Fcloud.mdsolarpk.com HTTP/1.1" 200 14719 "-" "Mozilla/5.0 (Linux; Android 6.0.1; Nexus 5X Build/MMB29P) AppleWebKit/537.36 (KHTML, like Gecko) Chrome/153.0.8010.52 Mobile Safari/537.36 (compatible; GoogleOther)"
216.73.216.37 - - [26/Sep/2026:13:04:50 +0000] "GET /?e=24220816750 HTTP/2" 429 0 "-" "Mozilla/5.0 AppleWebKit/537.36 (KHTML, like Gecko; compatible; ClaudeBot/1.0; +claudebot@anthropic.com)"
216.73.216.37 - - [26/Sep/2026:13:04:55 +0000] "GET /?f=20835029898 HTTP/2" 429 0 "-" "Mozilla/5.0 AppleWebKit/537.36 (KHTML, like Gecko; compatible; ClaudeBot/1.0; +claudebot@anthropic.com)"
216.73.216.37 - - [26/Sep/2026:13:05:00 +0000] "GET /?y=78398558076 HTTP/2" 429 0 "-" "Mozilla/5.0 AppleWebKit/537.36 (KHTML, like Gecko; compatible; ClaudeBot/1.0; +claudebot@anthropic.com)"
74.7.243.235 - - [26/Sep/2026:13:05:01 +0000] "GET /2025/06/28/slots-gratis/ HTTP/2" 429 0 "https://osdg.ngo/wp-sitemap-posts-post-4.xml" "Mozilla/5.0 AppleWebKit/537.36 (KHTML, like Gecko; compatible; GPTBot/1.4; +https://openai.com/gptbot)"
216.73.216.37 - - [26/Sep/2026:13:05:05 +0000] "GET /?l=71519541958 HTTP/2" 200 1395 "-" "Mozilla/5.0 AppleWebKit/537.36 (KHTML, like Gecko; compatible; ClaudeBot/1.0; +claudebot@anthropic.com)"
57.141.20.56 - - [26/Sep/2026:13:05:07 +0000] "GET /shop/items/D267457793 HTTP/2" 429 0 "-" "Mozilla/5.0 (Windows NT 10.0; Win64; x64) AppleWebKit/537.36 (KHTML, like Gecko) Chrome/144.0.0.0 Safari/537.36 Edg/144.0.0.0 (compatible; meta-externalagent/1.1 (+https://developers.facebook.com/docs/sharing/webmasters/crawler))"
216.73.216.37 - - [26/Sep/2026:13:05:10 +0000] "GET /?k=21558595088 HTTP/2" 429 0 "-" "Mozilla/5.0 AppleWebKit/537.36 (KHTML, like Gecko; compatible; ClaudeBot/1.0; +claudebot@anthropic.com)"
216.73.216.37 - - [26/Sep/2026:13:05:15 +0000] "GET /?l=73312203703 HTTP/2" 429 0 "-" "Mozilla/5.0 AppleWebKit/537.36 (KHTML, like Gecko; compatible; ClaudeBot/1.0; +claudebot@anthropic.com)"
216.73.216.37 - - [26/Sep/2026:13:05:20 +0000] "GET /?l=54610675832 HTTP/2" 429 0 "-" "Mozilla/5.0 AppleWebKit/537.36 (KHTML, like Gecko; compatible; ClaudeBot/1.0; +claudebot@anthropic.com)"
74.7.243.235 - - [26/Sep/2026:13:05:21 +0000] "GET /2025/06/28/craps-online/ HTTP/2" 200 16843 "https://osdg.ngo/wp-sitemap-posts-post-2.xml" "Mozilla/5.0 AppleWebKit/537.36 (KHTML, like Gecko; compatible; GPTBot/1.4; +https://openai.com/gptbot)"
74.7.175.131 - - [26/Sep/2026:13:05:21 +0000] "GET /robots.txt HTTP/2" 200 61 "-" "Mozilla/5.0 (Macintosh; Intel Mac OS X 10_15_7) AppleWebKit/537.36 (KHTML, like Gecko) Chrome/131.0.0.0 Safari/537.36; compatible; OAI-SearchBot/1.4; robots.txt; +https://openai.com/searchbot"
216.73.216.37 - - [26/Sep/2026:13:05:25 +0000] "GET /?q=41114849309 HTTP/2" 429 0 "-" "Mozilla/5.0 AppleWebKit/537.36 (KHTML, like Gecko; compatible; ClaudeBot/1.0; +claudebot@anthropic.com)"
216.73.216.37 - - [26/Sep/2026:13:05:30 +0000] "GET /?k=50089342548 HTTP/2" 429 0 "-" "Mozilla/5.0 AppleWebKit/537.36 (KHTML, like Gecko; compatible; ClaudeBot/1.0; +claudebot@anthropic.com)"
216.73.216.37 - - [26/Sep/2026:13:05:35 +0000] "GET /?l=59814066143 HTTP/2" 429 0 "-" "Mozilla/5.0 AppleWebKit/537.36 (KHTML, like Gecko; compatible; ClaudeBot/1.0; +claudebot@anthropic.com)"
216.73.216.37 - - [26/Sep/2026:13:05:40 +0000] "GET /?y=97821826073 HTTP/2" 429 0 "-" "Mozilla/5.0 AppleWebKit/537.36 (KHTML, like Gecko; compatible; ClaudeBot/1.0; +claudebot@anthropic.com)"
74.7.243.235 - - [26/Sep/2026:13:05:41 +0000] "GET /2025/06/28/ruleta-juego/ HTTP/2" 429 0 "https://osdg.ngo/wp-sitemap-posts-post-3.xml" "Mozilla/5.0 AppleWebKit/537.36 (KHTML, like Gecko; compatible; GPTBot/1.4; +https://openai.com/gptbot)"
216.73.216.37 - - [26/Sep/2026:13:05:45 +0000] "GET /?e=45071799020 HTTP/2" 429 0 "-" "Mozilla/5.0 AppleWebKit/537.36 (KHTML, like Gecko; compatible; ClaudeBot/1.0; +claudebot@anthropic.com)"
216.73.216.37 - - [26/Sep/2026:13:05:50 +0000] "GET /?r=93411180594 HTTP/2" 200 1395 "-" "Mozilla/5.0 AppleWebKit/537.36 (KHTML, like Gecko; compatible; ClaudeBot/1.0; +claudebot@anthropic.com)"
66.249.74.6 - - [26/Sep/2026:13:05:50 +0000] "GET /causes-1/?path=//lib/rpm/platform/pentium4-linux HTTP/1.1" 200 15504 "-" "Mozilla/5.0 (Linux; Android 6.0.1; Nexus 5X Build/MMB29P) AppleWebKit/537.36 (KHTML, like Gecko) Chrome/153.0.8010.52 Mobile Safari/537.36 (compatible; GoogleOther)"
216.73.216.37 - - [26/Sep/2026:13:05:55 +0000] "GET /?q=20879894910 HTTP/2" 429 0 "-" "Mozilla/5.0 AppleWebKit/537.36 (KHTML, like Gecko; compatible; ClaudeBot/1.0; +claudebot@anthropic.com)"
57.141.20.6 - - [26/Sep/2026:13:05:55 +0000] "GET /?y=38873471687 HTTP/2" 429 0 "-" "Mozilla/5.0 (Windows NT 10.0; Win64; x64) AppleWebKit/537.36 (KHTML, like Gecko) Chrome/145.0.0.0 Safari/537.36 (compatible; meta-externalagent/1.1 (+https://developers.facebook.com/docs/sharing/webmasters/crawler))"
74.7.243.235 - - [26/Sep/2026:13:05:57 +0000] "GET /?p=5473 HTTP/2" 429 0 "https://osdg.ngo/2025/06/28/tragaperras-online-toshi-video-club/" "Mozilla/5.0 AppleWebKit/537.36 (KHTML, like Gecko; compatible; GPTBot/1.4; +https://openai.com/gptbot)"
216.73.216.37 - - [26/Sep/2026:13:06:00 +0000] "GET /?w=74154862544 HTTP/2" 429 0 "-" "Mozilla/5.0 AppleWebKit/537.36 (KHTML, like Gecko; compatible; ClaudeBot/1.0; +claudebot@anthropic.com)"
66.249.74.6 - - [26/Sep/2026:13:06:01 +0000] "GET /causes-1/?action=edit&file=e4dfec24701fda39644171ca4c34e426dcfc99&path=%2F%2Flib%2F.build-id%2F50 HTTP/1.1" 200 100522 "-" "Mozilla/5.0 (Linux; Android 6.0.1; Nexus 5X Build/MMB29P) AppleWebKit/537.36 (KHTML, like Gecko) Chrome/153.0.8010.52 Mobile Safari/537.36 (compatible; GoogleOther)"
66.249.74.6 - - [26/Sep/2026:13:06:04 +0000] "GET /causes-1/?action=edit&file=LC_ADDRESS&path=%2F%2Flib%2Flocale%2Fen_BW.utf8 HTTP/1.1" 200 15396 "-" "Mozilla/5.0 (Linux; Android 6.0.1; Nexus 5X Build/MMB29P) AppleWebKit/537.36 (KHTML, like Gecko) Chrome/153.0.8010.52 Mobile Safari/537.36 (compatible; GoogleOther)"
216.73.216.37 - - [26/Sep/2026:13:06:05 +0000] "GET /?l=63430298506 HTTP/2" 429 0 "-" "Mozilla/5.0 AppleWebKit/537.36 (KHTML, like Gecko; compatible; ClaudeBot/1.0; +claudebot@anthropic.com)"
66.249.74.6 - - [26/Sep/2026:13:06:08 +0000] "GET /causes-1/?action=edit&file=LC_PAPER&path=%2F%2Flib%2Flocale%2Fen_BW.utf8 HTTP/1.1" 200 15292 "-" "Mozilla/5.0 (Linux; Android 6.0.1; Nexus 5X Build/MMB29P) AppleWebKit/537.36 (KHTML, like Gecko) Chrome/153.0.8010.52 Mobile Safari/537.36 (compatible; GoogleOther)"
216.73.216.37 - - [26/Sep/2026:13:06:10 +0000] "GET /?c=30094938156 HTTP/2" 429 0 "-" "Mozilla/5.0 AppleWebKit/537.36 (KHTML, like Gecko; compatible; ClaudeBot/1.0; +claudebot@anthropic.com)"
216.73.216.37 - - [26/Sep/2026:13:06:15 +0000] "GET /?u=81781702682 HTTP/2" 429 0 "-" "Mozilla/5.0 AppleWebKit/537.36 (KHTML, like Gecko; compatible; ClaudeBot/1.0; +claudebot@anthropic.com)"
216.73.216.37 - - [26/Sep/2026:13:06:20 +0000] "GET /?u=46339179034 HTTP/2" 429 0 "-" "Mozilla/5.0 AppleWebKit/537.36 (KHTML, like Gecko; compatible; ClaudeBot/1.0; +claudebot@anthropic.com)"
66.249.74.6 - - [26/Sep/2026:13:06:20 +0000] "GET /causes-1/?action=edit&file=LC_NUMERIC&path=%2F%2Flib%2Flocale%2Fen_NZ.utf8 HTTP/1.1" 200 15270 "-" "Mozilla/5.0 (Linux; Android 6.0.1; Nexus 5X Build/MMB29P) AppleWebKit/537.36 (KHTML, like Gecko) Chrome/153.0.8010.52 Mobile Safari/537.36 (compatible; GoogleOther)"
66.249.74.6 - - [26/Sep/2026:13:06:24 +0000] "GET /causes-1/?action=edit&file=904184336fe6f98d49221aadce1e58c704975e&path=%2F%2Flib%2F.build-id%2F50 HTTP/1.1" 200 42119 "-" "Mozilla/5.0 (Linux; Android 6.0.1; Nexus 5X Build/MMB29P) AppleWebKit/537.36 (KHTML, like Gecko) Chrome/153.0.8010.52 Mobile Safari/537.36 (compatible; GoogleOther)"
216.73.216.37 - - [26/Sep/2026:13:06:25 +0000] "GET /?q=66358924485 HTTP/2" 429 0 "-" "Mozilla/5.0 AppleWebKit/537.36 (KHTML, like Gecko; compatible; ClaudeBot/1.0; +claudebot@anthropic.com)"
66.249.74.6 - - [26/Sep/2026:13:06:28 +0000] "GET /causes-1/?action=edit&file=LC_MONETARY&path=%2F%2Flib%2Flocale%2Fen_BW.utf8 HTTP/1.1" 200 15356 "-" "Mozilla/5.0 (Linux; Android 6.0.1; Nexus 5X Build/MMB29P) AppleWebKit/537.36 (KHTML, like Gecko) Chrome/153.0.8010.52 Mobile Safari/537.36 (compatible; GoogleOther)"
216.73.216.37 - - [26/Sep/2026:13:06:30 +0000] "GET /?k=28857123430 HTTP/2" 429 0 "-" "Mozilla/5.0 AppleWebKit/537.36 (KHTML, like Gecko; compatible; ClaudeBot/1.0; +claudebot@anthropic.com)"
66.249.74.6 - - [26/Sep/2026:13:06:31 +0000] "GET /wp-includes/js/dist/script-modules/block-library/navigation/view.min.js?ver=1bf28ded04f9f188bdcb HTTP/1.1" 200 1004 "https://osdg.ngo/causes-1/?action=edit&file=LC_MONETARY&path=%2F%2Flib%2Flocale%2Fen_BW.utf8" "Mozilla/5.0 (Linux; Android 6.0.1; Nexus 5X Build/MMB29P) AppleWebKit/537.36 (KHTML, like Gecko) Chrome/153.0.8010.52 Mobile Safari/537.36 (compatible; GoogleOther)"
66.249.74.6 - - [26/Sep/2026:13:06:32 +0000] "GET /causes-1/?action=edit&file=4f07ac3904d8bdae7bdbafd875fea8747eb362&path=%2F%2Flib%2F.build-id%2Fe8 HTTP/1.1" 200 20931 "-" "Mozilla/5.0 (Linux; Android 6.0.1; Nexus 5X Build/MMB29P) AppleWebKit/537.36 (KHTML, like Gecko) Chrome/153.0.8010.52 Mobile Safari/537.36 (compatible; GoogleOther)"
216.73.216.37 - - [26/Sep/2026:13:06:35 +0000] "GET /?k=4360206023 HTTP/2" 200 1395 "-" "Mozilla/5.0 AppleWebKit/537.36 (KHTML, like Gecko; compatible; ClaudeBot/1.0; +claudebot@anthropic.com)"
216.73.216.37 - - [26/Sep/2026:13:06:40 +0000] "GET /?u=21544649265 HTTP/2" 429 0 "-" "Mozilla/5.0 AppleWebKit/537.36 (KHTML, like Gecko; compatible; ClaudeBot/1.0; +claudebot@anthropic.com)"
216.73.216.37 - - [26/Sep/2026:13:06:45 +0000] "GET /?y=81285869918 HTTP/2" 429 0 "-" "Mozilla/5.0 AppleWebKit/537.36 (KHTML, like Gecko; compatible; ClaudeBot/1.0; +claudebot@anthropic.com)"
66.249.74.6 - - [26/Sep/2026:13:06:46 +0000] "GET /causes-1/?action=edit&file=d560111236e9122660275a4211558039c28087&path=%2F%2Flib%2F.build-id%2F50 HTTP/1.1" 200 15140 "-" "Mozilla/5.0 (Linux; Android 6.0.1; Nexus 5X Build/MMB29P) AppleWebKit/537.36 (KHTML, like Gecko) Chrome/153.0.8010.52 Mobile Safari/537.36 (compatible; GoogleOther)"
57.141.20.35 - - [26/Sep/2026:13:06:48 +0000] "GET /shop/items/A391645361 HTTP/2" 429 0 "-" "Mozilla/5.0 (X11; Linux x86_64) AppleWebKit/537.36 (KHTML, like Gecko) Chrome/145.0.0.0 Safari/537.36 (compatible; meta-externalagent/1.1 (+https://developers.facebook.com/docs/sharing/webmasters/crawler))"
216.73.216.37 - - [26/Sep/2026:13:06:50 +0000] "GET /?k=10230259122 HTTP/2" 429 0 "-" "Mozilla/5.0 AppleWebKit/537.36 (KHTML, like Gecko; compatible; ClaudeBot/1.0; +claudebot@anthropic.com)"
216.73.216.37 - - [26/Sep/2026:13:06:55 +0000] "GET /?k=37977941937 HTTP/2" 429 0 "-" "Mozilla/5.0 AppleWebKit/537.36 (KHTML, like Gecko; compatible; ClaudeBot/1.0; +claudebot@anthropic.com)"
74.7.243.235 - - [26/Sep/2026:13:06:57 +0000] "GET /2025/06/28/juegos-tragamonedas-viejos-gratis/ HTTP/2" 429 0 "https://osdg.ngo/2025/06/28/tragaperras-online-toshi-video-club/" "Mozilla/5.0 AppleWebKit/537.36 (KHTML, like Gecko; compatible; GPTBot/1.4; +https://openai.com/gptbot)"
216.73.216.37 - - [26/Sep/2026:13:07:00 +0000] "GET /?f=69556889187 HTTP/2" 429 0 "-" "Mozilla/5.0 AppleWebKit/537.36 (KHTML, like Gecko; compatible; ClaudeBot/1.0; +claudebot@anthropic.com)"
66.249.74.7 - - [26/Sep/2026:13:07:01 +0000] "GET /causes-1/?action=edit&file=LC_CTYPE&path=%2F%2Flib%2Flocale%2Fen_BW.utf8 HTTP/1.1" 200 52377 "-" "Mozilla/5.0 (Linux; Android 6.0.1; Nexus 5X Build/MMB29P) AppleWebKit/537.36 (KHTML, like Gecko) Chrome/153.0.8010.52 Mobile Safari/537.36 (compatible; GoogleOther)"
216.73.216.37 - - [26/Sep/2026:13:07:05 +0000] "GET /?q=67244487519 HTTP/2" 429 0 "-" "Mozilla/5.0 AppleWebKit/537.36 (KHTML, like Gecko; compatible; ClaudeBot/1.0; +claudebot@anthropic.com)"
216.73.216.37 - - [26/Sep/2026:13:07:10 +0000] "GET /?k=26890359887 HTTP/2" 429 0 "-" "Mozilla/5.0 AppleWebKit/537.36 (KHTML, like Gecko; compatible; ClaudeBot/1.0; +claudebot@anthropic.com)"
216.73.216.37 - - [26/Sep/2026:13:07:15 +0000] "GET /?c=66255422824 HTTP/2" 429 0 "-" "Mozilla/5.0 AppleWebKit/537.36 (KHTML, like Gecko; compatible; ClaudeBot/1.0; +claudebot@anthropic.com)"
74.7.243.235 - - [26/Sep/2026:13:07:17 +0000] "GET /2025/06/28/juego-plinko/ HTTP/2" 429 0 "https://osdg.ngo/wp-sitemap-posts-post-3.xml" "Mozilla/5.0 AppleWebKit/537.36 (KHTML, like Gecko; compatible; GPTBot/1.4; +https://openai.com/gptbot)"
57.141.0.55 - - [26/Sep/2026:13:07:18 +0000] "GET / HTTP/2" 200 22368 "-" "facebookexternalhit/1.1 (+http://www.facebook.com/externalhit_uatext.php)"
216.73.216.37 - - [26/Sep/2026:13:07:20 +0000] "GET /?y=59971376224 HTTP/2" 200 1395 "-" "Mozilla/5.0 AppleWebKit/537.36 (KHTML, like Gecko; compatible; ClaudeBot/1.0; +claudebot@anthropic.com)"
216.73.216.37 - - [26/Sep/2026:13:07:25 +0000] "GET /?u=13277423285 HTTP/2" 429 0 "-" "Mozilla/5.0 AppleWebKit/537.36 (KHTML, like Gecko; compatible; ClaudeBot/1.0; +claudebot@anthropic.com)"
