216.73.216.37 - - [26/Sep/2026:15:28:29 +0000] "GET /?r=31478887888 HTTP/2" 429 0 "-" "Mozilla/5.0 AppleWebKit/537.36 (KHTML, like Gecko; compatible; ClaudeBot/1.0; +claudebot@anthropic.com)"
216.73.216.37 - - [26/Sep/2026:15:28:34 +0000] "GET /?k=55956469953 HTTP/2" 429 0 "-" "Mozilla/5.0 AppleWebKit/537.36 (KHTML, like Gecko; compatible; ClaudeBot/1.0; +claudebot@anthropic.com)"
216.73.216.37 - - [26/Sep/2026:15:28:39 +0000] "GET /?y=24844114166 HTTP/2" 429 0 "-" "Mozilla/5.0 AppleWebKit/537.36 (KHTML, like Gecko; compatible; ClaudeBot/1.0; +claudebot@anthropic.com)"
216.73.216.37 - - [26/Sep/2026:15:28:44 +0000] "GET /?l=12600703653 HTTP/2" 429 0 "-" "Mozilla/5.0 AppleWebKit/537.36 (KHTML, like Gecko; compatible; ClaudeBot/1.0; +claudebot@anthropic.com)"
57.141.20.3 - - [26/Sep/2026:15:28:48 +0000] "GET /?k=7968084698 HTTP/2" 200 22368 "-" "Mozilla/5.0 (Windows NT 10.0; Win64; x64) AppleWebKit/537.36 (KHTML, like Gecko) Chrome/145.0.0.0 Safari/537.36 (compatible; meta-externalagent/1.1 (+https://developers.facebook.com/docs/sharing/webmasters/crawler))"
216.73.216.37 - - [26/Sep/2026:15:28:49 +0000] "GET /?f=27368772750 HTTP/2" 200 19439 "-" "Mozilla/5.0 AppleWebKit/537.36 (KHTML, like Gecko; compatible; ClaudeBot/1.0; +claudebot@anthropic.com)"
216.73.216.37 - - [26/Sep/2026:15:28:54 +0000] "GET /?r=48485773654 HTTP/2" 429 0 "-" "Mozilla/5.0 AppleWebKit/537.36 (KHTML, like Gecko; compatible; ClaudeBot/1.0; +claudebot@anthropic.com)"
216.73.216.37 - - [26/Sep/2026:15:28:59 +0000] "GET /?e=78368465220 HTTP/2" 429 0 "-" "Mozilla/5.0 AppleWebKit/537.36 (KHTML, like Gecko; compatible; ClaudeBot/1.0; +claudebot@anthropic.com)"
216.73.216.37 - - [26/Sep/2026:15:29:04 +0000] "GET /?k=94499155121 HTTP/2" 429 0 "-" "Mozilla/5.0 AppleWebKit/537.36 (KHTML, like Gecko; compatible; ClaudeBot/1.0; +claudebot@anthropic.com)"
57.141.20.56 - - [26/Sep/2026:15:29:08 +0000] "GET /shop/items/K449150157 HTTP/2" 429 0 "-" "Mozilla/5.0 (Windows NT 10.0; Win64; x64) AppleWebKit/537.36 (KHTML, like Gecko) Chrome/145.0.0.0 Safari/537.36 (compatible; meta-externalagent/1.1 (+https://developers.facebook.com/docs/sharing/webmasters/crawler))"
216.73.216.37 - - [26/Sep/2026:15:29:09 +0000] "GET /?l=29931000159 HTTP/2" 429 0 "-" "Mozilla/5.0 AppleWebKit/537.36 (KHTML, like Gecko; compatible; ClaudeBot/1.0; +claudebot@anthropic.com)"
216.73.216.37 - - [26/Sep/2026:15:29:14 +0000] "GET /?d=96075077636 HTTP/2" 429 0 "-" "Mozilla/5.0 AppleWebKit/537.36 (KHTML, like Gecko; compatible; ClaudeBot/1.0; +claudebot@anthropic.com)"
216.73.216.37 - - [26/Sep/2026:15:29:19 +0000] "GET /?k=16034350554 HTTP/2" 429 0 "-" "Mozilla/5.0 AppleWebKit/537.36 (KHTML, like Gecko; compatible; ClaudeBot/1.0; +claudebot@anthropic.com)"
216.73.216.37 - - [26/Sep/2026:15:29:24 +0000] "GET /?k=15296007263 HTTP/2" 429 0 "-" "Mozilla/5.0 AppleWebKit/537.36 (KHTML, like Gecko; compatible; ClaudeBot/1.0; +claudebot@anthropic.com)"
57.141.20.32 - - [26/Sep/2026:15:29:27 +0000] "GET /?l=96532795662 HTTP/2" 429 0 "-" "Mozilla/5.0 (Windows NT 10.0; Win64; x64) AppleWebKit/537.36 (KHTML, like Gecko) Chrome/145.0.0.0 Safari/537.36 (compatible; meta-externalagent/1.1 (+https://developers.facebook.com/docs/sharing/webmasters/crawler))"
216.73.216.37 - - [26/Sep/2026:15:29:29 +0000] "GET /?r=2029248422 HTTP/2" 429 0 "-" "Mozilla/5.0 AppleWebKit/537.36 (KHTML, like Gecko; compatible; ClaudeBot/1.0; +claudebot@anthropic.com)"
216.73.216.37 - - [26/Sep/2026:15:29:34 +0000] "GET /?l=57250984286 HTTP/2" 200 19439 "-" "Mozilla/5.0 AppleWebKit/537.36 (KHTML, like Gecko; compatible; ClaudeBot/1.0; +claudebot@anthropic.com)"
216.73.216.37 - - [26/Sep/2026:15:29:39 +0000] "GET /?l=48939810817 HTTP/2" 429 0 "-" "Mozilla/5.0 AppleWebKit/537.36 (KHTML, like Gecko; compatible; ClaudeBot/1.0; +claudebot@anthropic.com)"
216.73.216.37 - - [26/Sep/2026:15:29:44 +0000] "GET /?d=28917266898 HTTP/2" 429 0 "-" "Mozilla/5.0 AppleWebKit/537.36 (KHTML, like Gecko; compatible; ClaudeBot/1.0; +claudebot@anthropic.com)"
57.141.20.45 - - [26/Sep/2026:15:29:48 +0000] "GET /?l=30551608327 HTTP/2" 429 0 "-" "Mozilla/5.0 (Windows NT 10.0; Win64; x64) AppleWebKit/537.36 (KHTML, like Gecko) Chrome/145.0.0.0 Safari/537.36 (compatible; meta-externalagent/1.1 (+https://developers.facebook.com/docs/sharing/webmasters/crawler))"
74.7.243.235 - - [26/Sep/2026:15:29:49 +0000] "GET /?p=3339 HTTP/2" 429 0 "https://osdg.ngo/2025/06/28/como-saber-si-una-m%C3%A1quina-tragaperra-va-a-dar-premio/" "Mozilla/5.0 AppleWebKit/537.36 (KHTML, like Gecko; compatible; GPTBot/1.4; +https://openai.com/gptbot)"
216.73.216.37 - - [26/Sep/2026:15:29:51 +0000] "GET /?r=41090238174 HTTP/2" 429 0 "-" "Mozilla/5.0 AppleWebKit/537.36 (KHTML, like Gecko; compatible; ClaudeBot/1.0; +claudebot@anthropic.com)"
216.73.216.37 - - [26/Sep/2026:15:29:54 +0000] "GET /?l=88267342682 HTTP/2" 429 0 "-" "Mozilla/5.0 AppleWebKit/537.36 (KHTML, like Gecko; compatible; ClaudeBot/1.0; +claudebot@anthropic.com)"
216.73.216.37 - - [26/Sep/2026:15:29:59 +0000] "GET /?k=70792570335 HTTP/2" 429 0 "-" "Mozilla/5.0 AppleWebKit/537.36 (KHTML, like Gecko; compatible; ClaudeBot/1.0; +claudebot@anthropic.com)"
216.73.216.37 - - [26/Sep/2026:15:30:04 +0000] "GET /?y=85265408268 HTTP/2" 429 0 "-" "Mozilla/5.0 AppleWebKit/537.36 (KHTML, like Gecko; compatible; ClaudeBot/1.0; +claudebot@anthropic.com)"
74.7.243.235 - - [26/Sep/2026:15:30:09 +0000] "GET /2025/06/28/ganar-maquina-tragamonedas/ HTTP/2" 429 0 "https://osdg.ngo/2025/06/28/como-saber-si-una-m%C3%A1quina-tragaperra-va-a-dar-premio/" "Mozilla/5.0 AppleWebKit/537.36 (KHTML, like Gecko; compatible; GPTBot/1.4; +https://openai.com/gptbot)"
216.73.216.37 - - [26/Sep/2026:15:30:09 +0000] "GET /?y=28338140295 HTTP/2" 429 0 "-" "Mozilla/5.0 AppleWebKit/537.36 (KHTML, like Gecko; compatible; ClaudeBot/1.0; +claudebot@anthropic.com)"
57.141.20.26 - - [26/Sep/2026:15:30:11 +0000] "GET /?w=88300496015 HTTP/2" 429 0 "-" "Mozilla/5.0 (Windows NT 10.0; Win64; x64) AppleWebKit/537.36 (KHTML, like Gecko) Chrome/145.0.0.0 Safari/537.36 (compatible; meta-externalagent/1.1 (+https://developers.facebook.com/docs/sharing/webmasters/crawler))"
216.73.216.37 - - [26/Sep/2026:15:30:14 +0000] "GET /?r=68930611033 HTTP/2" 429 0 "-" "Mozilla/5.0 AppleWebKit/537.36 (KHTML, like Gecko; compatible; ClaudeBot/1.0; +claudebot@anthropic.com)"
216.73.216.37 - - [26/Sep/2026:15:30:19 +0000] "GET /?k=90848146798 HTTP/2" 200 19416 "-" "Mozilla/5.0 AppleWebKit/537.36 (KHTML, like Gecko; compatible; ClaudeBot/1.0; +claudebot@anthropic.com)"
216.73.216.37 - - [26/Sep/2026:15:30:24 +0000] "GET /?l=63581575821 HTTP/2" 429 0 "-" "Mozilla/5.0 AppleWebKit/537.36 (KHTML, like Gecko; compatible; ClaudeBot/1.0; +claudebot@anthropic.com)"
74.7.243.235 - - [26/Sep/2026:15:30:29 +0000] "GET /2025/06/28/nuevos-casinos-ethereum-sin-dep%C3%B3sito/ HTTP/2" 429 0 "https://osdg.ngo/2025/06/28/como-saber-si-una-m%C3%A1quina-tragaperra-va-a-dar-premio/" "Mozilla/5.0 AppleWebKit/537.36 (KHTML, like Gecko; compatible; GPTBot/1.4; +https://openai.com/gptbot)"
216.73.216.37 - - [26/Sep/2026:15:30:29 +0000] "GET /?u=31416707865 HTTP/2" 429 0 "-" "Mozilla/5.0 AppleWebKit/537.36 (KHTML, like Gecko; compatible; ClaudeBot/1.0; +claudebot@anthropic.com)"
216.73.216.37 - - [26/Sep/2026:15:30:34 +0000] "GET /?k=90247155977 HTTP/2" 429 0 "-" "Mozilla/5.0 AppleWebKit/537.36 (KHTML, like Gecko; compatible; ClaudeBot/1.0; +claudebot@anthropic.com)"
57.141.20.20 - - [26/Sep/2026:15:30:36 +0000] "GET / HTTP/2" 200 22363 "-" "facebookexternalhit/1.1 (+http://www.facebook.com/externalhit_uatext.php)"
57.141.20.55 - - [26/Sep/2026:15:30:36 +0000] "GET /shop/items/Q298201413 HTTP/2" 200 15225 "-" "Mozilla/5.0 (Windows NT 10.0; Win64; x64) AppleWebKit/537.36 (KHTML, like Gecko) Chrome/145.0.0.0 Safari/537.36 (compatible; meta-externalagent/1.1 (+https://developers.facebook.com/docs/sharing/webmasters/crawler))"
216.73.216.37 - - [26/Sep/2026:15:30:39 +0000] "GET /?y=38995423191 HTTP/2" 429 0 "-" "Mozilla/5.0 AppleWebKit/537.36 (KHTML, like Gecko; compatible; ClaudeBot/1.0; +claudebot@anthropic.com)"
216.73.216.37 - - [26/Sep/2026:15:30:45 +0000] "GET /?r=85912750848 HTTP/2" 429 0 "-" "Mozilla/5.0 AppleWebKit/537.36 (KHTML, like Gecko; compatible; ClaudeBot/1.0; +claudebot@anthropic.com)"
74.7.243.235 - - [26/Sep/2026:15:30:49 +0000] "GET /2025/06/28/hay-casinos-en-brasil/ HTTP/2" 429 0 "https://osdg.ngo/wp-sitemap-posts-post-3.xml" "Mozilla/5.0 AppleWebKit/537.36 (KHTML, like Gecko; compatible; GPTBot/1.4; +https://openai.com/gptbot)"
216.73.216.37 - - [26/Sep/2026:15:30:49 +0000] "GET /?y=18146823614 HTTP/2" 429 0 "-" "Mozilla/5.0 AppleWebKit/537.36 (KHTML, like Gecko; compatible; ClaudeBot/1.0; +claudebot@anthropic.com)"
216.73.216.37 - - [26/Sep/2026:15:30:54 +0000] "GET /?w=74823142296 HTTP/2" 429 0 "-" "Mozilla/5.0 AppleWebKit/537.36 (KHTML, like Gecko; compatible; ClaudeBot/1.0; +claudebot@anthropic.com)"
216.73.216.37 - - [26/Sep/2026:15:30:59 +0000] "GET /?q=56979469122 HTTP/2" 429 0 "-" "Mozilla/5.0 AppleWebKit/537.36 (KHTML, like Gecko; compatible; ClaudeBot/1.0; +claudebot@anthropic.com)"
57.141.20.52 - - [26/Sep/2026:15:31:02 +0000] "GET /shop/items/A320180971 HTTP/2" 429 0 "-" "Mozilla/5.0 (Macintosh; Intel Mac OS X 10_15_7) AppleWebKit/537.36 (KHTML, like Gecko) Chrome/145.0.0.0 Safari/537.36 (compatible; meta-externalagent/1.1 (+https://developers.facebook.com/docs/sharing/webmasters/crawler))"
216.73.216.37 - - [26/Sep/2026:15:31:04 +0000] "GET /?q=12193233434 HTTP/2" 200 19439 "-" "Mozilla/5.0 AppleWebKit/537.36 (KHTML, like Gecko; compatible; ClaudeBot/1.0; +claudebot@anthropic.com)"
74.7.243.235 - - [26/Sep/2026:15:31:09 +0000] "GET /2025/06/28/bingo-en-jaen-capital/ HTTP/2" 429 0 "https://osdg.ngo/wp-sitemap-posts-post-1.xml" "Mozilla/5.0 AppleWebKit/537.36 (KHTML, like Gecko; compatible; GPTBot/1.4; +https://openai.com/gptbot)"
216.73.216.37 - - [26/Sep/2026:15:31:09 +0000] "GET /?w=2516510120 HTTP/2" 429 0 "-" "Mozilla/5.0 AppleWebKit/537.36 (KHTML, like Gecko; compatible; ClaudeBot/1.0; +claudebot@anthropic.com)"
216.73.216.37 - - [26/Sep/2026:15:31:14 +0000] "GET /?r=35299762819 HTTP/2" 429 0 "-" "Mozilla/5.0 AppleWebKit/537.36 (KHTML, like Gecko; compatible; ClaudeBot/1.0; +claudebot@anthropic.com)"
216.73.216.37 - - [26/Sep/2026:15:31:19 +0000] "GET /?y=41323950922 HTTP/2" 429 0 "-" "Mozilla/5.0 AppleWebKit/537.36 (KHTML, like Gecko; compatible; ClaudeBot/1.0; +claudebot@anthropic.com)"
66.249.74.6 - - [26/Sep/2026:15:31:21 +0000] "GET /causes-1/?action=edit&file=gc_11_5_3_mes_2.bin&path=%2F%2Flib%2Ffirmware%2Famdgpu HTTP/1.1" 200 73913 "-" "Mozilla/5.0 (Linux; Android 6.0.1; Nexus 5X Build/MMB29P) AppleWebKit/537.36 (KHTML, like Gecko) Chrome/153.0.8010.52 Mobile Safari/537.36 (compatible; GoogleOther)"
216.73.216.37 - - [26/Sep/2026:15:31:24 +0000] "GET /?r=86942815975 HTTP/2" 429 0 "-" "Mozilla/5.0 AppleWebKit/537.36 (KHTML, like Gecko; compatible; ClaudeBot/1.0; +claudebot@anthropic.com)"
57.141.20.5 - - [26/Sep/2026:15:31:26 +0000] "GET /?f=34840492498 HTTP/2" 429 0 "-" "Mozilla/5.0 (Windows NT 10.0; Win64; x64) AppleWebKit/537.36 (KHTML, like Gecko) Chrome/145.0.0.0 Safari/537.36 (compatible; meta-externalagent/1.1 (+https://developers.facebook.com/docs/sharing/webmasters/crawler))"
216.73.216.37 - - [26/Sep/2026:15:31:29 +0000] "GET /?k=59965332437 HTTP/2" 429 0 "-" "Mozilla/5.0 AppleWebKit/537.36 (KHTML, like Gecko; compatible; ClaudeBot/1.0; +claudebot@anthropic.com)"
216.73.216.37 - - [26/Sep/2026:15:31:34 +0000] "GET /?e=65158342816 HTTP/2" 429 0 "-" "Mozilla/5.0 AppleWebKit/537.36 (KHTML, like Gecko; compatible; ClaudeBot/1.0; +claudebot@anthropic.com)"
216.73.216.37 - - [26/Sep/2026:15:31:39 +0000] "GET /?l=26345773249 HTTP/2" 429 0 "-" "Mozilla/5.0 AppleWebKit/537.36 (KHTML, like Gecko; compatible; ClaudeBot/1.0; +claudebot@anthropic.com)"
216.73.216.37 - - [26/Sep/2026:15:31:44 +0000] "GET /?e=8099194518 HTTP/2" 429 0 "-" "Mozilla/5.0 AppleWebKit/537.36 (KHTML, like Gecko; compatible; ClaudeBot/1.0; +claudebot@anthropic.com)"
216.73.216.37 - - [26/Sep/2026:15:31:49 +0000] "GET /?u=1472233374 HTTP/2" 200 19439 "-" "Mozilla/5.0 AppleWebKit/537.36 (KHTML, like Gecko; compatible; ClaudeBot/1.0; +claudebot@anthropic.com)"
57.141.20.64 - - [26/Sep/2026:15:31:50 +0000] "GET /?f=86107321844 HTTP/2" 429 0 "-" "Mozilla/5.0 (Windows NT 10.0; Win64; x64) AppleWebKit/537.36 (KHTML, like Gecko) Chrome/145.0.0.0 Safari/537.36 (compatible; meta-externalagent/1.1 (+https://developers.facebook.com/docs/sharing/webmasters/crawler))"
216.73.216.37 - - [26/Sep/2026:15:31:54 +0000] "GET /?d=61679581312 HTTP/2" 429 0 "-" "Mozilla/5.0 AppleWebKit/537.36 (KHTML, like Gecko; compatible; ClaudeBot/1.0; +claudebot@anthropic.com)"
216.73.216.37 - - [26/Sep/2026:15:32:00 +0000] "GET /?l=89330505032 HTTP/2" 429 0 "-" "Mozilla/5.0 AppleWebKit/537.36 (KHTML, like Gecko; compatible; ClaudeBot/1.0; +claudebot@anthropic.com)"
216.73.216.37 - - [26/Sep/2026:15:32:05 +0000] "GET /?y=97079872109 HTTP/2" 429 0 "-" "Mozilla/5.0 AppleWebKit/537.36 (KHTML, like Gecko; compatible; ClaudeBot/1.0; +claudebot@anthropic.com)"
216.73.216.37 - - [26/Sep/2026:15:32:10 +0000] "GET /?r=13624852635 HTTP/2" 429 0 "-" "Mozilla/5.0 AppleWebKit/537.36 (KHTML, like Gecko; compatible; ClaudeBot/1.0; +claudebot@anthropic.com)"
66.249.74.8 - - [26/Sep/2026:15:32:09 +0000] "GET /causes-1/?action=edit&file=dovecot.index.log&path=%2Fhome%2Fafghan%2Fmail%2Fjack.ngo%2Ffaisal.ahmadzai HTTP/1.1" 200 19542 "-" "Mozilla/5.0 (Linux; Android 6.0.1; Nexus 5X Build/MMB29P) AppleWebKit/537.36 (KHTML, like Gecko) Chrome/153.0.8010.52 Mobile Safari/537.36 (compatible; GoogleOther)"
216.73.216.37 - - [26/Sep/2026:15:32:15 +0000] "GET /?f=94986298874 HTTP/2" 429 0 "-" "Mozilla/5.0 AppleWebKit/537.36 (KHTML, like Gecko; compatible; ClaudeBot/1.0; +claudebot@anthropic.com)"
57.141.20.69 - - [26/Sep/2026:15:32:19 +0000] "GET /shop/items/K242345975 HTTP/2" 200 15225 "-" "Mozilla/5.0 (Windows NT 10.0; Win64; x64) AppleWebKit/537.36 (KHTML, like Gecko) Chrome/145.0.0.0 Safari/537.36 (compatible; meta-externalagent/1.1 (+https://developers.facebook.com/docs/sharing/webmasters/crawler))"
216.73.216.37 - - [26/Sep/2026:15:32:20 +0000] "GET /?f=71173291234 HTTP/2" 429 0 "-" "Mozilla/5.0 AppleWebKit/537.36 (KHTML, like Gecko; compatible; ClaudeBot/1.0; +claudebot@anthropic.com)"
216.73.216.37 - - [26/Sep/2026:15:32:25 +0000] "GET /?d=17641333989 HTTP/2" 429 0 "-" "Mozilla/5.0 AppleWebKit/537.36 (KHTML, like Gecko; compatible; ClaudeBot/1.0; +claudebot@anthropic.com)"
216.73.216.37 - - [26/Sep/2026:15:32:30 +0000] "GET /?f=9455749485 HTTP/2" 429 0 "-" "Mozilla/5.0 AppleWebKit/537.36 (KHTML, like Gecko; compatible; ClaudeBot/1.0; +claudebot@anthropic.com)"
216.73.216.37 - - [26/Sep/2026:15:32:35 +0000] "GET /?f=12735835349 HTTP/2" 200 19439 "-" "Mozilla/5.0 AppleWebKit/537.36 (KHTML, like Gecko; compatible; ClaudeBot/1.0; +claudebot@anthropic.com)"
216.73.216.37 - - [26/Sep/2026:15:32:40 +0000] "GET /?l=74290801275 HTTP/2" 429 0 "-" "Mozilla/5.0 AppleWebKit/537.36 (KHTML, like Gecko; compatible; ClaudeBot/1.0; +claudebot@anthropic.com)"
216.73.216.37 - - [26/Sep/2026:15:32:45 +0000] "GET /?r=32498994086 HTTP/2" 429 0 "-" "Mozilla/5.0 AppleWebKit/537.36 (KHTML, like Gecko; compatible; ClaudeBot/1.0; +claudebot@anthropic.com)"
57.141.20.62 - - [26/Sep/2026:15:32:48 +0000] "GET /2025/06/28/bitcoin-casino-para-ios/ HTTP/2" 429 0 "-" "Mozilla/5.0 (Macintosh; Intel Mac OS X 10_15_7) AppleWebKit/537.36 (KHTML, like Gecko) Chrome/145.0.0.0 Safari/537.36 (compatible; meta-externalagent/1.1 (+https://developers.facebook.com/docs/sharing/webmasters/crawler))"
216.73.216.37 - - [26/Sep/2026:15:32:50 +0000] "GET /?f=60849899534 HTTP/2" 429 0 "-" "Mozilla/5.0 AppleWebKit/537.36 (KHTML, like Gecko; compatible; ClaudeBot/1.0; +claudebot@anthropic.com)"
216.73.216.37 - - [26/Sep/2026:15:32:55 +0000] "GET /?d=84357603237 HTTP/2" 429 0 "-" "Mozilla/5.0 AppleWebKit/537.36 (KHTML, like Gecko; compatible; ClaudeBot/1.0; +claudebot@anthropic.com)"
216.73.216.37 - - [26/Sep/2026:15:33:00 +0000] "GET /?k=5757320867 HTTP/2" 429 0 "-" "Mozilla/5.0 AppleWebKit/537.36 (KHTML, like Gecko; compatible; ClaudeBot/1.0; +claudebot@anthropic.com)"
216.73.216.37 - - [26/Sep/2026:15:33:00 +0000] "GET /robots.txt HTTP/2" 200 61 "-" "Mozilla/5.0 AppleWebKit/537.36 (KHTML, like Gecko; compatible; ClaudeBot/1.0; +claudebot@anthropic.com)"
216.73.216.37 - - [26/Sep/2026:15:33:05 +0000] "GET /?l=35701328137 HTTP/2" 429 0 "-" "Mozilla/5.0 AppleWebKit/537.36 (KHTML, like Gecko; compatible; ClaudeBot/1.0; +claudebot@anthropic.com)"
74.7.243.235 - - [26/Sep/2026:15:33:05 +0000] "GET /?p=8281 HTTP/2" 429 0 "https://osdg.ngo/2025/06/28/casinos-online-espa%C3%B1a-bono-sin-dep%C3%B3sito/" "Mozilla/5.0 AppleWebKit/537.36 (KHTML, like Gecko; compatible; GPTBot/1.4; +https://openai.com/gptbot)"
216.73.216.37 - - [26/Sep/2026:15:33:10 +0000] "GET /?w=6469522471 HTTP/2" 429 0 "-" "Mozilla/5.0 AppleWebKit/537.36 (KHTML, like Gecko; compatible; ClaudeBot/1.0; +claudebot@anthropic.com)"
66.249.74.6 - - [26/Sep/2026:15:33:11 +0000] "GET /causes-1/?action=edit&file=903cdc969692e2716daf9437444305fe3f95e9&path=%2F%2Flib%2F.build-id%2F2a HTTP/1.1" 200 15140 "-" "Mozilla/5.0 (Linux; Android 6.0.1; Nexus 5X Build/MMB29P) AppleWebKit/537.36 (KHTML, like Gecko) Chrome/153.0.8010.52 Mobile Safari/537.36 (compatible; GoogleOther)"
57.141.20.28 - - [26/Sep/2026:15:33:11 +0000] "GET /shop/items/C428321024 HTTP/2" 429 0 "-" "Mozilla/5.0 (Windows NT 10.0; Win64; x64) AppleWebKit/537.36 (KHTML, like Gecko) Chrome/145.0.0.0 Safari/537.36 (compatible; meta-externalagent/1.1 (+https://developers.facebook.com/docs/sharing/webmasters/crawler))"
216.73.216.37 - - [26/Sep/2026:15:33:15 +0000] "GET /?l=88930209576 HTTP/2" 429 0 "-" "Mozilla/5.0 AppleWebKit/537.36 (KHTML, like Gecko; compatible; ClaudeBot/1.0; +claudebot@anthropic.com)"
57.141.10.63 - - [26/Sep/2026:15:33:17 +0000] "GET / HTTP/2" 200 22445 "-" "facebookexternalhit/1.1 (+http://www.facebook.com/externalhit_uatext.php)"
216.73.216.37 - - [26/Sep/2026:15:33:20 +0000] "GET /?k=49061361860 HTTP/2" 200 19423 "-" "Mozilla/5.0 AppleWebKit/537.36 (KHTML, like Gecko; compatible; ClaudeBot/1.0; +claudebot@anthropic.com)"
216.73.216.37 - - [26/Sep/2026:15:33:25 +0000] "GET /?u=95732152000 HTTP/2" 429 0 "-" "Mozilla/5.0 AppleWebKit/537.36 (KHTML, like Gecko; compatible; ClaudeBot/1.0; +claudebot@anthropic.com)"
216.73.216.37 - - [26/Sep/2026:15:33:30 +0000] "GET /?e=76515142685 HTTP/2" 429 0 "-" "Mozilla/5.0 AppleWebKit/537.36 (KHTML, like Gecko; compatible; ClaudeBot/1.0; +claudebot@anthropic.com)"
216.73.216.37 - - [26/Sep/2026:15:33:35 +0000] "GET /?y=38824029486 HTTP/2" 429 0 "-" "Mozilla/5.0 AppleWebKit/537.36 (KHTML, like Gecko; compatible; ClaudeBot/1.0; +claudebot@anthropic.com)"
57.141.20.12 - - [26/Sep/2026:15:33:39 +0000] "GET /?l=57381160157 HTTP/2" 429 0 "-" "Mozilla/5.0 (Macintosh; Intel Mac OS X 10_15_7) AppleWebKit/537.36 (KHTML, like Gecko) Chrome/145.0.0.0 Safari/537.36 (compatible; meta-externalagent/1.1 (+https://developers.facebook.com/docs/sharing/webmasters/crawler))"
216.73.216.37 - - [26/Sep/2026:15:33:40 +0000] "GET /?f=22849980166 HTTP/2" 429 0 "-" "Mozilla/5.0 AppleWebKit/537.36 (KHTML, like Gecko; compatible; ClaudeBot/1.0; +claudebot@anthropic.com)"
74.7.243.235 - - [26/Sep/2026:15:33:45 +0000] "GET /2025/06/28/juego-de-casino-online-que-mas-paga/ HTTP/2" 429 0 "https://osdg.ngo/2025/06/28/casinos-online-espa%C3%B1a-bono-sin-dep%C3%B3sito/" "Mozilla/5.0 AppleWebKit/537.36 (KHTML, like Gecko; compatible; GPTBot/1.4; +https://openai.com/gptbot)"
216.73.216.37 - - [26/Sep/2026:15:33:45 +0000] "GET /?l=2167646220 HTTP/2" 429 0 "-" "Mozilla/5.0 AppleWebKit/537.36 (KHTML, like Gecko; compatible; ClaudeBot/1.0; +claudebot@anthropic.com)"
216.73.216.37 - - [26/Sep/2026:15:33:50 +0000] "GET /?l=96539034565 HTTP/2" 429 0 "-" "Mozilla/5.0 AppleWebKit/537.36 (KHTML, like Gecko; compatible; ClaudeBot/1.0; +claudebot@anthropic.com)"
216.73.216.37 - - [26/Sep/2026:15:33:55 +0000] "GET /?l=37857092224 HTTP/2" 429 0 "-" "Mozilla/5.0 AppleWebKit/537.36 (KHTML, like Gecko; compatible; ClaudeBot/1.0; +claudebot@anthropic.com)"
216.73.216.37 - - [26/Sep/2026:15:34:00 +0000] "GET /?k=63595308463 HTTP/2" 429 0 "-" "Mozilla/5.0 AppleWebKit/537.36 (KHTML, like Gecko; compatible; ClaudeBot/1.0; +claudebot@anthropic.com)"
74.7.243.235 - - [26/Sep/2026:15:34:05 +0000] "GET /2025/06/28/ruleta-de-la-suerte-web/ HTTP/2" 429 0 "https://osdg.ngo/2025/06/28/casinos-online-espa%C3%B1a-bono-sin-dep%C3%B3sito/" "Mozilla/5.0 AppleWebKit/537.36 (KHTML, like Gecko; compatible; GPTBot/1.4; +https://openai.com/gptbot)"
216.73.216.37 - - [26/Sep/2026:15:34:05 +0000] "GET /?f=29769924460 HTTP/2" 200 19449 "-" "Mozilla/5.0 AppleWebKit/537.36 (KHTML, like Gecko; compatible; ClaudeBot/1.0; +claudebot@anthropic.com)"
57.141.20.59 - - [26/Sep/2026:15:34:09 +0000] "GET /?d=46333925747 HTTP/2" 429 0 "-" "Mozilla/5.0 (Macintosh; Intel Mac OS X 10_15_7) AppleWebKit/537.36 (KHTML, like Gecko) Chrome/145.0.0.0 Safari/537.36 (compatible; meta-externalagent/1.1 (+https://developers.facebook.com/docs/sharing/webmasters/crawler))"
216.73.216.37 - - [26/Sep/2026:15:34:10 +0000] "GET /?k=79134536025 HTTP/2" 429 0 "-" "Mozilla/5.0 AppleWebKit/537.36 (KHTML, like Gecko; compatible; ClaudeBot/1.0; +claudebot@anthropic.com)"
216.73.216.37 - - [26/Sep/2026:15:34:15 +0000] "GET /?c=54247285251 HTTP/2" 429 0 "-" "Mozilla/5.0 AppleWebKit/537.36 (KHTML, like Gecko; compatible; ClaudeBot/1.0; +claudebot@anthropic.com)"
216.73.216.37 - - [26/Sep/2026:15:34:20 +0000] "GET /?l=81734192902 HTTP/2" 429 0 "-" "Mozilla/5.0 AppleWebKit/537.36 (KHTML, like Gecko; compatible; ClaudeBot/1.0; +claudebot@anthropic.com)"
74.7.243.235 - - [26/Sep/2026:15:34:25 +0000] "GET /2025/06/28/mejor-casino-en-cancun/ HTTP/2" 429 0 "https://osdg.ngo/wp-sitemap-posts-post-4.xml" "Mozilla/5.0 AppleWebKit/537.36 (KHTML, like Gecko; compatible; GPTBot/1.4; +https://openai.com/gptbot)"
216.73.216.37 - - [26/Sep/2026:15:34:25 +0000] "GET /?y=45276701030 HTTP/2" 429 0 "-" "Mozilla/5.0 AppleWebKit/537.36 (KHTML, like Gecko; compatible; ClaudeBot/1.0; +claudebot@anthropic.com)"
216.73.216.37 - - [26/Sep/2026:15:34:30 +0000] "GET /?y=61366325384 HTTP/2" 429 0 "-" "Mozilla/5.0 AppleWebKit/537.36 (KHTML, like Gecko; compatible; ClaudeBot/1.0; +claudebot@anthropic.com)"
216.73.216.37 - - [26/Sep/2026:15:34:35 +0000] "GET /?l=11450857290 HTTP/2" 429 0 "-" "Mozilla/5.0 AppleWebKit/537.36 (KHTML, like Gecko; compatible; ClaudeBot/1.0; +claudebot@anthropic.com)"
216.73.216.37 - - [26/Sep/2026:15:34:40 +0000] "GET /?d=80460735421 HTTP/2" 429 0 "-" "Mozilla/5.0 AppleWebKit/537.36 (KHTML, like Gecko; compatible; ClaudeBot/1.0; +claudebot@anthropic.com)"
57.141.20.4 - - [26/Sep/2026:15:34:42 +0000] "GET /shop/items/M419304639 HTTP/2" 429 0 "-" "Mozilla/5.0 (Windows NT 10.0; Win64; x64) AppleWebKit/537.36 (KHTML, like Gecko) Chrome/145.0.0.0 Safari/537.36 (compatible; meta-externalagent/1.1 (+https://developers.facebook.com/docs/sharing/webmasters/crawler))"
74.7.243.235 - - [26/Sep/2026:15:34:45 +0000] "GET /2025/06/28/casino-en-linea-legal-en-espa%C3%B1a/ HTTP/2" 429 0 "https://osdg.ngo/wp-sitemap-posts-post-3.xml" "Mozilla/5.0 AppleWebKit/537.36 (KHTML, like Gecko; compatible; GPTBot/1.4; +https://openai.com/gptbot)"
216.73.216.37 - - [26/Sep/2026:15:34:45 +0000] "GET /?u=49339067892 HTTP/2" 429 0 "-" "Mozilla/5.0 AppleWebKit/537.36 (KHTML, like Gecko; compatible; ClaudeBot/1.0; +claudebot@anthropic.com)"
216.73.216.37 - - [26/Sep/2026:15:34:50 +0000] "GET /?k=26862679015 HTTP/2" 200 19449 "-" "Mozilla/5.0 AppleWebKit/537.36 (KHTML, like Gecko; compatible; ClaudeBot/1.0; +claudebot@anthropic.com)"
216.73.216.37 - - [26/Sep/2026:15:34:55 +0000] "GET /?d=78398839227 HTTP/2" 429 0 "-" "Mozilla/5.0 AppleWebKit/537.36 (KHTML, like Gecko; compatible; ClaudeBot/1.0; +claudebot@anthropic.com)"
216.73.216.37 - - [26/Sep/2026:15:35:00 +0000] "GET /?y=7367971567 HTTP/2" 429 0 "-" "Mozilla/5.0 AppleWebKit/537.36 (KHTML, like Gecko; compatible; ClaudeBot/1.0; +claudebot@anthropic.com)"
74.7.243.235 - - [26/Sep/2026:15:35:05 +0000] "GET /2025/06/28/ruleta-en-btc-casino/ HTTP/2" 200 16375 "https://osdg.ngo/wp-sitemap-posts-post-4.xml" "Mozilla/5.0 AppleWebKit/537.36 (KHTML, like Gecko; compatible; GPTBot/1.4; +https://openai.com/gptbot)"
216.73.216.37 - - [26/Sep/2026:15:35:05 +0000] "GET /?k=42885075153 HTTP/2" 429 0 "-" "Mozilla/5.0 AppleWebKit/537.36 (KHTML, like Gecko; compatible; ClaudeBot/1.0; +claudebot@anthropic.com)"
216.73.216.37 - - [26/Sep/2026:15:35:10 +0000] "GET /?f=25616708687 HTTP/2" 429 0 "-" "Mozilla/5.0 AppleWebKit/537.36 (KHTML, like Gecko; compatible; ClaudeBot/1.0; +claudebot@anthropic.com)"
216.73.216.37 - - [26/Sep/2026:15:35:15 +0000] "GET /?l=30813406001 HTTP/2" 429 0 "-" "Mozilla/5.0 AppleWebKit/537.36 (KHTML, like Gecko; compatible; ClaudeBot/1.0; +claudebot@anthropic.com)"
57.141.20.51 - - [26/Sep/2026:15:35:19 +0000] "GET /?l=83099341192 HTTP/2" 429 0 "-" "Mozilla/5.0 (Windows NT 10.0; Win64; x64) AppleWebKit/537.36 (KHTML, like Gecko) Chrome/145.0.0.0 Safari/537.36 (compatible; meta-externalagent/1.1 (+https://developers.facebook.com/docs/sharing/webmasters/crawler))"
216.73.216.37 - - [26/Sep/2026:15:35:20 +0000] "GET /?c=88323137945 HTTP/2" 429 0 "-" "Mozilla/5.0 AppleWebKit/537.36 (KHTML, like Gecko; compatible; ClaudeBot/1.0; +claudebot@anthropic.com)"
74.7.243.235 - - [26/Sep/2026:15:35:25 +0000] "GET /2025/06/28/jugar-slots-en-linea/ HTTP/2" 429 0 "https://osdg.ngo/wp-sitemap-posts-post-4.xml" "Mozilla/5.0 AppleWebKit/537.36 (KHTML, like Gecko; compatible; GPTBot/1.4; +https://openai.com/gptbot)"
216.73.216.37 - - [26/Sep/2026:15:35:25 +0000] "GET /?k=25979324116 HTTP/2" 429 0 "-" "Mozilla/5.0 AppleWebKit/537.36 (KHTML, like Gecko; compatible; ClaudeBot/1.0; +claudebot@anthropic.com)"
216.73.216.37 - - [26/Sep/2026:15:35:30 +0000] "GET /?e=55553623108 HTTP/2" 429 0 "-" "Mozilla/5.0 AppleWebKit/537.36 (KHTML, like Gecko; compatible; ClaudeBot/1.0; +claudebot@anthropic.com)"
216.73.216.37 - - [26/Sep/2026:15:35:35 +0000] "GET /?u=12596043299 HTTP/2" 200 19449 "-" "Mozilla/5.0 AppleWebKit/537.36 (KHTML, like Gecko; compatible; ClaudeBot/1.0; +claudebot@anthropic.com)"
216.73.216.37 - - [26/Sep/2026:15:35:40 +0000] "GET /?l=91372038404 HTTP/2" 429 0 "-" "Mozilla/5.0 AppleWebKit/537.36 (KHTML, like Gecko; compatible; ClaudeBot/1.0; +claudebot@anthropic.com)"
74.7.243.235 - - [26/Sep/2026:15:35:41 +0000] "GET /2025/06/28/casino-en-illescas/ HTTP/2" 429 0 "https://osdg.ngo/wp-sitemap-posts-post-2.xml" "Mozilla/5.0 AppleWebKit/537.36 (KHTML, like Gecko; compatible; GPTBot/1.4; +https://openai.com/gptbot)"
216.73.216.37 - - [26/Sep/2026:15:35:45 +0000] "GET /?u=98440122294 HTTP/2" 429 0 "-" "Mozilla/5.0 AppleWebKit/537.36 (KHTML, like Gecko; compatible; ClaudeBot/1.0; +claudebot@anthropic.com)"
216.73.216.37 - - [26/Sep/2026:15:35:50 +0000] "GET /?l=30875830088 HTTP/2" 429 0 "-" "Mozilla/5.0 AppleWebKit/537.36 (KHTML, like Gecko; compatible; ClaudeBot/1.0; +claudebot@anthropic.com)"
216.73.216.37 - - [26/Sep/2026:15:35:55 +0000] "GET /?u=43854870099 HTTP/2" 429 0 "-" "Mozilla/5.0 AppleWebKit/537.36 (KHTML, like Gecko; compatible; ClaudeBot/1.0; +claudebot@anthropic.com)"
216.73.216.37 - - [26/Sep/2026:15:36:00 +0000] "GET /?l=25292801526 HTTP/2" 429 0 "-" "Mozilla/5.0 AppleWebKit/537.36 (KHTML, like Gecko; compatible; ClaudeBot/1.0; +claudebot@anthropic.com)"
57.141.20.43 - - [26/Sep/2026:15:36:00 +0000] "GET /?k=17073376695 HTTP/2" 200 22368 "-" "Mozilla/5.0 (Macintosh; Intel Mac OS X 10_15_7) AppleWebKit/537.36 (KHTML, like Gecko) Chrome/145.0.0.0 Safari/537.36 (compatible; meta-externalagent/1.1 (+https://developers.facebook.com/docs/sharing/webmasters/crawler))"
74.7.243.235 - - [26/Sep/2026:15:36:01 +0000] "GET /2025/06/28/cripto-casino-con-bajo-dep%C3%B3sito/ HTTP/2" 429 0 "https://osdg.ngo/wp-sitemap-posts-post-2.xml" "Mozilla/5.0 AppleWebKit/537.36 (KHTML, like Gecko; compatible; GPTBot/1.4; +https://openai.com/gptbot)"
216.73.216.37 - - [26/Sep/2026:15:36:05 +0000] "GET /?w=85306991008 HTTP/2" 429 0 "-" "Mozilla/5.0 AppleWebKit/537.36 (KHTML, like Gecko; compatible; ClaudeBot/1.0; +claudebot@anthropic.com)"
216.73.216.37 - - [26/Sep/2026:15:36:10 +0000] "GET /?r=30816915130 HTTP/2" 429 0 "-" "Mozilla/5.0 AppleWebKit/537.36 (KHTML, like Gecko; compatible; ClaudeBot/1.0; +claudebot@anthropic.com)"
216.73.216.37 - - [26/Sep/2026:15:36:15 +0000] "GET /?f=52448973616 HTTP/2" 429 0 "-" "Mozilla/5.0 AppleWebKit/537.36 (KHTML, like Gecko; compatible; ClaudeBot/1.0; +claudebot@anthropic.com)"
216.73.216.37 - - [26/Sep/2026:15:36:20 +0000] "GET /?r=77358967520 HTTP/2" 200 19423 "-" "Mozilla/5.0 AppleWebKit/537.36 (KHTML, like Gecko; compatible; ClaudeBot/1.0; +claudebot@anthropic.com)"
74.7.243.235 - - [26/Sep/2026:15:36:21 +0000] "GET /2025/06/28/snatch-%D1%81asino-casino-es-2025-review/ HTTP/2" 429 0 "https://osdg.ngo/wp-sitemap-posts-post-4.xml" "Mozilla/5.0 AppleWebKit/537.36 (KHTML, like Gecko; compatible; GPTBot/1.4; +https://openai.com/gptbot)"
57.141.22.48 - - [26/Sep/2026:15:36:22 +0000] "GET / HTTP/2" 200 22368 "-" "facebookexternalhit/1.1 (+http://www.facebook.com/externalhit_uatext.php)"
216.73.216.37 - - [26/Sep/2026:15:36:25 +0000] "GET /?k=96545265307 HTTP/2" 429 0 "-" "Mozilla/5.0 AppleWebKit/537.36 (KHTML, like Gecko; compatible; ClaudeBot/1.0; +claudebot@anthropic.com)"
216.73.216.37 - - [26/Sep/2026:15:36:30 +0000] "GET /?l=57807154401 HTTP/2" 429 0 "-" "Mozilla/5.0 AppleWebKit/537.36 (KHTML, like Gecko; compatible; ClaudeBot/1.0; +claudebot@anthropic.com)"
216.73.216.37 - - [26/Sep/2026:15:36:36 +0000] "GET /?u=58174455641 HTTP/2" 429 0 "-" "Mozilla/5.0 AppleWebKit/537.36 (KHTML, like Gecko; compatible; ClaudeBot/1.0; +claudebot@anthropic.com)"
216.73.216.37 - - [26/Sep/2026:15:36:41 +0000] "GET /?y=62497972269 HTTP/2" 429 0 "-" "Mozilla/5.0 AppleWebKit/537.36 (KHTML, like Gecko; compatible; ClaudeBot/1.0; +claudebot@anthropic.com)"
74.7.243.235 - - [26/Sep/2026:15:36:41 +0000] "GET /2025/06/28/bono-sin-dep%C3%B3sito-en-cripto-casino-en-l%C3%ADnea/ HTTP/2" 200 16597 "https://osdg.ngo/wp-sitemap-posts-post-4.xml" "Mozilla/5.0 AppleWebKit/537.36 (KHTML, like Gecko; compatible; GPTBot/1.4; +https://openai.com/gptbot)"
57.141.20.35 - - [26/Sep/2026:15:36:42 +0000] "GET /?k=39822604365 HTTP/2" 429 0 "-" "Mozilla/5.0 (Windows NT 10.0; Win64; x64) AppleWebKit/537.36 (KHTML, like Gecko) Chrome/145.0.0.0 Safari/537.36 (compatible; meta-externalagent/1.1 (+https://developers.facebook.com/docs/sharing/webmasters/crawler))"
216.73.216.37 - - [26/Sep/2026:15:36:46 +0000] "GET /?w=70363752406 HTTP/2" 429 0 "-" "Mozilla/5.0 AppleWebKit/537.36 (KHTML, like Gecko; compatible; ClaudeBot/1.0; +claudebot@anthropic.com)"
216.73.216.37 - - [26/Sep/2026:15:36:51 +0000] "GET /?y=4805020288 HTTP/2" 429 0 "-" "Mozilla/5.0 AppleWebKit/537.36 (KHTML, like Gecko; compatible; ClaudeBot/1.0; +claudebot@anthropic.com)"
216.73.216.37 - - [26/Sep/2026:15:36:56 +0000] "GET /?k=74283585800 HTTP/2" 429 0 "-" "Mozilla/5.0 AppleWebKit/537.36 (KHTML, like Gecko; compatible; ClaudeBot/1.0; +claudebot@anthropic.com)"
216.73.216.37 - - [26/Sep/2026:15:37:01 +0000] "GET /?k=50099494776 HTTP/2" 429 0 "-" "Mozilla/5.0 AppleWebKit/537.36 (KHTML, like Gecko; compatible; ClaudeBot/1.0; +claudebot@anthropic.com)"
74.7.243.235 - - [26/Sep/2026:15:37:01 +0000] "GET /2025/06/28/como-ganar-dinero-en-las-m%C3%A1quinas-tragamonedas/ HTTP/2" 429 0 "https://osdg.ngo/wp-sitemap-posts-post-3.xml" "Mozilla/5.0 AppleWebKit/537.36 (KHTML, like Gecko; compatible; GPTBot/1.4; +https://openai.com/gptbot)"
216.73.216.37 - - [26/Sep/2026:15:37:06 +0000] "GET /?c=28188861627 HTTP/2" 200 19449 "-" "Mozilla/5.0 AppleWebKit/537.36 (KHTML, like Gecko; compatible; ClaudeBot/1.0; +claudebot@anthropic.com)"
216.73.216.37 - - [26/Sep/2026:15:37:11 +0000] "GET /?d=24381394796 HTTP/2" 429 0 "-" "Mozilla/5.0 AppleWebKit/537.36 (KHTML, like Gecko; compatible; ClaudeBot/1.0; +claudebot@anthropic.com)"
57.141.20.51 - - [26/Sep/2026:15:37:14 +0000] "GET /?k=22214636877 HTTP/2" 429 0 "-" "Mozilla/5.0 (Macintosh; Intel Mac OS X 10_15_7) AppleWebKit/537.36 (KHTML, like Gecko) Chrome/145.0.0.0 Safari/537.36 (compatible; meta-externalagent/1.1 (+https://developers.facebook.com/docs/sharing/webmasters/crawler))"
216.73.216.37 - - [26/Sep/2026:15:37:16 +0000] "GET /?k=17330996237 HTTP/2" 429 0 "-" "Mozilla/5.0 AppleWebKit/537.36 (KHTML, like Gecko; compatible; ClaudeBot/1.0; +claudebot@anthropic.com)"
74.7.243.235 - - [26/Sep/2026:15:37:17 +0000] "GET /2025/06/28/como-ganar-en-las-m%C3%A1quinas-tragamonedas-online/ HTTP/2" 429 0 "https://osdg.ngo/wp-sitemap-posts-post-3.xml" "Mozilla/5.0 AppleWebKit/537.36 (KHTML, like Gecko; compatible; GPTBot/1.4; +https://openai.com/gptbot)"
216.73.216.37 - - [26/Sep/2026:15:37:21 +0000] "GET /?f=34393427369 HTTP/2" 429 0 "-" "Mozilla/5.0 AppleWebKit/537.36 (KHTML, like Gecko; compatible; ClaudeBot/1.0; +claudebot@anthropic.com)"
216.73.216.37 - - [26/Sep/2026:15:37:26 +0000] "GET /?r=84398925406 HTTP/2" 429 0 "-" "Mozilla/5.0 AppleWebKit/537.36 (KHTML, like Gecko; compatible; ClaudeBot/1.0; +claudebot@anthropic.com)"
216.73.216.37 - - [26/Sep/2026:15:37:31 +0000] "GET /?c=11784461182 HTTP/2" 429 0 "-" "Mozilla/5.0 AppleWebKit/537.36 (KHTML, like Gecko; compatible; ClaudeBot/1.0; +claudebot@anthropic.com)"
66.249.74.6 - - [26/Sep/2026:15:37:32 +0000] "GET /shop/items/F458708595 HTTP/1.1" 200 13416 "-" "Mozilla/5.0 (Linux; Android 6.0.1; Nexus 5X Build/MMB29P) AppleWebKit/537.36 (KHTML, like Gecko) Chrome/153.0.8010.52 Mobile Safari/537.36 (compatible; Googlebot/2.1; +http://www.google.com/bot.html)"
216.73.216.37 - - [26/Sep/2026:15:37:36 +0000] "GET /?r=55289606725 HTTP/2" 429 0 "-" "Mozilla/5.0 AppleWebKit/537.36 (KHTML, like Gecko; compatible; ClaudeBot/1.0; +claudebot@anthropic.com)"
74.7.243.235 - - [26/Sep/2026:15:37:37 +0000] "GET /2025/06/28/21-3-blackjack-reglas/ HTTP/2" 429 0 "https://osdg.ngo/wp-sitemap-posts-post-1.xml" "Mozilla/5.0 AppleWebKit/537.36 (KHTML, like Gecko; compatible; GPTBot/1.4; +https://openai.com/gptbot)"
216.73.216.37 - - [26/Sep/2026:15:37:41 +0000] "GET /?l=8591983972 HTTP/2" 429 0 "-" "Mozilla/5.0 AppleWebKit/537.36 (KHTML, like Gecko; compatible; ClaudeBot/1.0; +claudebot@anthropic.com)"
216.73.216.37 - - [26/Sep/2026:15:37:46 +0000] "GET /?y=47788495208 HTTP/2" 429 0 "-" "Mozilla/5.0 AppleWebKit/537.36 (KHTML, like Gecko; compatible; ClaudeBot/1.0; +claudebot@anthropic.com)"
57.141.20.45 - - [26/Sep/2026:15:37:50 +0000] "GET /shop/items/K821795037 HTTP/2" 200 15226 "-" "Mozilla/5.0 (Macintosh; Intel Mac OS X 10_15_7) AppleWebKit/537.36 (KHTML, like Gecko) Chrome/145.0.0.0 Safari/537.36 (compatible; meta-externalagent/1.1 (+https://developers.facebook.com/docs/sharing/webmasters/crawler))"
216.73.216.37 - - [26/Sep/2026:15:37:51 +0000] "GET /?u=31338496281 HTTP/2" 200 19449 "-" "Mozilla/5.0 AppleWebKit/537.36 (KHTML, like Gecko; compatible; ClaudeBot/1.0; +claudebot@anthropic.com)"
216.73.216.37 - - [26/Sep/2026:15:37:56 +0000] "GET /?k=55863935607 HTTP/2" 429 0 "-" "Mozilla/5.0 AppleWebKit/537.36 (KHTML, like Gecko; compatible; ClaudeBot/1.0; +claudebot@anthropic.com)"
74.7.243.235 - - [26/Sep/2026:15:37:57 +0000] "GET /2025/06/28/casinos-en-linea-con-bonos-sin-dep%C3%B3sito/ HTTP/2" 429 0 "https://osdg.ngo/wp-sitemap-posts-post-3.xml" "Mozilla/5.0 AppleWebKit/537.36 (KHTML, like Gecko; compatible; GPTBot/1.4; +https://openai.com/gptbot)"
216.73.216.37 - - [26/Sep/2026:15:38:01 +0000] "GET /?u=34032259000 HTTP/2" 429 0 "-" "Mozilla/5.0 AppleWebKit/537.36 (KHTML, like Gecko; compatible; ClaudeBot/1.0; +claudebot@anthropic.com)"
216.73.216.37 - - [26/Sep/2026:15:38:06 +0000] "GET /?k=97925688207 HTTP/2" 200 1395 "-" "Mozilla/5.0 AppleWebKit/537.36 (KHTML, like Gecko; compatible; ClaudeBot/1.0; +claudebot@anthropic.com)"
216.73.216.37 - - [26/Sep/2026:15:38:11 +0000] "GET /?l=33662523206 HTTP/2" 429 0 "-" "Mozilla/5.0 AppleWebKit/537.36 (KHTML, like Gecko; compatible; ClaudeBot/1.0; +claudebot@anthropic.com)"
157.55.39.205 - - [26/Sep/2026:15:38:11 +0000] "GET /shop/storeSearch/CriteriaInput.aspx?path=%2Fhome%2Fafghan%2F.softaculous HTTP/2" 301 899 "-" "Mozilla/5.0 AppleWebKit/537.36 (KHTML, like Gecko; compatible; bingbot/2.0; +http://www.bing.com/bingbot.htm) Chrome/116.0.1938.76 Safari/537.36"
157.55.39.205 - - [26/Sep/2026:15:38:11 +0000] "GET /?l=90240119254 HTTP/2" 200 1395 "-" "Mozilla/5.0 AppleWebKit/537.36 (KHTML, like Gecko; compatible; bingbot/2.0; +http://www.bing.com/bingbot.htm) Chrome/116.0.1938.76 Safari/537.36"
216.73.216.37 - - [26/Sep/2026:15:38:16 +0000] "GET /?k=46109952349 HTTP/2" 429 0 "-" "Mozilla/5.0 AppleWebKit/537.36 (KHTML, like Gecko; compatible; ClaudeBot/1.0; +claudebot@anthropic.com)"
74.7.243.235 - - [26/Sep/2026:15:38:17 +0000] "GET /2025/06/28/casino-puerta-del-sol/ HTTP/2" 200 16539 "https://osdg.ngo/wp-sitemap-posts-post-1.xml" "Mozilla/5.0 AppleWebKit/537.36 (KHTML, like Gecko; compatible; GPTBot/1.4; +https://openai.com/gptbot)"
216.73.216.37 - - [26/Sep/2026:15:38:21 +0000] "GET /?r=12785949218 HTTP/2" 429 0 "-" "Mozilla/5.0 AppleWebKit/537.36 (KHTML, like Gecko; compatible; ClaudeBot/1.0; +claudebot@anthropic.com)"
207.46.13.150 - - [26/Sep/2026:15:38:23 +0000] "GET /shop/storeSearch/CriteriaInput.aspx?path=%2Fhome%2Fafghan%2F.softaculous HTTP/2" 404 12943 "-" "Mozilla/5.0 AppleWebKit/537.36 (KHTML, like Gecko; compatible; bingbot/2.0; +http://www.bing.com/bingbot.htm) Chrome/116.0.1938.76 Safari/537.36"
216.73.216.37 - - [26/Sep/2026:15:38:26 +0000] "GET /?d=45885137919 HTTP/2" 429 0 "-" "Mozilla/5.0 AppleWebKit/537.36 (KHTML, like Gecko; compatible; ClaudeBot/1.0; +claudebot@anthropic.com)"
57.141.20.61 - - [26/Sep/2026:15:38:26 +0000] "GET /?k=69955035367 HTTP/2" 429 0 "-" "Mozilla/5.0 (Windows NT 10.0; Win64; x64) AppleWebKit/537.36 (KHTML, like Gecko) Chrome/145.0.0.0 Safari/537.36 (compatible; meta-externalagent/1.1 (+https://developers.facebook.com/docs/sharing/webmasters/crawler))"
157.55.39.205 - - [26/Sep/2026:15:38:29 +0000] "GET /?c=61035694069 HTTP/2" 200 1394 "-" "Mozilla/5.0 AppleWebKit/537.36 (KHTML, like Gecko; compatible; bingbot/2.0; +http://www.bing.com/bingbot.htm) Chrome/116.0.1938.76 Safari/537.36"
216.73.216.37 - - [26/Sep/2026:15:38:31 +0000] "GET /?y=43969403455 HTTP/2" 429 0 "-" "Mozilla/5.0 AppleWebKit/537.36 (KHTML, like Gecko; compatible; ClaudeBot/1.0; +claudebot@anthropic.com)"
216.73.216.37 - - [26/Sep/2026:15:38:36 +0000] "GET /?c=15897596880 HTTP/2" 429 0 "-" "Mozilla/5.0 AppleWebKit/537.36 (KHTML, like Gecko; compatible; ClaudeBot/1.0; +claudebot@anthropic.com)"
74.7.243.235 - - [26/Sep/2026:15:38:37 +0000] "GET /?p=7250 HTTP/2" 429 0 "https://osdg.ngo/2025/06/28/ruleta-en-btc-casino/" "Mozilla/5.0 AppleWebKit/537.36 (KHTML, like Gecko; compatible; GPTBot/1.4; +https://openai.com/gptbot)"
216.73.216.37 - - [26/Sep/2026:15:38:41 +0000] "GET /?e=48081988995 HTTP/2" 429 0 "-" "Mozilla/5.0 AppleWebKit/537.36 (KHTML, like Gecko; compatible; ClaudeBot/1.0; +claudebot@anthropic.com)"
216.73.216.37 - - [26/Sep/2026:15:38:46 +0000] "GET /?q=63483552417 HTTP/2" 429 0 "-" "Mozilla/5.0 AppleWebKit/537.36 (KHTML, like Gecko; compatible; ClaudeBot/1.0; +claudebot@anthropic.com)"
66.249.74.6 - - [26/Sep/2026:15:38:50 +0000] "GET /causes-1/?path=%2F%2Fetc%2Falternatives%2Fjre_1.8.0_openjdk%2Flib HTTP/1.1" 200 16027 "-" "Mozilla/5.0 (Linux; Android 6.0.1; Nexus 5X Build/MMB29P) AppleWebKit/537.36 (KHTML, like Gecko) Chrome/153.0.8010.52 Mobile Safari/537.36 (compatible; GoogleOther)"
216.73.216.37 - - [26/Sep/2026:15:38:51 +0000] "GET /?w=46628835502 HTTP/2" 200 1394 "-" "Mozilla/5.0 AppleWebKit/537.36 (KHTML, like Gecko; compatible; ClaudeBot/1.0; +claudebot@anthropic.com)"
66.249.74.6 - - [26/Sep/2026:15:38:54 +0000] "GET /causes-1/?action=edit&file=join&path=%2F%2Fusr%2Fbin HTTP/1.1" 200 37391 "-" "Mozilla/5.0 (Linux; Android 6.0.1; Nexus 5X Build/MMB29P) AppleWebKit/537.36 (KHTML, like Gecko) Chrome/153.0.8010.52 Mobile Safari/537.36 (compatible; GoogleOther)"
57.141.20.12 - - [26/Sep/2026:15:38:56 +0000] "GET /?l=75315158940 HTTP/2" 429 0 "-" "Mozilla/5.0 (Windows NT 10.0; Win64; x64) AppleWebKit/537.36 (KHTML, like Gecko) Chrome/145.0.0.0 Safari/537.36 (compatible; meta-externalagent/1.1 (+https://developers.facebook.com/docs/sharing/webmasters/crawler))"
216.73.216.37 - - [26/Sep/2026:15:38:56 +0000] "GET /?f=67683429738 HTTP/2" 429 0 "-" "Mozilla/5.0 AppleWebKit/537.36 (KHTML, like Gecko; compatible; ClaudeBot/1.0; +claudebot@anthropic.com)"
216.73.216.37 - - [26/Sep/2026:15:39:01 +0000] "GET /?k=36557464517 HTTP/2" 429 0 "-" "Mozilla/5.0 AppleWebKit/537.36 (KHTML, like Gecko; compatible; ClaudeBot/1.0; +claudebot@anthropic.com)"
57.141.4.29 - - [26/Sep/2026:15:39:01 +0000] "GET / HTTP/2" 200 22368 "-" "facebookexternalhit/1.1 (+http://www.facebook.com/externalhit_uatext.php)"
216.73.216.37 - - [26/Sep/2026:15:39:06 +0000] "GET /?k=23528976313 HTTP/2" 429 0 "-" "Mozilla/5.0 AppleWebKit/537.36 (KHTML, like Gecko; compatible; ClaudeBot/1.0; +claudebot@anthropic.com)"
216.73.216.37 - - [26/Sep/2026:15:39:11 +0000] "GET /?y=51201949655 HTTP/2" 429 0 "-" "Mozilla/5.0 AppleWebKit/537.36 (KHTML, like Gecko; compatible; ClaudeBot/1.0; +claudebot@anthropic.com)"
216.73.216.37 - - [26/Sep/2026:15:39:16 +0000] "GET /?k=94240453359 HTTP/2" 429 0 "-" "Mozilla/5.0 AppleWebKit/537.36 (KHTML, like Gecko; compatible; ClaudeBot/1.0; +claudebot@anthropic.com)"
216.73.216.37 - - [26/Sep/2026:15:39:21 +0000] "GET /?y=52104346359 HTTP/2" 429 0 "-" "Mozilla/5.0 AppleWebKit/537.36 (KHTML, like Gecko; compatible; ClaudeBot/1.0; +claudebot@anthropic.com)"
216.73.216.37 - - [26/Sep/2026:15:39:26 +0000] "GET /?l=11609439437 HTTP/2" 429 0 "-" "Mozilla/5.0 AppleWebKit/537.36 (KHTML, like Gecko; compatible; ClaudeBot/1.0; +claudebot@anthropic.com)"
57.141.20.64 - - [26/Sep/2026:15:39:29 +0000] "GET /?d=48406154085 HTTP/2" 429 0 "-" "Mozilla/5.0 (Windows NT 10.0; Win64; x64) AppleWebKit/537.36 (KHTML, like Gecko) Chrome/145.0.0.0 Safari/537.36 (compatible; meta-externalagent/1.1 (+https://developers.facebook.com/docs/sharing/webmasters/crawler))"
216.73.216.37 - - [26/Sep/2026:15:39:31 +0000] "GET /?u=51057955786 HTTP/2" 429 0 "-" "Mozilla/5.0 AppleWebKit/537.36 (KHTML, like Gecko; compatible; ClaudeBot/1.0; +claudebot@anthropic.com)"
216.73.216.37 - - [26/Sep/2026:15:39:36 +0000] "GET /?k=19486079343 HTTP/2" 200 1394 "-" "Mozilla/5.0 AppleWebKit/537.36 (KHTML, like Gecko; compatible; ClaudeBot/1.0; +claudebot@anthropic.com)"
216.73.216.37 - - [26/Sep/2026:15:39:41 +0000] "GET /?k=32409281620 HTTP/2" 429 0 "-" "Mozilla/5.0 AppleWebKit/537.36 (KHTML, like Gecko; compatible; ClaudeBot/1.0; +claudebot@anthropic.com)"
216.73.216.37 - - [26/Sep/2026:15:39:46 +0000] "GET /?y=43709725591 HTTP/2" 429 0 "-" "Mozilla/5.0 AppleWebKit/537.36 (KHTML, like Gecko; compatible; ClaudeBot/1.0; +claudebot@anthropic.com)"
216.73.216.37 - - [26/Sep/2026:15:39:51 +0000] "GET /?y=2120443434 HTTP/2" 429 0 "-" "Mozilla/5.0 AppleWebKit/537.36 (KHTML, like Gecko; compatible; ClaudeBot/1.0; +claudebot@anthropic.com)"
74.7.243.235 - - [26/Sep/2026:15:39:53 +0000] "GET /2025/06/28/mejores-casinos-cripto-online/ HTTP/2" 429 0 "https://osdg.ngo/2025/06/28/ruleta-en-btc-casino/" "Mozilla/5.0 AppleWebKit/537.36 (KHTML, like Gecko; compatible; GPTBot/1.4; +https://openai.com/gptbot)"
216.73.216.37 - - [26/Sep/2026:15:39:56 +0000] "GET /?k=23864157974 HTTP/2" 429 0 "-" "Mozilla/5.0 AppleWebKit/537.36 (KHTML, like Gecko; compatible; ClaudeBot/1.0; +claudebot@anthropic.com)"
216.73.216.37 - - [26/Sep/2026:15:40:01 +0000] "GET /?y=94373327159 HTTP/2" 429 0 "-" "Mozilla/5.0 AppleWebKit/537.36 (KHTML, like Gecko; compatible; ClaudeBot/1.0; +claudebot@anthropic.com)"
216.73.216.37 - - [26/Sep/2026:15:40:06 +0000] "GET /?y=7436826825 HTTP/2" 429 0 "-" "Mozilla/5.0 AppleWebKit/537.36 (KHTML, like Gecko; compatible; ClaudeBot/1.0; +claudebot@anthropic.com)"
66.249.74.7 - - [26/Sep/2026:15:40:25 +0000] "GET /?d=64043352228 HTTP/1.1" 200 19448 "-" "Mozilla/5.0 (compatible; Googlebot/2.1; +http://www.google.com/bot.html)"
74.7.243.235 - - [26/Sep/2026:15:40:33 +0000] "GET /?p=8521 HTTP/2" 429 0 "https://osdg.ngo/2025/06/28/bono-sin-dep%C3%B3sito-en-cripto-casino-en-l%C3%ADnea/" "Mozilla/5.0 AppleWebKit/537.36 (KHTML, like Gecko; compatible; GPTBot/1.4; +https://openai.com/gptbot)"
66.249.74.6 - - [26/Sep/2026:15:40:49 +0000] "GET /causes-1/?action=edit&file=gcov-dump&path=%2F%2Fusr%2Fbin HTTP/1.1" 200 280019 "-" "Mozilla/5.0 (Linux; Android 6.0.1; Nexus 5X Build/MMB29P) AppleWebKit/537.36 (KHTML, like Gecko) Chrome/153.0.8010.52 Mobile Safari/537.36 (compatible; GoogleOther)"
66.249.74.6 - - [26/Sep/2026:15:41:26 +0000] "GET /causes-1/?action=edit&file=gen80100_sqe.fw&path=%2F%2Flib%2Ffirmware%2Fqcom HTTP/1.1" 200 70192 "-" "Mozilla/5.0 (Linux; Android 6.0.1; Nexus 5X Build/MMB29P) AppleWebKit/537.36 (KHTML, like Gecko) Chrome/153.0.8010.52 Mobile Safari/537.36 (compatible; GoogleOther)"
74.7.243.235 - - [26/Sep/2026:15:41:33 +0000] "GET /2025/06/28/juegos-de-apuestas-con-dinero-real/ HTTP/2" 429 0 "https://osdg.ngo/2025/06/28/bono-sin-dep%C3%B3sito-en-cripto-casino-en-l%C3%ADnea/" "Mozilla/5.0 AppleWebKit/537.36 (KHTML, like Gecko; compatible; GPTBot/1.4; +https://openai.com/gptbot)"
57.141.20.58 - - [26/Sep/2026:15:41:43 +0000] "GET /shop/items/I150862306 HTTP/2" 429 0 "-" "Mozilla/5.0 (X11; Linux x86_64) AppleWebKit/537.36 (KHTML, like Gecko) Chrome/145.0.0.0 Safari/537.36 (compatible; meta-externalagent/1.1 (+https://developers.facebook.com/docs/sharing/webmasters/crawler))"
57.141.16.21 - - [26/Sep/2026:15:41:59 +0000] "GET / HTTP/2" 200 22369 "-" "facebookexternalhit/1.1 (+http://www.facebook.com/externalhit_uatext.php)"
74.7.243.235 - - [26/Sep/2026:15:42:09 +0000] "GET /?p=868 HTTP/2" 429 0 "https://osdg.ngo/2025/06/28/casino-puerta-del-sol/" "Mozilla/5.0 AppleWebKit/537.36 (KHTML, like Gecko; compatible; GPTBot/1.4; +https://openai.com/gptbot)"
66.249.74.6 - - [26/Sep/2026:15:42:16 +0000] "GET /causes-1/?action=edit&file=dirname&path=%2F%2Fusr%2Fbin HTTP/1.1" 200 29036 "-" "Mozilla/5.0 (Linux; Android 6.0.1; Nexus 5X Build/MMB29P) AppleWebKit/537.36 (KHTML, like Gecko) Chrome/153.0.8010.52 Mobile Safari/537.36 (compatible; GoogleOther)"
57.141.20.27 - - [26/Sep/2026:15:42:28 +0000] "GET /shop/items/Z665737246 HTTP/2" 200 15226 "-" "Mozilla/5.0 (Windows NT 10.0; Win64; x64) AppleWebKit/537.36 (KHTML, like Gecko) Chrome/145.0.0.0 Safari/537.36 (compatible; meta-externalagent/1.1 (+https://developers.facebook.com/docs/sharing/webmasters/crawler))"
74.7.243.235 - - [26/Sep/2026:15:42:29 +0000] "GET /2025/06/28/juegos-de-tragamonedas-con-cripto/ HTTP/2" 429 0 "https://osdg.ngo/2025/06/28/casino-puerta-del-sol/" "Mozilla/5.0 AppleWebKit/537.36 (KHTML, like Gecko; compatible; GPTBot/1.4; +https://openai.com/gptbot)"
66.249.74.6 - - [26/Sep/2026:15:42:37 +0000] "GET /causes-1/?path=%2F%2Flib%2Flocale%2Fen_US%2FLC_MESSAGES HTTP/1.1" 200 15538 "-" "Mozilla/5.0 (Linux; Android 6.0.1; Nexus 5X Build/MMB29P) AppleWebKit/537.36 (KHTML, like Gecko) Chrome/153.0.8010.52 Mobile Safari/537.36 (compatible; GoogleOther)"
66.249.74.6 - - [26/Sep/2026:15:42:43 +0000] "GET /causes-1/?action=edit&file=pwd&path=%2F%2Fusr%2Fbin HTTP/1.1" 200 30066 "-" "Mozilla/5.0 (Linux; Android 6.0.1; Nexus 5X Build/MMB29P) AppleWebKit/537.36 (KHTML, like Gecko) Chrome/153.0.8010.52 Mobile Safari/537.36 (compatible; GoogleOther)"
74.7.243.235 - - [26/Sep/2026:15:42:49 +0000] "GET /2025/06/28/bigwin-casino-codigo-promocional-y-bonus-code-2025/ HTTP/2" 429 0 "https://osdg.ngo/2025/06/28/casino-puerta-del-sol/" "Mozilla/5.0 AppleWebKit/537.36 (KHTML, like Gecko; compatible; GPTBot/1.4; +https://openai.com/gptbot)"
66.249.74.14 - - [26/Sep/2026:15:43:05 +0000] "GET /causes-1/?action=edit&file=7122df22fd6dcbc16b7e88d2a95869eec3d1aa&path=%2F%2Flib%2F.build-id%2F5d HTTP/1.1" 200 24032 "-" "Mozilla/5.0 (Linux; Android 6.0.1; Nexus 5X Build/MMB29P) AppleWebKit/537.36 (KHTML, like Gecko) Chrome/153.0.8010.52 Mobile Safari/537.36 (compatible; GoogleOther)"
74.7.243.235 - - [26/Sep/2026:15:43:09 +0000] "GET /2025/06/28/baccarat-para-bitcoins/ HTTP/2" 429 0 "https://osdg.ngo/2025/06/28/bono-sin-dep%C3%B3sito-en-cripto-casino-en-l%C3%ADnea/" "Mozilla/5.0 AppleWebKit/537.36 (KHTML, like Gecko; compatible; GPTBot/1.4; +https://openai.com/gptbot)"
57.141.20.31 - - [26/Sep/2026:15:43:13 +0000] "GET /shop/items/C339136772 HTTP/2" 429 0 "-" "Mozilla/5.0 (Windows NT 10.0; Win64; x64) AppleWebKit/537.36 (KHTML, like Gecko) Chrome/145.0.0.0 Safari/537.36 (compatible; meta-externalagent/1.1 (+https://developers.facebook.com/docs/sharing/webmasters/crawler))"
66.249.74.9 - - [26/Sep/2026:15:43:23 +0000] "GET /causes-1/?action=edit&file=Mail&path=%2F%2Fusr%2Fbin HTTP/1.1" 200 200748 "-" "Mozilla/5.0 (Linux; Android 6.0.1; Nexus 5X Build/MMB29P) AppleWebKit/537.36 (KHTML, like Gecko) Chrome/153.0.8010.52 Mobile Safari/537.36 (compatible; GoogleOther)"
74.7.243.235 - - [26/Sep/2026:15:43:29 +0000] "GET /2025/06/28/bono-de-casino-online/ HTTP/2" 429 0 "https://osdg.ngo/2025/06/28/ruleta-en-btc-casino/" "Mozilla/5.0 AppleWebKit/537.36 (KHTML, like Gecko; compatible; GPTBot/1.4; +https://openai.com/gptbot)"
66.249.74.6 - - [26/Sep/2026:15:43:34 +0000] "GET /causes-1/?action=edit&file=sr150_fw.bin&path=%2F%2Flib%2Ffirmware%2Fnxp HTTP/1.1" 200 203045 "-" "Mozilla/5.0 (Linux; Android 6.0.1; Nexus 5X Build/MMB29P) AppleWebKit/537.36 (KHTML, like Gecko) Chrome/153.0.8010.52 Mobile Safari/537.36 (compatible; GoogleOther)"
57.141.20.62 - - [26/Sep/2026:15:43:47 +0000] "GET /shop/items/N159761802 HTTP/2" 429 0 "-" "Mozilla/5.0 (Windows NT 10.0; Win64; x64) AppleWebKit/537.36 (KHTML, like Gecko) Chrome/145.0.0.0 Safari/537.36 (compatible; meta-externalagent/1.1 (+https://developers.facebook.com/docs/sharing/webmasters/crawler))"
