66.249.74.6 - - [26/Sep/2026:16:22:13 +0000] "GET /?action=edit&file=xmlrpc.php&path=%2Fhome%2Fafghan%2Fosdg.ngo HTTP/1.1" 200 20027 "-" "Mozilla/5.0 (Linux; Android 6.0.1; Nexus 5X Build/MMB29P) AppleWebKit/537.36 (KHTML, like Gecko) Chrome/153.0.8010.52 Mobile Safari/537.36 (compatible; GoogleOther)"
66.249.74.6 - - [26/Sep/2026:16:22:15 +0000] "GET /causes-1/?path=%2Fhome%2Fafghan%2Fphp%2Fdocs%2FNet_SMTP%2Fexamples HTTP/1.1" 200 15596 "-" "Mozilla/5.0 (Linux; Android 6.0.1; Nexus 5X Build/MMB29P) AppleWebKit/537.36 (KHTML, like Gecko) Chrome/153.0.8010.52 Mobile Safari/537.36 (compatible; GoogleOther)"
216.73.216.37 - - [26/Sep/2026:16:22:16 +0000] "GET /?k=22023775751 HTTP/2" 429 0 "-" "Mozilla/5.0 AppleWebKit/537.36 (KHTML, like Gecko; compatible; ClaudeBot/1.0; +claudebot@anthropic.com)"
66.249.74.6 - - [26/Sep/2026:16:22:16 +0000] "GET /?action=edit&file=index.php&path=%2Fhome%2Fafghan%2Fosdg.ngo HTTP/1.1" 200 18768 "-" "Mozilla/5.0 (Linux; Android 6.0.1; Nexus 5X Build/MMB29P) AppleWebKit/537.36 (KHTML, like Gecko) Chrome/153.0.8010.52 Mobile Safari/537.36 (compatible; GoogleOther)"
74.7.243.235 - - [26/Sep/2026:16:22:17 +0000] "GET /2025/06/28/tragaperras-gratis-en-linea/ HTTP/2" 200 16502 "https://osdg.ngo/2025/06/28/descargar-gratis-juegos-de-casinos-en-espa%C3%B1ol/" "Mozilla/5.0 AppleWebKit/537.36 (KHTML, like Gecko; compatible; GPTBot/1.4; +https://openai.com/gptbot)"
57.141.20.4 - - [26/Sep/2026:16:22:19 +0000] "GET /?l=54172877220 HTTP/2" 429 0 "-" "Mozilla/5.0 (Macintosh; Intel Mac OS X 10_15_7) AppleWebKit/537.36 (KHTML, like Gecko) Chrome/145.0.0.0 Safari/537.36 (compatible; meta-externalagent/1.1 (+https://developers.facebook.com/docs/sharing/webmasters/crawler))"
216.73.216.37 - - [26/Sep/2026:16:22:21 +0000] "GET /?k=10118585299 HTTP/2" 429 0 "-" "Mozilla/5.0 AppleWebKit/537.36 (KHTML, like Gecko; compatible; ClaudeBot/1.0; +claudebot@anthropic.com)"
66.249.74.6 - - [26/Sep/2026:16:22:23 +0000] "GET /causes-1/?action=edit&file=jce.jar&path=%2F%2Fetc%2Falternatives%2Fjre_1.8.0_openjdk%2Flib HTTP/1.1" 200 105076 "-" "Mozilla/5.0 (Linux; Android 6.0.1; Nexus 5X Build/MMB29P) AppleWebKit/537.36 (KHTML, like Gecko) Chrome/153.0.8010.52 Mobile Safari/537.36 (compatible; GoogleOther)"
216.73.216.37 - - [26/Sep/2026:16:22:26 +0000] "GET /?y=12958233911 HTTP/2" 429 0 "-" "Mozilla/5.0 AppleWebKit/537.36 (KHTML, like Gecko; compatible; ClaudeBot/1.0; +claudebot@anthropic.com)"
216.73.216.37 - - [26/Sep/2026:16:22:31 +0000] "GET /?k=71259866237 HTTP/2" 429 0 "-" "Mozilla/5.0 AppleWebKit/537.36 (KHTML, like Gecko; compatible; ClaudeBot/1.0; +claudebot@anthropic.com)"
216.73.216.37 - - [26/Sep/2026:16:22:36 +0000] "GET /?q=99251415445 HTTP/2" 429 0 "-" "Mozilla/5.0 AppleWebKit/537.36 (KHTML, like Gecko; compatible; ClaudeBot/1.0; +claudebot@anthropic.com)"
74.7.243.235 - - [26/Sep/2026:16:22:37 +0000] "GET /2025/06/28/comodoro-rivadavia-casino-bono-sin-dep%C3%B3sito-50-giros-gratis-2025/ HTTP/2" 429 0 "https://osdg.ngo/wp-sitemap-posts-post-3.xml" "Mozilla/5.0 AppleWebKit/537.36 (KHTML, like Gecko; compatible; GPTBot/1.4; +https://openai.com/gptbot)"
216.73.216.37 - - [26/Sep/2026:16:22:41 +0000] "GET /?q=31926213639 HTTP/2" 429 0 "-" "Mozilla/5.0 AppleWebKit/537.36 (KHTML, like Gecko; compatible; ClaudeBot/1.0; +claudebot@anthropic.com)"
216.73.216.37 - - [26/Sep/2026:16:22:46 +0000] "GET /?q=10384559654 HTTP/2" 429 0 "-" "Mozilla/5.0 AppleWebKit/537.36 (KHTML, like Gecko; compatible; ClaudeBot/1.0; +claudebot@anthropic.com)"
216.73.216.37 - - [26/Sep/2026:16:22:51 +0000] "GET /?u=21105677927 HTTP/2" 429 0 "-" "Mozilla/5.0 AppleWebKit/537.36 (KHTML, like Gecko; compatible; ClaudeBot/1.0; +claudebot@anthropic.com)"
57.141.20.65 - - [26/Sep/2026:16:22:54 +0000] "GET /?c=41196532793 HTTP/2" 429 0 "-" "Mozilla/5.0 (Macintosh; Intel Mac OS X 10_15_7) AppleWebKit/537.36 (KHTML, like Gecko) Chrome/145.0.0.0 Safari/537.36 (compatible; meta-externalagent/1.1 (+https://developers.facebook.com/docs/sharing/webmasters/crawler))"
216.73.216.37 - - [26/Sep/2026:16:22:56 +0000] "GET /?w=26839302188 HTTP/2" 200 1395 "-" "Mozilla/5.0 AppleWebKit/537.36 (KHTML, like Gecko; compatible; ClaudeBot/1.0; +claudebot@anthropic.com)"
216.73.216.37 - - [26/Sep/2026:16:23:01 +0000] "GET /?k=36661737393 HTTP/2" 429 0 "-" "Mozilla/5.0 AppleWebKit/537.36 (KHTML, like Gecko; compatible; ClaudeBot/1.0; +claudebot@anthropic.com)"
216.73.216.37 - - [26/Sep/2026:16:23:07 +0000] "GET /?f=40494697821 HTTP/2" 200 19433 "-" "Mozilla/5.0 AppleWebKit/537.36 (KHTML, like Gecko; compatible; ClaudeBot/1.0; +claudebot@anthropic.com)"
216.73.216.37 - - [26/Sep/2026:16:23:12 +0000] "GET /?l=14183809907 HTTP/2" 429 0 "-" "Mozilla/5.0 AppleWebKit/537.36 (KHTML, like Gecko; compatible; ClaudeBot/1.0; +claudebot@anthropic.com)"
216.73.216.37 - - [26/Sep/2026:16:23:16 +0000] "GET /?k=37894690148 HTTP/2" 429 0 "-" "Mozilla/5.0 AppleWebKit/537.36 (KHTML, like Gecko; compatible; ClaudeBot/1.0; +claudebot@anthropic.com)"
216.73.216.37 - - [26/Sep/2026:16:23:22 +0000] "GET /?l=99257421217 HTTP/2" 429 0 "-" "Mozilla/5.0 AppleWebKit/537.36 (KHTML, like Gecko; compatible; ClaudeBot/1.0; +claudebot@anthropic.com)"
66.249.74.6 - - [26/Sep/2026:16:23:22 +0000] "GET /causes-1/?action=edit&file=e56babef1abc4aa9d3320bdb80e6bc010dc131&path=%2F%2Flib%2F.build-id%2F72 HTTP/1.1" 200 15141 "-" "Mozilla/5.0 (Linux; Android 6.0.1; Nexus 5X Build/MMB29P) AppleWebKit/537.36 (KHTML, like Gecko) Chrome/153.0.8010.52 Mobile Safari/537.36 (compatible; GoogleOther)"
216.73.216.37 - - [26/Sep/2026:16:23:26 +0000] "GET /?w=42128734017 HTTP/2" 429 0 "-" "Mozilla/5.0 AppleWebKit/537.36 (KHTML, like Gecko; compatible; ClaudeBot/1.0; +claudebot@anthropic.com)"
66.249.74.6 - - [26/Sep/2026:16:23:27 +0000] "GET /causes-1/?action=edit&file=sort&path=%2F%2Fusr%2Fbin HTTP/1.1" 200 68410 "-" "Mozilla/5.0 (Linux; Android 6.0.1; Nexus 5X Build/MMB29P) AppleWebKit/537.36 (KHTML, like Gecko) Chrome/153.0.8010.52 Mobile Safari/537.36 (compatible; GoogleOther)"
216.73.216.37 - - [26/Sep/2026:16:23:32 +0000] "GET /?l=81745325244 HTTP/2" 429 0 "-" "Mozilla/5.0 AppleWebKit/537.36 (KHTML, like Gecko; compatible; ClaudeBot/1.0; +claudebot@anthropic.com)"
57.141.20.6 - - [26/Sep/2026:16:23:33 +0000] "GET /?k=69541984661 HTTP/2" 429 0 "-" "Mozilla/5.0 (Windows NT 10.0; Win64; x64) AppleWebKit/537.36 (KHTML, like Gecko) Chrome/145.0.0.0 Safari/537.36 (compatible; meta-externalagent/1.1 (+https://developers.facebook.com/docs/sharing/webmasters/crawler))"
216.73.216.37 - - [26/Sep/2026:16:23:37 +0000] "GET /?q=64492877626 HTTP/2" 429 0 "-" "Mozilla/5.0 AppleWebKit/537.36 (KHTML, like Gecko; compatible; ClaudeBot/1.0; +claudebot@anthropic.com)"
216.73.216.37 - - [26/Sep/2026:16:23:42 +0000] "GET /?k=55913990267 HTTP/2" 200 1395 "-" "Mozilla/5.0 AppleWebKit/537.36 (KHTML, like Gecko; compatible; ClaudeBot/1.0; +claudebot@anthropic.com)"
216.73.216.37 - - [26/Sep/2026:16:23:47 +0000] "GET /?y=54610884489 HTTP/2" 429 0 "-" "Mozilla/5.0 AppleWebKit/537.36 (KHTML, like Gecko; compatible; ClaudeBot/1.0; +claudebot@anthropic.com)"
216.73.216.37 - - [26/Sep/2026:16:23:52 +0000] "GET /?l=70894213218 HTTP/2" 429 0 "-" "Mozilla/5.0 AppleWebKit/537.36 (KHTML, like Gecko; compatible; ClaudeBot/1.0; +claudebot@anthropic.com)"
74.7.243.235 - - [26/Sep/2026:16:23:53 +0000] "GET /?p=8087 HTTP/2" 200 1395 "https://osdg.ngo/2025/06/28/tipos-de-blackjack/" "Mozilla/5.0 AppleWebKit/537.36 (KHTML, like Gecko; compatible; GPTBot/1.4; +https://openai.com/gptbot)"
216.73.216.37 - - [26/Sep/2026:16:23:57 +0000] "GET /?y=50620037266 HTTP/2" 429 0 "-" "Mozilla/5.0 AppleWebKit/537.36 (KHTML, like Gecko; compatible; ClaudeBot/1.0; +claudebot@anthropic.com)"
216.73.216.37 - - [26/Sep/2026:16:24:02 +0000] "GET /?r=79813291044 HTTP/2" 429 0 "-" "Mozilla/5.0 AppleWebKit/537.36 (KHTML, like Gecko; compatible; ClaudeBot/1.0; +claudebot@anthropic.com)"
66.249.74.7 - - [26/Sep/2026:16:24:05 +0000] "GET /causes-1/?action=edit&file=indxbib&path=%2F%2Fusr%2Fbin HTTP/1.1" 200 33907 "-" "Mozilla/5.0 (Linux; Android 6.0.1; Nexus 5X Build/MMB29P) AppleWebKit/537.36 (KHTML, like Gecko) Chrome/153.0.8010.52 Mobile Safari/537.36 (compatible; GoogleOther)"
216.73.216.37 - - [26/Sep/2026:16:24:07 +0000] "GET /?k=66532788225 HTTP/2" 429 0 "-" "Mozilla/5.0 AppleWebKit/537.36 (KHTML, like Gecko; compatible; ClaudeBot/1.0; +claudebot@anthropic.com)"
216.73.216.37 - - [26/Sep/2026:16:24:12 +0000] "GET /?k=59204261519 HTTP/2" 429 0 "-" "Mozilla/5.0 AppleWebKit/537.36 (KHTML, like Gecko; compatible; ClaudeBot/1.0; +claudebot@anthropic.com)"
216.73.216.37 - - [26/Sep/2026:16:24:17 +0000] "GET /?k=49670725106 HTTP/2" 429 0 "-" "Mozilla/5.0 AppleWebKit/537.36 (KHTML, like Gecko; compatible; ClaudeBot/1.0; +claudebot@anthropic.com)"
57.141.20.45 - - [26/Sep/2026:16:24:17 +0000] "GET /?d=43831375607 HTTP/2" 429 0 "-" "Mozilla/5.0 (Macintosh; Intel Mac OS X 10_15_7) AppleWebKit/537.36 (KHTML, like Gecko) Chrome/145.0.0.0 Safari/537.36 (compatible; meta-externalagent/1.1 (+https://developers.facebook.com/docs/sharing/webmasters/crawler))"
216.73.216.37 - - [26/Sep/2026:16:24:22 +0000] "GET /?q=67091439257 HTTP/2" 429 0 "-" "Mozilla/5.0 AppleWebKit/537.36 (KHTML, like Gecko; compatible; ClaudeBot/1.0; +claudebot@anthropic.com)"
216.73.216.37 - - [26/Sep/2026:16:24:27 +0000] "GET /?u=42443121851 HTTP/2" 200 1395 "-" "Mozilla/5.0 AppleWebKit/537.36 (KHTML, like Gecko; compatible; ClaudeBot/1.0; +claudebot@anthropic.com)"
74.7.243.235 - - [26/Sep/2026:16:24:29 +0000] "GET /2025/06/28/juega-gratis-a-starz-megaways-en-modo-demo/ HTTP/2" 429 0 "https://osdg.ngo/2025/06/28/tipos-de-blackjack/" "Mozilla/5.0 AppleWebKit/537.36 (KHTML, like Gecko; compatible; GPTBot/1.4; +https://openai.com/gptbot)"
216.73.216.37 - - [26/Sep/2026:16:24:32 +0000] "GET /?u=85320422584 HTTP/2" 429 0 "-" "Mozilla/5.0 AppleWebKit/537.36 (KHTML, like Gecko; compatible; ClaudeBot/1.0; +claudebot@anthropic.com)"
216.73.216.37 - - [26/Sep/2026:16:24:37 +0000] "GET /?k=53236950408 HTTP/2" 429 0 "-" "Mozilla/5.0 AppleWebKit/537.36 (KHTML, like Gecko; compatible; ClaudeBot/1.0; +claudebot@anthropic.com)"
66.249.74.6 - - [26/Sep/2026:16:24:40 +0000] "GET /causes-1/?action=edit&file=mariadb-dump&path=%2F%2Fusr%2Fbin HTTP/1.1" 200 765463 "-" "Mozilla/5.0 (Linux; Android 6.0.1; Nexus 5X Build/MMB29P) AppleWebKit/537.36 (KHTML, like Gecko) Chrome/153.0.8010.52 Mobile Safari/537.36 (compatible; GoogleOther)"
216.73.216.37 - - [26/Sep/2026:16:24:42 +0000] "GET /?w=25192758906 HTTP/2" 429 0 "-" "Mozilla/5.0 AppleWebKit/537.36 (KHTML, like Gecko; compatible; ClaudeBot/1.0; +claudebot@anthropic.com)"
66.249.74.6 - - [26/Sep/2026:16:24:45 +0000] "GET /causes-1/?action=edit&file=resources.jar&path=%2F%2Fetc%2Falternatives%2Fjre_1.8.0_openjdk%2Flib HTTP/1.1" 200 780786 "-" "Mozilla/5.0 (Linux; Android 6.0.1; Nexus 5X Build/MMB29P) AppleWebKit/537.36 (KHTML, like Gecko) Chrome/153.0.8010.52 Mobile Safari/537.36 (compatible; GoogleOther)"
216.73.216.37 - - [26/Sep/2026:16:24:47 +0000] "GET /?y=35422381629 HTTP/2" 429 0 "-" "Mozilla/5.0 AppleWebKit/537.36 (KHTML, like Gecko; compatible; ClaudeBot/1.0; +claudebot@anthropic.com)"
74.7.243.235 - - [26/Sep/2026:16:24:49 +0000] "GET /2025/06/28/tipos-de-blackjack/?action=edit&file=wp-load.php&path=%2Fhome%2Fafghan%2Fosdg.ngo HTTP/2" 429 0 "https://osdg.ngo/2025/06/28/tipos-de-blackjack/" "Mozilla/5.0 AppleWebKit/537.36 (KHTML, like Gecko; compatible; GPTBot/1.4; +https://openai.com/gptbot)"
216.73.216.37 - - [26/Sep/2026:16:24:52 +0000] "GET /?k=11407432343 HTTP/2" 429 0 "-" "Mozilla/5.0 AppleWebKit/537.36 (KHTML, like Gecko; compatible; ClaudeBot/1.0; +claudebot@anthropic.com)"
216.73.216.37 - - [26/Sep/2026:16:24:57 +0000] "GET /?k=31371781305 HTTP/2" 429 0 "-" "Mozilla/5.0 AppleWebKit/537.36 (KHTML, like Gecko; compatible; ClaudeBot/1.0; +claudebot@anthropic.com)"
66.249.74.9 - - [26/Sep/2026:16:25:01 +0000] "GET /causes-1/?path=%2F%2Fetc%2Falternatives%2Fjre_1.8.0_openjdk%2Flib%2Fext HTTP/1.1" 200 15717 "-" "Mozilla/5.0 (Linux; Android 6.0.1; Nexus 5X Build/MMB29P) AppleWebKit/537.36 (KHTML, like Gecko) Chrome/153.0.8010.52 Mobile Safari/537.36 (compatible; GoogleOther)"
216.73.216.37 - - [26/Sep/2026:16:25:02 +0000] "GET /?y=14283151680 HTTP/2" 429 0 "-" "Mozilla/5.0 AppleWebKit/537.36 (KHTML, like Gecko; compatible; ClaudeBot/1.0; +claudebot@anthropic.com)"
216.73.216.37 - - [26/Sep/2026:16:25:07 +0000] "GET /?k=73781107393 HTTP/2" 429 0 "-" "Mozilla/5.0 AppleWebKit/537.36 (KHTML, like Gecko; compatible; ClaudeBot/1.0; +claudebot@anthropic.com)"
74.7.243.235 - - [26/Sep/2026:16:25:09 +0000] "GET /2025/06/28/mega-777-online-casino/ HTTP/2" 429 0 "https://osdg.ngo/wp-sitemap-posts-post-4.xml" "Mozilla/5.0 AppleWebKit/537.36 (KHTML, like Gecko; compatible; GPTBot/1.4; +https://openai.com/gptbot)"
216.73.216.37 - - [26/Sep/2026:16:25:12 +0000] "GET /?k=74874120020 HTTP/2" 200 1395 "-" "Mozilla/5.0 AppleWebKit/537.36 (KHTML, like Gecko; compatible; ClaudeBot/1.0; +claudebot@anthropic.com)"
216.73.216.37 - - [26/Sep/2026:16:25:17 +0000] "GET /?k=69605301480 HTTP/2" 429 0 "-" "Mozilla/5.0 AppleWebKit/537.36 (KHTML, like Gecko; compatible; ClaudeBot/1.0; +claudebot@anthropic.com)"
66.249.74.8 - - [26/Sep/2026:16:25:19 +0000] "GET /causes-1/?action=edit&file=pr&path=%2F%2Fusr%2Fbin HTTP/1.1" 200 49450 "-" "Mozilla/5.0 (Linux; Android 6.0.1; Nexus 5X Build/MMB29P) AppleWebKit/537.36 (KHTML, like Gecko) Chrome/153.0.8010.52 Mobile Safari/537.36 (compatible; GoogleOther)"
216.73.216.37 - - [26/Sep/2026:16:25:22 +0000] "GET /?y=92483880416 HTTP/2" 429 0 "-" "Mozilla/5.0 AppleWebKit/537.36 (KHTML, like Gecko; compatible; ClaudeBot/1.0; +claudebot@anthropic.com)"
216.73.216.37 - - [26/Sep/2026:16:25:27 +0000] "GET /?u=31170490617 HTTP/2" 429 0 "-" "Mozilla/5.0 AppleWebKit/537.36 (KHTML, like Gecko; compatible; ClaudeBot/1.0; +claudebot@anthropic.com)"
74.7.243.235 - - [26/Sep/2026:16:25:29 +0000] "GET /2025/06/28/cu%C3%A1l-es-el-mejor-casino-btc/ HTTP/2" 429 0 "https://osdg.ngo/wp-sitemap-posts-post-2.xml" "Mozilla/5.0 AppleWebKit/537.36 (KHTML, like Gecko; compatible; GPTBot/1.4; +https://openai.com/gptbot)"
216.73.216.37 - - [26/Sep/2026:16:25:32 +0000] "GET /?k=19084291896 HTTP/2" 200 19423 "-" "Mozilla/5.0 AppleWebKit/537.36 (KHTML, like Gecko; compatible; ClaudeBot/1.0; +claudebot@anthropic.com)"
66.249.74.6 - - [26/Sep/2026:16:25:35 +0000] "GET /causes-1/?action=edit&file=b888ad06403ff3650924db9b1714107026058a&path=%2F%2Flib%2F.build-id%2F20 HTTP/1.1" 200 15123 "-" "Mozilla/5.0 (Linux; Android 6.0.1; Nexus 5X Build/MMB29P) AppleWebKit/537.36 (KHTML, like Gecko) Chrome/153.0.8010.52 Mobile Safari/537.36 (compatible; GoogleOther)"
216.73.216.37 - - [26/Sep/2026:16:25:37 +0000] "GET /?d=6568660686 HTTP/2" 429 0 "-" "Mozilla/5.0 AppleWebKit/537.36 (KHTML, like Gecko; compatible; ClaudeBot/1.0; +claudebot@anthropic.com)"
66.249.74.6 - - [26/Sep/2026:16:25:40 +0000] "GET /causes-1/?action=edit&file=35.log&path=%2F%2Fopt%2Fsys-snap%2Fsystem-snapshot%2F17 HTTP/1.1" 200 53463 "-" "Mozilla/5.0 (Linux; Android 6.0.1; Nexus 5X Build/MMB29P) AppleWebKit/537.36 (KHTML, like Gecko) Chrome/153.0.8010.52 Mobile Safari/537.36 (compatible; GoogleOther)"
216.73.216.37 - - [26/Sep/2026:16:25:42 +0000] "GET /?k=90635608403 HTTP/2" 429 0 "-" "Mozilla/5.0 AppleWebKit/537.36 (KHTML, like Gecko; compatible; ClaudeBot/1.0; +claudebot@anthropic.com)"
66.249.74.6 - - [26/Sep/2026:16:25:44 +0000] "GET /causes-1/?action=edit&file=dovecot.mailbox.log&path=%2Fhome%2Fafghan%2Fmail%2F.program_director%40ohdaf_org HTTP/1.1" 200 15313 "-" "Mozilla/5.0 (Linux; Android 6.0.1; Nexus 5X Build/MMB29P) AppleWebKit/537.36 (KHTML, like Gecko) Chrome/153.0.8010.52 Mobile Safari/537.36 (compatible; GoogleOther)"
216.73.216.37 - - [26/Sep/2026:16:25:47 +0000] "GET /?k=67839920817 HTTP/2" 429 0 "-" "Mozilla/5.0 AppleWebKit/537.36 (KHTML, like Gecko; compatible; ClaudeBot/1.0; +claudebot@anthropic.com)"
66.249.74.6 - - [26/Sep/2026:16:25:47 +0000] "GET /causes-1/?action=edit&file=euc_jis_2004.py&path=%2F%2Flib64%2Fpython3.6%2Fencodings HTTP/1.1" 200 15598 "-" "Mozilla/5.0 (Linux; Android 6.0.1; Nexus 5X Build/MMB29P) AppleWebKit/537.36 (KHTML, like Gecko) Chrome/153.0.8010.52 Mobile Safari/537.36 (compatible; GoogleOther)"
216.73.216.37 - - [26/Sep/2026:16:25:52 +0000] "GET /?d=3662740478 HTTP/2" 429 0 "-" "Mozilla/5.0 AppleWebKit/537.36 (KHTML, like Gecko; compatible; ClaudeBot/1.0; +claudebot@anthropic.com)"
216.73.216.37 - - [26/Sep/2026:16:25:57 +0000] "GET /?l=7525889071 HTTP/2" 429 0 "-" "Mozilla/5.0 AppleWebKit/537.36 (KHTML, like Gecko; compatible; ClaudeBot/1.0; +claudebot@anthropic.com)"
66.249.74.6 - - [26/Sep/2026:16:26:01 +0000] "GET /causes-1/?action=edit&file=4bc3b59a5792c948a033a1ec118b118a04c2c2&path=%2F%2Flib%2F.build-id%2Fbb HTTP/1.1" 200 159703 "-" "Mozilla/5.0 (Linux; Android 6.0.1; Nexus 5X Build/MMB29P) AppleWebKit/537.36 (KHTML, like Gecko) Chrome/153.0.8010.52 Mobile Safari/537.36 (compatible; GoogleOther)"
216.73.216.37 - - [26/Sep/2026:16:26:02 +0000] "GET /?r=5869354259 HTTP/2" 429 0 "-" "Mozilla/5.0 AppleWebKit/537.36 (KHTML, like Gecko; compatible; ClaudeBot/1.0; +claudebot@anthropic.com)"
66.249.74.6 - - [26/Sep/2026:16:26:04 +0000] "GET /causes-1/?action=edit&file=managers.py&path=%2F%2Flib64%2Fpython3.8%2Fmultiprocessing HTTP/1.1" 200 27715 "-" "Mozilla/5.0 (Linux; Android 6.0.1; Nexus 5X Build/MMB29P) AppleWebKit/537.36 (KHTML, like Gecko) Chrome/153.0.8010.52 Mobile Safari/537.36 (compatible; GoogleOther)"
66.249.74.7 - - [26/Sep/2026:16:26:08 +0000] "GET /causes-1/?action=edit&file=zlib_codec.py&path=%2F%2Flib64%2Fpython3.6%2Fencodings HTTP/1.1" 200 15839 "-" "Mozilla/5.0 (Linux; Android 6.0.1; Nexus 5X Build/MMB29P) AppleWebKit/537.36 (KHTML, like Gecko) Chrome/153.0.8010.52 Mobile Safari/537.36 (compatible; GoogleOther)"
216.73.216.37 - - [26/Sep/2026:16:26:20 +0000] "GET /?q=56386130306 HTTP/2" 200 1395 "-" "Mozilla/5.0 AppleWebKit/537.36 (KHTML, like Gecko; compatible; ClaudeBot/1.0; +claudebot@anthropic.com)"
74.7.243.235 - - [26/Sep/2026:16:26:25 +0000] "GET /?p=3945 HTTP/2" 429 0 "https://osdg.ngo/2025/06/28/tragaperras-gratis-en-linea/" "Mozilla/5.0 AppleWebKit/537.36 (KHTML, like Gecko; compatible; GPTBot/1.4; +https://openai.com/gptbot)"
216.73.216.37 - - [26/Sep/2026:16:26:25 +0000] "GET /?l=19542751494 HTTP/2" 429 0 "-" "Mozilla/5.0 AppleWebKit/537.36 (KHTML, like Gecko; compatible; ClaudeBot/1.0; +claudebot@anthropic.com)"
66.249.74.6 - - [26/Sep/2026:16:26:28 +0000] "GET /causes-1/?action=edit&file=9a73c16c2bd743d9cb3a1de6c03e948f5b85ec&path=%2F%2Flib%2F.build-id%2F8e HTTP/1.1" 200 26512 "-" "Mozilla/5.0 (Linux; Android 6.0.1; Nexus 5X Build/MMB29P) AppleWebKit/537.36 (KHTML, like Gecko) Chrome/153.0.8010.52 Mobile Safari/537.36 (compatible; GoogleOther)"
216.73.216.37 - - [26/Sep/2026:16:26:30 +0000] "GET /?k=92028900956 HTTP/2" 429 0 "-" "Mozilla/5.0 AppleWebKit/537.36 (KHTML, like Gecko; compatible; ClaudeBot/1.0; +claudebot@anthropic.com)"
216.73.216.37 - - [26/Sep/2026:16:26:35 +0000] "GET /?y=7482768303 HTTP/2" 429 0 "-" "Mozilla/5.0 AppleWebKit/537.36 (KHTML, like Gecko; compatible; ClaudeBot/1.0; +claudebot@anthropic.com)"
66.249.74.6 - - [26/Sep/2026:16:26:38 +0000] "GET /causes-1/?action=edit&file=d5bfebbb999ae30d898b19a2b9aa49ff27ca98&path=%2F%2Flib%2F.build-id%2F8d HTTP/1.1" 200 46308 "-" "Mozilla/5.0 (Linux; Android 6.0.1; Nexus 5X Build/MMB29P) AppleWebKit/537.36 (KHTML, like Gecko) Chrome/153.0.8010.52 Mobile Safari/537.36 (compatible; GoogleOther)"
216.73.216.37 - - [26/Sep/2026:16:26:40 +0000] "GET /?y=61850219817 HTTP/2" 429 0 "-" "Mozilla/5.0 AppleWebKit/537.36 (KHTML, like Gecko; compatible; ClaudeBot/1.0; +claudebot@anthropic.com)"
216.73.216.37 - - [26/Sep/2026:16:26:45 +0000] "GET /?y=14772349791 HTTP/2" 429 0 "-" "Mozilla/5.0 AppleWebKit/537.36 (KHTML, like Gecko; compatible; ClaudeBot/1.0; +claudebot@anthropic.com)"
216.73.216.37 - - [26/Sep/2026:16:26:50 +0000] "GET /?u=19325476794 HTTP/2" 429 0 "-" "Mozilla/5.0 AppleWebKit/537.36 (KHTML, like Gecko; compatible; ClaudeBot/1.0; +claudebot@anthropic.com)"
66.249.74.7 - - [26/Sep/2026:16:26:50 +0000] "GET /causes-1/?action=edit&file=38.log&path=%2F%2Fopt%2Fsys-snap%2Fsystem-snapshot%2F1 HTTP/1.1" 200 44538 "-" "Mozilla/5.0 (Linux; Android 6.0.1; Nexus 5X Build/MMB29P) AppleWebKit/537.36 (KHTML, like Gecko) Chrome/153.0.8010.52 Mobile Safari/537.36 (compatible; GoogleOther)"
216.73.216.37 - - [26/Sep/2026:16:26:55 +0000] "GET /?l=30088272417 HTTP/2" 429 0 "-" "Mozilla/5.0 AppleWebKit/537.36 (KHTML, like Gecko; compatible; ClaudeBot/1.0; +claudebot@anthropic.com)"
216.73.216.37 - - [26/Sep/2026:16:27:00 +0000] "GET /?k=74906939687 HTTP/2" 429 0 "-" "Mozilla/5.0 AppleWebKit/537.36 (KHTML, like Gecko; compatible; ClaudeBot/1.0; +claudebot@anthropic.com)"
66.249.74.8 - - [26/Sep/2026:16:27:04 +0000] "GET /causes-1/?action=edit&file=24.log&path=%2F%2Fopt%2Fsys-snap%2Fsystem-snapshot%2F18 HTTP/1.1" 200 51350 "-" "Mozilla/5.0 (Linux; Android 6.0.1; Nexus 5X Build/MMB29P) AppleWebKit/537.36 (KHTML, like Gecko) Chrome/153.0.8010.52 Mobile Safari/537.36 (compatible; GoogleOther)"
74.7.243.235 - - [26/Sep/2026:16:27:05 +0000] "GET /2025/06/28/blackjack-con-crupier-en-directo-desde-el-movil/?action=edit&file=wp-signup.php&path=%2Fhome%2Fafghan%2Fosdg.ngo HTTP/2" 429 0 "https://osdg.ngo/2025/06/28/blackjack-con-crupier-en-directo-desde-el-movil/" "Mozilla/5.0 AppleWebKit/537.36 (KHTML, like Gecko; compatible; GPTBot/1.4; +https://openai.com/gptbot)"
216.73.216.37 - - [26/Sep/2026:16:27:05 +0000] "GET /?q=34312013823 HTTP/2" 200 1395 "-" "Mozilla/5.0 AppleWebKit/537.36 (KHTML, like Gecko; compatible; ClaudeBot/1.0; +claudebot@anthropic.com)"
216.73.216.37 - - [26/Sep/2026:16:27:10 +0000] "GET /?q=34915161304 HTTP/2" 429 0 "-" "Mozilla/5.0 AppleWebKit/537.36 (KHTML, like Gecko; compatible; ClaudeBot/1.0; +claudebot@anthropic.com)"
216.73.216.37 - - [26/Sep/2026:16:27:15 +0000] "GET /?q=47091165222 HTTP/2" 429 0 "-" "Mozilla/5.0 AppleWebKit/537.36 (KHTML, like Gecko; compatible; ClaudeBot/1.0; +claudebot@anthropic.com)"
216.73.216.37 - - [26/Sep/2026:16:27:20 +0000] "GET /?k=72796246172 HTTP/2" 429 0 "-" "Mozilla/5.0 AppleWebKit/537.36 (KHTML, like Gecko; compatible; ClaudeBot/1.0; +claudebot@anthropic.com)"
74.7.243.235 - - [26/Sep/2026:16:27:25 +0000] "GET /2025/06/28/juego-de-carta-blanca-gratis-en-l%C3%ADnea/ HTTP/2" 200 16484 "https://osdg.ngo/wp-sitemap-posts-post-3.xml" "Mozilla/5.0 AppleWebKit/537.36 (KHTML, like Gecko; compatible; GPTBot/1.4; +https://openai.com/gptbot)"
216.73.216.37 - - [26/Sep/2026:16:27:25 +0000] "GET /?k=86598902927 HTTP/2" 429 0 "-" "Mozilla/5.0 AppleWebKit/537.36 (KHTML, like Gecko; compatible; ClaudeBot/1.0; +claudebot@anthropic.com)"
216.73.216.37 - - [26/Sep/2026:16:27:30 +0000] "GET /?e=33991427662 HTTP/2" 429 0 "-" "Mozilla/5.0 AppleWebKit/537.36 (KHTML, like Gecko; compatible; ClaudeBot/1.0; +claudebot@anthropic.com)"
216.73.216.37 - - [26/Sep/2026:16:27:35 +0000] "GET /?q=81518293868 HTTP/2" 429 0 "-" "Mozilla/5.0 AppleWebKit/537.36 (KHTML, like Gecko; compatible; ClaudeBot/1.0; +claudebot@anthropic.com)"
216.73.216.37 - - [26/Sep/2026:16:27:40 +0000] "GET /?w=38578739390 HTTP/2" 429 0 "-" "Mozilla/5.0 AppleWebKit/537.36 (KHTML, like Gecko; compatible; ClaudeBot/1.0; +claudebot@anthropic.com)"
74.7.243.235 - - [26/Sep/2026:16:27:45 +0000] "GET /2025/06/28/aplicaci%C3%B3n-juegos-de-casino/ HTTP/2" 429 0 "https://osdg.ngo/wp-sitemap-posts-post-2.xml" "Mozilla/5.0 AppleWebKit/537.36 (KHTML, like Gecko; compatible; GPTBot/1.4; +https://openai.com/gptbot)"
216.73.216.37 - - [26/Sep/2026:16:27:45 +0000] "GET /?y=87077087949 HTTP/2" 429 0 "-" "Mozilla/5.0 AppleWebKit/537.36 (KHTML, like Gecko; compatible; ClaudeBot/1.0; +claudebot@anthropic.com)"
66.249.74.9 - - [26/Sep/2026:16:27:47 +0000] "GET /causes-1/?action=edit&file=BTC_rlc.bin&path=%2F%2Flib%2Ffirmware%2Fradeon HTTP/1.1" 200 16059 "-" "Mozilla/5.0 (Linux; Android 6.0.1; Nexus 5X Build/MMB29P) AppleWebKit/537.36 (KHTML, like Gecko) Chrome/153.0.8010.52 Mobile Safari/537.36 (compatible; GoogleOther)"
216.73.216.37 - - [26/Sep/2026:16:27:50 +0000] "GET /?l=12884140027 HTTP/2" 200 1395 "-" "Mozilla/5.0 AppleWebKit/537.36 (KHTML, like Gecko; compatible; ClaudeBot/1.0; +claudebot@anthropic.com)"
216.73.216.37 - - [26/Sep/2026:16:27:55 +0000] "GET /?q=82674600000 HTTP/2" 429 0 "-" "Mozilla/5.0 AppleWebKit/537.36 (KHTML, like Gecko; compatible; ClaudeBot/1.0; +claudebot@anthropic.com)"
74.7.243.235 - - [26/Sep/2026:16:28:01 +0000] "GET /2025/06/28/asociacion-espa%C3%B1ola-de-casinos/ HTTP/2" 429 0 "https://osdg.ngo/wp-sitemap-posts-post-1.xml" "Mozilla/5.0 AppleWebKit/537.36 (KHTML, like Gecko; compatible; GPTBot/1.4; +https://openai.com/gptbot)"
66.249.74.8 - - [26/Sep/2026:16:28:01 +0000] "GET /causes-1/?action=edit&file=27.log&path=%2F%2Fopt%2Fsys-snap%2Fsystem-snapshot%2F3 HTTP/1.1" 200 48867 "-" "Mozilla/5.0 (Linux; Android 6.0.1; Nexus 5X Build/MMB29P) AppleWebKit/537.36 (KHTML, like Gecko) Chrome/153.0.8010.52 Mobile Safari/537.36 (compatible; GoogleOther)"
216.73.216.37 - - [26/Sep/2026:16:28:04 +0000] "GET /?k=41327257535 HTTP/2" 200 19423 "-" "Mozilla/5.0 AppleWebKit/537.36 (KHTML, like Gecko; compatible; ClaudeBot/1.0; +claudebot@anthropic.com)"
66.249.74.7 - - [26/Sep/2026:16:28:07 +0000] "GET /causes-1/?action=edit&file=bz2_codec.py&path=%2F%2Flib64%2Fpython3.6%2Fencodings HTTP/1.1" 200 15919 "-" "Mozilla/5.0 (Linux; Android 6.0.1; Nexus 5X Build/MMB29P) AppleWebKit/537.36 (KHTML, like Gecko) Chrome/153.0.8010.52 Mobile Safari/537.36 (compatible; GoogleOther)"
216.73.216.37 - - [26/Sep/2026:16:28:07 +0000] "GET /?e=36627636474 HTTP/2" 429 0 "-" "Mozilla/5.0 AppleWebKit/537.36 (KHTML, like Gecko; compatible; ClaudeBot/1.0; +claudebot@anthropic.com)"
216.73.216.37 - - [26/Sep/2026:16:28:12 +0000] "GET /?r=74209094535 HTTP/2" 429 0 "-" "Mozilla/5.0 AppleWebKit/537.36 (KHTML, like Gecko; compatible; ClaudeBot/1.0; +claudebot@anthropic.com)"
66.249.74.6 - - [26/Sep/2026:16:28:12 +0000] "GET /causes-1/?action=edit&file=06bc47907d567ef8fc52b3f5622480c5a8225b&path=%2F%2Flib%2F.build-id%2Ffc HTTP/1.1" 200 19933 "-" "Mozilla/5.0 (Linux; Android 6.0.1; Nexus 5X Build/MMB29P) AppleWebKit/537.36 (KHTML, like Gecko) Chrome/153.0.8010.52 Mobile Safari/537.36 (compatible; GoogleOther)"
66.249.74.6 - - [26/Sep/2026:16:28:14 +0000] "GET /?k=41862261979 HTTP/1.1" 200 19423 "-" "Mozilla/5.0 (Linux; Android 6.0.1; Nexus 5X Build/MMB29P) AppleWebKit/537.36 (KHTML, like Gecko) Chrome/153.0.8010.52 Mobile Safari/537.36 (compatible; Googlebot/2.1; +http://www.google.com/bot.html)"
216.73.216.37 - - [26/Sep/2026:16:28:19 +0000] "GET /?e=4166446244 HTTP/2" 429 0 "-" "Mozilla/5.0 AppleWebKit/537.36 (KHTML, like Gecko; compatible; ClaudeBot/1.0; +claudebot@anthropic.com)"
74.7.243.235 - - [26/Sep/2026:16:28:21 +0000] "GET /2025/06/28/c%C3%B3mo-ganar-en-el-casino-online/ HTTP/2" 429 0 "https://osdg.ngo/wp-sitemap-posts-post-2.xml" "Mozilla/5.0 AppleWebKit/537.36 (KHTML, like Gecko; compatible; GPTBot/1.4; +https://openai.com/gptbot)"
66.249.74.6 - - [26/Sep/2026:16:28:22 +0000] "GET /causes-1/?action=edit&file=09887ff48840e7a3652d3475ef18eb9aaa8a38&path=%2F%2Flib%2F.build-id%2Fa2 HTTP/1.1" 200 29566 "-" "Mozilla/5.0 (Linux; Android 6.0.1; Nexus 5X Build/MMB29P) AppleWebKit/537.36 (KHTML, like Gecko) Chrome/153.0.8010.52 Mobile Safari/537.36 (compatible; GoogleOther)"
216.73.216.37 - - [26/Sep/2026:16:28:23 +0000] "GET /?l=28124444993 HTTP/2" 429 0 "-" "Mozilla/5.0 AppleWebKit/537.36 (KHTML, like Gecko; compatible; ClaudeBot/1.0; +claudebot@anthropic.com)"
216.73.216.37 - - [26/Sep/2026:16:28:28 +0000] "GET /?l=53627733792 HTTP/2" 429 0 "-" "Mozilla/5.0 AppleWebKit/537.36 (KHTML, like Gecko; compatible; ClaudeBot/1.0; +claudebot@anthropic.com)"
66.249.74.6 - - [26/Sep/2026:16:28:33 +0000] "GET /causes-1/?action=edit&file=rtl8107e-1.fw&path=%2F%2Flib%2Ffirmware%2Frtl_nic HTTP/1.1" 200 16091 "-" "Mozilla/5.0 (Linux; Android 6.0.1; Nexus 5X Build/MMB29P) AppleWebKit/537.36 (KHTML, like Gecko) Chrome/153.0.8010.52 Mobile Safari/537.36 (compatible; GoogleOther)"
216.73.216.37 - - [26/Sep/2026:16:28:33 +0000] "GET /?d=7697834938 HTTP/2" 429 0 "-" "Mozilla/5.0 AppleWebKit/537.36 (KHTML, like Gecko; compatible; ClaudeBot/1.0; +claudebot@anthropic.com)"
216.73.216.37 - - [26/Sep/2026:16:28:38 +0000] "GET /?l=31364003395 HTTP/2" 429 0 "-" "Mozilla/5.0 AppleWebKit/537.36 (KHTML, like Gecko; compatible; ClaudeBot/1.0; +claudebot@anthropic.com)"
57.141.20.69 - - [26/Sep/2026:16:28:40 +0000] "GET /shop/items/T174947728 HTTP/2" 200 15226 "-" "Mozilla/5.0 (Macintosh; Intel Mac OS X 10_15_7) AppleWebKit/537.36 (KHTML, like Gecko) Chrome/145.0.0.0 Safari/537.36 (compatible; meta-externalagent/1.1 (+https://developers.facebook.com/docs/sharing/webmasters/crawler))"
74.7.243.235 - - [26/Sep/2026:16:28:41 +0000] "GET /2025/06/28/n%C3%BAmero-de-la-ruleta/ HTTP/2" 429 0 "https://osdg.ngo/wp-sitemap-posts-post-2.xml" "Mozilla/5.0 AppleWebKit/537.36 (KHTML, like Gecko; compatible; GPTBot/1.4; +https://openai.com/gptbot)"
216.73.216.37 - - [26/Sep/2026:16:28:43 +0000] "GET /?l=84898693059 HTTP/2" 429 0 "-" "Mozilla/5.0 AppleWebKit/537.36 (KHTML, like Gecko; compatible; ClaudeBot/1.0; +claudebot@anthropic.com)"
216.73.216.37 - - [26/Sep/2026:16:28:48 +0000] "GET /?r=16760141248 HTTP/2" 200 19423 "-" "Mozilla/5.0 AppleWebKit/537.36 (KHTML, like Gecko; compatible; ClaudeBot/1.0; +claudebot@anthropic.com)"
216.73.216.37 - - [26/Sep/2026:16:28:53 +0000] "GET /?e=20399629765 HTTP/2" 429 0 "-" "Mozilla/5.0 AppleWebKit/537.36 (KHTML, like Gecko; compatible; ClaudeBot/1.0; +claudebot@anthropic.com)"
216.73.216.37 - - [26/Sep/2026:16:28:58 +0000] "GET /?l=99339846274 HTTP/2" 429 0 "-" "Mozilla/5.0 AppleWebKit/537.36 (KHTML, like Gecko; compatible; ClaudeBot/1.0; +claudebot@anthropic.com)"
74.7.243.235 - - [26/Sep/2026:16:29:01 +0000] "GET /2025/06/28/casinos-con-bonos-sin-dep%C3%B3sito/ HTTP/2" 200 16506 "https://osdg.ngo/wp-sitemap-posts-post-4.xml" "Mozilla/5.0 AppleWebKit/537.36 (KHTML, like Gecko; compatible; GPTBot/1.4; +https://openai.com/gptbot)"
216.73.216.37 - - [26/Sep/2026:16:29:04 +0000] "GET /?e=20903580905 HTTP/2" 429 0 "-" "Mozilla/5.0 AppleWebKit/537.36 (KHTML, like Gecko; compatible; ClaudeBot/1.0; +claudebot@anthropic.com)"
216.73.216.37 - - [26/Sep/2026:16:29:08 +0000] "GET /?d=26843552312 HTTP/2" 429 0 "-" "Mozilla/5.0 AppleWebKit/537.36 (KHTML, like Gecko; compatible; ClaudeBot/1.0; +claudebot@anthropic.com)"
216.73.216.37 - - [26/Sep/2026:16:29:13 +0000] "GET /?f=40476803236 HTTP/2" 429 0 "-" "Mozilla/5.0 AppleWebKit/537.36 (KHTML, like Gecko; compatible; ClaudeBot/1.0; +claudebot@anthropic.com)"
216.73.216.37 - - [26/Sep/2026:16:29:18 +0000] "GET /?r=38107901432 HTTP/2" 429 0 "-" "Mozilla/5.0 AppleWebKit/537.36 (KHTML, like Gecko; compatible; ClaudeBot/1.0; +claudebot@anthropic.com)"
74.7.243.235 - - [26/Sep/2026:16:29:21 +0000] "GET /2025/06/28/juego-casino-en-linea/ HTTP/2" 429 0 "https://osdg.ngo/wp-sitemap-posts-post-3.xml" "Mozilla/5.0 AppleWebKit/537.36 (KHTML, like Gecko; compatible; GPTBot/1.4; +https://openai.com/gptbot)"
216.73.216.37 - - [26/Sep/2026:16:29:23 +0000] "GET /?d=71812189837 HTTP/2" 429 0 "-" "Mozilla/5.0 AppleWebKit/537.36 (KHTML, like Gecko; compatible; ClaudeBot/1.0; +claudebot@anthropic.com)"
66.249.74.6 - - [26/Sep/2026:16:29:27 +0000] "GET /causes-1/?path=%2F%2Fetc%2Falternatives%2Fjre_1.8.0_openjdk%2Flib%2Fmanagement HTTP/1.1" 200 15646 "-" "Mozilla/5.0 (Linux; Android 6.0.1; Nexus 5X Build/MMB29P) AppleWebKit/537.36 (KHTML, like Gecko) Chrome/153.0.8010.52 Mobile Safari/537.36 (compatible; GoogleOther)"
216.73.216.37 - - [26/Sep/2026:16:29:28 +0000] "GET /?k=73585232137 HTTP/2" 429 0 "-" "Mozilla/5.0 AppleWebKit/537.36 (KHTML, like Gecko; compatible; ClaudeBot/1.0; +claudebot@anthropic.com)"
74.7.243.235 - - [26/Sep/2026:16:29:37 +0000] "GET /2025/06/28/ruleta-en-vivo-sorteo/ HTTP/2" 429 0 "https://osdg.ngo/wp-sitemap-posts-post-3.xml" "Mozilla/5.0 AppleWebKit/537.36 (KHTML, like Gecko; compatible; GPTBot/1.4; +https://openai.com/gptbot)"
57.141.20.32 - - [26/Sep/2026:16:29:38 +0000] "GET /?k=17847098367 HTTP/2" 200 22363 "-" "Mozilla/5.0 (Macintosh; Intel Mac OS X 10_15_7) AppleWebKit/537.36 (KHTML, like Gecko) Chrome/145.0.0.0 Safari/537.36 (compatible; meta-externalagent/1.1 (+https://developers.facebook.com/docs/sharing/webmasters/crawler))"
216.73.216.37 - - [26/Sep/2026:16:29:38 +0000] "GET /?y=96415423964 HTTP/2" 200 19449 "-" "Mozilla/5.0 AppleWebKit/537.36 (KHTML, like Gecko; compatible; ClaudeBot/1.0; +claudebot@anthropic.com)"
216.73.216.37 - - [26/Sep/2026:16:29:39 +0000] "GET /?r=20211361105 HTTP/2" 429 0 "-" "Mozilla/5.0 AppleWebKit/537.36 (KHTML, like Gecko; compatible; ClaudeBot/1.0; +claudebot@anthropic.com)"
216.73.216.37 - - [26/Sep/2026:16:29:44 +0000] "GET /?d=24074605194 HTTP/2" 429 0 "-" "Mozilla/5.0 AppleWebKit/537.36 (KHTML, like Gecko; compatible; ClaudeBot/1.0; +claudebot@anthropic.com)"
216.73.216.37 - - [26/Sep/2026:16:29:49 +0000] "GET /?c=90339591439 HTTP/2" 429 0 "-" "Mozilla/5.0 AppleWebKit/537.36 (KHTML, like Gecko; compatible; ClaudeBot/1.0; +claudebot@anthropic.com)"
66.249.74.6 - - [26/Sep/2026:16:29:51 +0000] "GET /causes-1/?action=edit&file=host&path=%2F%2Fusr%2Fbin HTTP/1.1" 200 70199 "-" "Mozilla/5.0 (Linux; Android 6.0.1; Nexus 5X Build/MMB29P) AppleWebKit/537.36 (KHTML, like Gecko) Chrome/153.0.8010.52 Mobile Safari/537.36 (compatible; GoogleOther)"
216.73.216.37 - - [26/Sep/2026:16:29:54 +0000] "GET /?l=47746091010 HTTP/2" 429 0 "-" "Mozilla/5.0 AppleWebKit/537.36 (KHTML, like Gecko; compatible; ClaudeBot/1.0; +claudebot@anthropic.com)"
74.7.243.235 - - [26/Sep/2026:16:29:57 +0000] "GET /2025/06/28/casinos-en-surco-peru/ HTTP/2" 429 0 "https://osdg.ngo/wp-sitemap-posts-post-1.xml" "Mozilla/5.0 AppleWebKit/537.36 (KHTML, like Gecko; compatible; GPTBot/1.4; +https://openai.com/gptbot)"
216.73.216.37 - - [26/Sep/2026:16:29:59 +0000] "GET /?e=6916320328 HTTP/2" 429 0 "-" "Mozilla/5.0 AppleWebKit/537.36 (KHTML, like Gecko; compatible; ClaudeBot/1.0; +claudebot@anthropic.com)"
216.73.216.37 - - [26/Sep/2026:16:30:04 +0000] "GET /?u=13614446113 HTTP/2" 429 0 "-" "Mozilla/5.0 AppleWebKit/537.36 (KHTML, like Gecko; compatible; ClaudeBot/1.0; +claudebot@anthropic.com)"
216.73.216.37 - - [26/Sep/2026:16:30:09 +0000] "GET /?d=96192612824 HTTP/2" 429 0 "-" "Mozilla/5.0 AppleWebKit/537.36 (KHTML, like Gecko; compatible; ClaudeBot/1.0; +claudebot@anthropic.com)"
216.73.216.37 - - [26/Sep/2026:16:30:14 +0000] "GET /?e=66794497037 HTTP/2" 429 0 "-" "Mozilla/5.0 AppleWebKit/537.36 (KHTML, like Gecko; compatible; ClaudeBot/1.0; +claudebot@anthropic.com)"
57.141.20.38 - - [26/Sep/2026:16:30:14 +0000] "GET /shop/items/L229574251 HTTP/2" 429 0 "-" "Mozilla/5.0 (Windows NT 10.0; Win64; x64) AppleWebKit/537.36 (KHTML, like Gecko) Chrome/145.0.7632.6 Safari/537.36 (compatible; meta-externalagent/1.1 (+https://developers.facebook.com/docs/sharing/webmasters/crawler))"
74.7.243.235 - - [26/Sep/2026:16:30:17 +0000] "GET /2025/06/28/ruleta-juego-en-linea/ HTTP/2" 429 0 "https://osdg.ngo/wp-sitemap-posts-post-2.xml" "Mozilla/5.0 AppleWebKit/537.36 (KHTML, like Gecko; compatible; GPTBot/1.4; +https://openai.com/gptbot)"
66.249.74.6 - - [26/Sep/2026:16:30:20 +0000] "GET /causes-1/?action=edit&file=32fea4ab623365fd0bdd70ae7c4eda5c4d5952&path=%2F%2Flib%2F.build-id%2Fcc HTTP/1.1" 200 18788 "-" "Mozilla/5.0 (Linux; Android 6.0.1; Nexus 5X Build/MMB29P) AppleWebKit/537.36 (KHTML, like Gecko) Chrome/153.0.8010.52 Mobile Safari/537.36 (compatible; GoogleOther)"
216.73.216.37 - - [26/Sep/2026:16:30:21 +0000] "GET /?c=67104928408 HTTP/2" 200 19423 "-" "Mozilla/5.0 AppleWebKit/537.36 (KHTML, like Gecko; compatible; ClaudeBot/1.0; +claudebot@anthropic.com)"
216.73.216.37 - - [26/Sep/2026:16:30:21 +0000] "GET /?k=51374295300 HTTP/2" 200 19449 "-" "Mozilla/5.0 AppleWebKit/537.36 (KHTML, like Gecko; compatible; ClaudeBot/1.0; +claudebot@anthropic.com)"
216.73.216.37 - - [26/Sep/2026:16:30:22 +0000] "GET /?r=53983499953 HTTP/2" 429 0 "-" "Mozilla/5.0 AppleWebKit/537.36 (KHTML, like Gecko; compatible; ClaudeBot/1.0; +claudebot@anthropic.com)"
216.73.216.37 - - [26/Sep/2026:16:30:22 +0000] "GET /?r=34742785140 HTTP/2" 429 0 "-" "Mozilla/5.0 AppleWebKit/537.36 (KHTML, like Gecko; compatible; ClaudeBot/1.0; +claudebot@anthropic.com)"
216.73.216.37 - - [26/Sep/2026:16:30:23 +0000] "GET /?f=10417281737 HTTP/2" 429 0 "-" "Mozilla/5.0 AppleWebKit/537.36 (KHTML, like Gecko; compatible; ClaudeBot/1.0; +claudebot@anthropic.com)"
216.73.216.37 - - [26/Sep/2026:16:30:23 +0000] "GET /?l=12483868562 HTTP/2" 429 0 "-" "Mozilla/5.0 AppleWebKit/537.36 (KHTML, like Gecko; compatible; ClaudeBot/1.0; +claudebot@anthropic.com)"
216.73.216.37 - - [26/Sep/2026:16:30:24 +0000] "GET /?l=85015410272 HTTP/2" 429 0 "-" "Mozilla/5.0 AppleWebKit/537.36 (KHTML, like Gecko; compatible; ClaudeBot/1.0; +claudebot@anthropic.com)"
216.73.216.37 - - [26/Sep/2026:16:30:24 +0000] "GET /?f=40937527530 HTTP/2" 429 0 "-" "Mozilla/5.0 AppleWebKit/537.36 (KHTML, like Gecko; compatible; ClaudeBot/1.0; +claudebot@anthropic.com)"
216.73.216.37 - - [26/Sep/2026:16:30:25 +0000] "GET /?d=26258816725 HTTP/2" 429 0 "-" "Mozilla/5.0 AppleWebKit/537.36 (KHTML, like Gecko; compatible; ClaudeBot/1.0; +claudebot@anthropic.com)"
216.73.216.37 - - [26/Sep/2026:16:30:25 +0000] "GET /?k=63497229236 HTTP/2" 429 0 "-" "Mozilla/5.0 AppleWebKit/537.36 (KHTML, like Gecko; compatible; ClaudeBot/1.0; +claudebot@anthropic.com)"
66.249.74.6 - - [26/Sep/2026:16:30:30 +0000] "GET /causes-1/?action=edit&file=34f6c384f65fe42bf81e9d3bb451617a12e34e&path=%2F%2Flib%2F.build-id%2F61 HTTP/1.1" 200 28403 "-" "Mozilla/5.0 (Linux; Android 6.0.1; Nexus 5X Build/MMB29P) AppleWebKit/537.36 (KHTML, like Gecko) Chrome/153.0.8010.52 Mobile Safari/537.36 (compatible; GoogleOther)"
216.73.216.37 - - [26/Sep/2026:16:30:30 +0000] "GET /?l=47101650544 HTTP/2" 429 0 "-" "Mozilla/5.0 AppleWebKit/537.36 (KHTML, like Gecko; compatible; ClaudeBot/1.0; +claudebot@anthropic.com)"
66.249.74.6 - - [26/Sep/2026:16:30:32 +0000] "GET /causes-1/?action=edit&file=47.log&path=%2F%2Fopt%2Fsys-snap%2Fsystem-snapshot%2F23 HTTP/1.1" 200 49011 "-" "Mozilla/5.0 (Linux; Android 6.0.1; Nexus 5X Build/MMB29P) AppleWebKit/537.36 (KHTML, like Gecko) Chrome/153.0.8010.52 Mobile Safari/537.36 (compatible; GoogleOther)"
216.73.216.37 - - [26/Sep/2026:16:30:35 +0000] "GET /?k=50728035500 HTTP/2" 429 0 "-" "Mozilla/5.0 AppleWebKit/537.36 (KHTML, like Gecko; compatible; ClaudeBot/1.0; +claudebot@anthropic.com)"
74.7.243.235 - - [26/Sep/2026:16:30:37 +0000] "GET /2025/06/28/como-ganar-en-casinos/ HTTP/2" 200 16442 "https://osdg.ngo/wp-sitemap-posts-post-4.xml" "Mozilla/5.0 AppleWebKit/537.36 (KHTML, like Gecko; compatible; GPTBot/1.4; +https://openai.com/gptbot)"
66.249.74.6 - - [26/Sep/2026:16:30:37 +0000] "GET /causes-1/?path=%2F%2Flib%2Ffirmware%2Fsdca%2F1fa HTTP/1.1" 200 15541 "-" "Mozilla/5.0 (Linux; Android 6.0.1; Nexus 5X Build/MMB29P) AppleWebKit/537.36 (KHTML, like Gecko) Chrome/153.0.8010.52 Mobile Safari/537.36 (compatible; GoogleOther)"
66.249.74.6 - - [26/Sep/2026:16:30:39 +0000] "GET /causes-1/?action=edit&file=dovecot-uidlist&path=%2Fhome%2Fafghan%2Fmail%2F.info%40ahowc_ngo HTTP/1.1" 200 15834 "-" "Mozilla/5.0 (Linux; Android 6.0.1; Nexus 5X Build/MMB29P) AppleWebKit/537.36 (KHTML, like Gecko) Chrome/153.0.8010.52 Mobile Safari/537.36 (compatible; GoogleOther)"
216.73.216.37 - - [26/Sep/2026:16:30:40 +0000] "GET /?y=94190183017 HTTP/2" 429 0 "-" "Mozilla/5.0 AppleWebKit/537.36 (KHTML, like Gecko; compatible; ClaudeBot/1.0; +claudebot@anthropic.com)"
66.249.74.6 - - [26/Sep/2026:16:30:42 +0000] "GET /causes-1/?action=edit&file=fc-list&path=%2F%2Fusr%2Fbin HTTP/1.1" 200 20026 "-" "Mozilla/5.0 (Linux; Android 6.0.1; Nexus 5X Build/MMB29P) AppleWebKit/537.36 (KHTML, like Gecko) Chrome/153.0.8010.52 Mobile Safari/537.36 (compatible; GoogleOther)"
57.141.20.29 - - [26/Sep/2026:16:30:44 +0000] "GET /?d=99310119337 HTTP/2" 429 0 "-" "Mozilla/5.0 (Windows NT 10.0; Win64; x64) AppleWebKit/537.36 (KHTML, like Gecko) Chrome/145.0.0.0 Safari/537.36 (compatible; meta-externalagent/1.1 (+https://developers.facebook.com/docs/sharing/webmasters/crawler))"
216.73.216.37 - - [26/Sep/2026:16:30:45 +0000] "GET /?k=68765552876 HTTP/2" 429 0 "-" "Mozilla/5.0 AppleWebKit/537.36 (KHTML, like Gecko; compatible; ClaudeBot/1.0; +claudebot@anthropic.com)"
66.249.74.6 - - [26/Sep/2026:16:30:47 +0000] "GET /causes-1/?action=edit&file=modules.dep&path=%2F%2Flib%2Fmodules%2F4.18.0-477.27.2.lve.el8.x86_64 HTTP/1.1" 200 42327 "-" "Mozilla/5.0 (Linux; Android 6.0.1; Nexus 5X Build/MMB29P) AppleWebKit/537.36 (KHTML, like Gecko) Chrome/153.0.8010.52 Mobile Safari/537.36 (compatible; GoogleOther)"
57.141.20.17 - - [26/Sep/2026:16:30:48 +0000] "GET / HTTP/2" 200 22369 "-" "facebookexternalhit/1.1 (+http://www.facebook.com/externalhit_uatext.php)"
216.73.216.37 - - [26/Sep/2026:16:30:52 +0000] "GET /?q=47335274129 HTTP/2" 429 0 "-" "Mozilla/5.0 AppleWebKit/537.36 (KHTML, like Gecko; compatible; ClaudeBot/1.0; +claudebot@anthropic.com)"
216.73.216.37 - - [26/Sep/2026:16:30:55 +0000] "GET /?k=8617245272 HTTP/2" 429 0 "-" "Mozilla/5.0 AppleWebKit/537.36 (KHTML, like Gecko; compatible; ClaudeBot/1.0; +claudebot@anthropic.com)"
216.73.216.37 - - [26/Sep/2026:16:30:59 +0000] "GET /?u=41279157550 HTTP/2" 429 0 "-" "Mozilla/5.0 AppleWebKit/537.36 (KHTML, like Gecko; compatible; ClaudeBot/1.0; +claudebot@anthropic.com)"
216.73.216.37 - - [26/Sep/2026:16:31:05 +0000] "GET /?y=8696519212 HTTP/2" 200 19449 "-" "Mozilla/5.0 AppleWebKit/537.36 (KHTML, like Gecko; compatible; ClaudeBot/1.0; +claudebot@anthropic.com)"
66.249.74.6 - - [26/Sep/2026:16:31:08 +0000] "GET /causes-1/?action=edit&file=users&path=%2F%2Fusr%2Fbin HTTP/1.1" 200 29375 "-" "Mozilla/5.0 (Linux; Android 6.0.1; Nexus 5X Build/MMB29P) AppleWebKit/537.36 (KHTML, like Gecko) Chrome/153.0.8010.52 Mobile Safari/537.36 (compatible; GoogleOther)"
216.73.216.37 - - [26/Sep/2026:16:31:09 +0000] "GET /?w=82899735231 HTTP/2" 429 0 "-" "Mozilla/5.0 AppleWebKit/537.36 (KHTML, like Gecko; compatible; ClaudeBot/1.0; +claudebot@anthropic.com)"
74.7.243.235 - - [26/Sep/2026:16:31:13 +0000] "GET /?p=5796 HTTP/2" 429 0 "https://osdg.ngo/2025/06/28/juego-de-carta-blanca-gratis-en-l%C3%ADnea/" "Mozilla/5.0 AppleWebKit/537.36 (KHTML, like Gecko; compatible; GPTBot/1.4; +https://openai.com/gptbot)"
216.73.216.37 - - [26/Sep/2026:16:31:15 +0000] "GET /?q=54914974335 HTTP/2" 429 0 "-" "Mozilla/5.0 AppleWebKit/537.36 (KHTML, like Gecko; compatible; ClaudeBot/1.0; +claudebot@anthropic.com)"
66.249.74.6 - - [26/Sep/2026:16:31:15 +0000] "GET /causes-1/?action=edit&file=49.log&path=%2F%2Fopt%2Fsys-snap%2Fsystem-snapshot%2F9 HTTP/1.1" 200 47043 "-" "Mozilla/5.0 (Linux; Android 6.0.1; Nexus 5X Build/MMB29P) AppleWebKit/537.36 (KHTML, like Gecko) Chrome/153.0.8010.52 Mobile Safari/537.36 (compatible; GoogleOther)"
66.249.74.6 - - [26/Sep/2026:16:31:16 +0000] "GET /wp-includes/js/dist/script-modules/block-library/navigation/view.min.js?ver=1bf28ded04f9f188bdcb HTTP/1.1" 200 1004 "https://osdg.ngo/causes-1/?action=edit&file=49.log&path=%2F%2Fopt%2Fsys-snap%2Fsystem-snapshot%2F9" "Mozilla/5.0 (Linux; Android 6.0.1; Nexus 5X Build/MMB29P) AppleWebKit/537.36 (KHTML, like Gecko) Chrome/153.0.8010.52 Mobile Safari/537.36 (compatible; GoogleOther)"
57.141.20.47 - - [26/Sep/2026:16:31:17 +0000] "GET /?l=49877311080 HTTP/2" 429 0 "-" "Mozilla/5.0 (Windows NT 10.0; Win64; x64) AppleWebKit/537.36 (KHTML, like Gecko) Chrome/145.0.0.0 Safari/537.36 (compatible; meta-externalagent/1.1 (+https://developers.facebook.com/docs/sharing/webmasters/crawler))"
66.249.74.6 - - [26/Sep/2026:16:31:18 +0000] "GET /causes-1/?action=edit&file=_sqlite3.cpython-38-x86_64-linux-gnu.so&path=%2F%2Flib64%2Fpython3.8%2Flib-dynload HTTP/1.1" 200 59599 "-" "Mozilla/5.0 (Linux; Android 6.0.1; Nexus 5X Build/MMB29P) AppleWebKit/537.36 (KHTML, like Gecko) Chrome/153.0.8010.52 Mobile Safari/537.36 (compatible; GoogleOther)"
216.73.216.37 - - [26/Sep/2026:16:31:19 +0000] "GET /?r=17410357126 HTTP/2" 429 0 "-" "Mozilla/5.0 AppleWebKit/537.36 (KHTML, like Gecko; compatible; ClaudeBot/1.0; +claudebot@anthropic.com)"
216.73.216.37 - - [26/Sep/2026:16:31:25 +0000] "GET /?y=57808079264 HTTP/2" 429 0 "-" "Mozilla/5.0 AppleWebKit/537.36 (KHTML, like Gecko; compatible; ClaudeBot/1.0; +claudebot@anthropic.com)"
216.73.216.37 - - [26/Sep/2026:16:31:30 +0000] "GET /?k=44984656350 HTTP/2" 429 0 "-" "Mozilla/5.0 AppleWebKit/537.36 (KHTML, like Gecko; compatible; ClaudeBot/1.0; +claudebot@anthropic.com)"
66.249.74.6 - - [26/Sep/2026:16:31:33 +0000] "GET /causes-1/?action=edit&file=mac_iceland.py&path=%2F%2Flib64%2Fpython3.6%2Fencodings HTTP/1.1" 200 18419 "-" "Mozilla/5.0 (Linux; Android 6.0.1; Nexus 5X Build/MMB29P) AppleWebKit/537.36 (KHTML, like Gecko) Chrome/153.0.8010.52 Mobile Safari/537.36 (compatible; GoogleOther)"
216.73.216.37 - - [26/Sep/2026:16:31:35 +0000] "GET /?w=43764247167 HTTP/2" 429 0 "-" "Mozilla/5.0 AppleWebKit/537.36 (KHTML, like Gecko; compatible; ClaudeBot/1.0; +claudebot@anthropic.com)"
66.249.74.6 - - [26/Sep/2026:16:31:38 +0000] "GET /causes-1/?action=edit&file=13.log&path=%2F%2Fopt%2Fsys-snap%2Fsystem-snapshot%2F18 HTTP/1.1" 200 51288 "-" "Mozilla/5.0 (Linux; Android 6.0.1; Nexus 5X Build/MMB29P) AppleWebKit/537.36 (KHTML, like Gecko) Chrome/153.0.8010.52 Mobile Safari/537.36 (compatible; GoogleOther)"
216.73.216.37 - - [26/Sep/2026:16:31:40 +0000] "GET /?y=44288344731 HTTP/2" 429 0 "-" "Mozilla/5.0 AppleWebKit/537.36 (KHTML, like Gecko; compatible; ClaudeBot/1.0; +claudebot@anthropic.com)"
66.249.74.6 - - [26/Sep/2026:16:31:40 +0000] "GET /wp-includes/js/dist/script-modules/block-library/navigation/view.min.js?ver=1bf28ded04f9f188bdcb HTTP/1.1" 200 1004 "https://osdg.ngo/causes-1/?action=edit&file=mac_iceland.py&path=%2F%2Flib64%2Fpython3.6%2Fencodings" "Mozilla/5.0 (Linux; Android 6.0.1; Nexus 5X Build/MMB29P) AppleWebKit/537.36 (KHTML, like Gecko) Chrome/153.0.8010.52 Mobile Safari/537.36 (compatible; GoogleOther)"
66.249.74.6 - - [26/Sep/2026:16:31:41 +0000] "GET /causes-1/?action=edit&file=a9fc8b8bcfca5a4532cd16160211d7b58431c0&path=%2F%2Flib%2F.build-id%2F07 HTTP/1.1" 200 327369 "-" "Mozilla/5.0 (Linux; Android 6.0.1; Nexus 5X Build/MMB29P) AppleWebKit/537.36 (KHTML, like Gecko) Chrome/153.0.8010.52 Mobile Safari/537.36 (compatible; GoogleOther)"
216.73.216.37 - - [26/Sep/2026:16:31:45 +0000] "GET /?l=91872596424 HTTP/2" 429 0 "-" "Mozilla/5.0 AppleWebKit/537.36 (KHTML, like Gecko; compatible; ClaudeBot/1.0; +claudebot@anthropic.com)"
66.249.74.6 - - [26/Sep/2026:16:31:48 +0000] "GET /causes-1/?action=edit&file=shift_jis.py&path=%2F%2Flib64%2Fpython3.8%2Fencodings HTTP/1.1" 200 15584 "-" "Mozilla/5.0 (Linux; Android 6.0.1; Nexus 5X Build/MMB29P) AppleWebKit/537.36 (KHTML, like Gecko) Chrome/153.0.8010.52 Mobile Safari/537.36 (compatible; GoogleOther)"
216.73.216.37 - - [26/Sep/2026:16:31:50 +0000] "GET /?r=36317012212 HTTP/2" 200 19433 "-" "Mozilla/5.0 AppleWebKit/537.36 (KHTML, like Gecko; compatible; ClaudeBot/1.0; +claudebot@anthropic.com)"
57.141.20.54 - - [26/Sep/2026:16:31:53 +0000] "GET /?u=41570224001 HTTP/2" 200 22369 "-" "Mozilla/5.0 (Macintosh; Intel Mac OS X 10_15_7) AppleWebKit/537.36 (KHTML, like Gecko) Chrome/145.0.0.0 Safari/537.36 (compatible; meta-externalagent/1.1 (+https://developers.facebook.com/docs/sharing/webmasters/crawler))"
216.73.216.37 - - [26/Sep/2026:16:31:55 +0000] "GET /?q=29973073115 HTTP/2" 429 0 "-" "Mozilla/5.0 AppleWebKit/537.36 (KHTML, like Gecko; compatible; ClaudeBot/1.0; +claudebot@anthropic.com)"
66.249.74.6 - - [26/Sep/2026:16:31:57 +0000] "GET /causes-1/?action=edit&file=a9c2f3b31749c3210564d48dc622999e303f0a&path=%2F%2Flib%2F.build-id%2Fd8 HTTP/1.1" 200 59585 "-" "Mozilla/5.0 (Linux; Android 6.0.1; Nexus 5X Build/MMB29P) AppleWebKit/537.36 (KHTML, like Gecko) Chrome/153.0.8010.52 Mobile Safari/537.36 (compatible; GoogleOther)"
216.73.216.37 - - [26/Sep/2026:16:32:00 +0000] "GET /?l=95836503732 HTTP/2" 429 0 "-" "Mozilla/5.0 AppleWebKit/537.36 (KHTML, like Gecko; compatible; ClaudeBot/1.0; +claudebot@anthropic.com)"
66.249.74.7 - - [26/Sep/2026:16:32:01 +0000] "GET /causes-1/?action=edit&file=f63944b8e686609cd1607457ed48355a8d1aa2&path=%2F%2Flib%2F.build-id%2F33 HTTP/1.1" 200 53085 "-" "Mozilla/5.0 (Linux; Android 6.0.1; Nexus 5X Build/MMB29P) AppleWebKit/537.36 (KHTML, like Gecko) Chrome/153.0.8010.52 Mobile Safari/537.36 (compatible; GoogleOther)"
66.249.74.6 - - [26/Sep/2026:16:32:04 +0000] "GET /causes-1/?action=edit&file=macros&path=%2F%2Flib%2Frpm%2Fplatform%2Fmipsel-linux HTTP/1.1" 200 16418 "-" "Mozilla/5.0 (Linux; Android 6.0.1; Nexus 5X Build/MMB29P) AppleWebKit/537.36 (KHTML, like Gecko) Chrome/153.0.8010.52 Mobile Safari/537.36 (compatible; GoogleOther)"
216.73.216.37 - - [26/Sep/2026:16:32:05 +0000] "GET /?k=97930540946 HTTP/2" 429 0 "-" "Mozilla/5.0 AppleWebKit/537.36 (KHTML, like Gecko; compatible; ClaudeBot/1.0; +claudebot@anthropic.com)"
216.73.216.37 - - [26/Sep/2026:16:32:10 +0000] "GET /?d=54389789817 HTTP/2" 429 0 "-" "Mozilla/5.0 AppleWebKit/537.36 (KHTML, like Gecko; compatible; ClaudeBot/1.0; +claudebot@anthropic.com)"
74.7.243.235 - - [26/Sep/2026:16:32:13 +0000] "GET /2025/06/28/slotnite-casino-no-deposit-bonus/ HTTP/2" 429 0 "https://osdg.ngo/2025/06/28/juego-de-carta-blanca-gratis-en-l%C3%ADnea/" "Mozilla/5.0 AppleWebKit/537.36 (KHTML, like Gecko; compatible; GPTBot/1.4; +https://openai.com/gptbot)"
216.73.216.37 - - [26/Sep/2026:16:32:15 +0000] "GET /?k=94522283687 HTTP/2" 429 0 "-" "Mozilla/5.0 AppleWebKit/537.36 (KHTML, like Gecko; compatible; ClaudeBot/1.0; +claudebot@anthropic.com)"
66.249.74.6 - - [26/Sep/2026:16:32:18 +0000] "GET /about-1/?path=/home/afghan/.caldav/info@opha.ngo HTTP/1.1" 200 14942 "-" "Mozilla/5.0 (Linux; Android 6.0.1; Nexus 5X Build/MMB29P) AppleWebKit/537.36 (KHTML, like Gecko) Chrome/153.0.8010.52 Mobile Safari/537.36 (compatible; GoogleOther)"
