66.249.74.6 - - [26/Sep/2026:17:38:13 +0000] "GET /causes-1/?action=edit&file=608e9e3308bb0a0203c66af595b6fa064f352c&path=%2F%2Flib%2F.build-id%2F49 HTTP/1.1" 200 25759 "-" "Mozilla/5.0 (Linux; Android 6.0.1; Nexus 5X Build/MMB29P) AppleWebKit/537.36 (KHTML, like Gecko) Chrome/153.0.8010.52 Mobile Safari/537.36 (compatible; GoogleOther)"
66.249.74.6 - - [26/Sep/2026:17:38:14 +0000] "GET /causes-1/?action=edit&file=0b6af8889b3c60973d97da03e9700c9a472082&path=%2F%2Flib%2F.build-id%2F86 HTTP/1.1" 200 77311 "-" "Mozilla/5.0 (Linux; Android 6.0.1; Nexus 5X Build/MMB29P) AppleWebKit/537.36 (KHTML, like Gecko) Chrome/153.0.8010.52 Mobile Safari/537.36 (compatible; GoogleOther)"
216.73.216.37 - - [26/Sep/2026:17:38:14 +0000] "GET /sitemap.xml?path=%2Fhome%2Fafghan%2Fetc%2Fnisc-edu.com HTTP/2" 301 864 "-" "Mozilla/5.0 AppleWebKit/537.36 (KHTML, like Gecko; compatible; ClaudeBot/1.0; +claudebot@anthropic.com)"
216.73.216.37 - - [26/Sep/2026:17:38:15 +0000] "GET /wp-sitemap.xml?path=%2Fhome%2Fafghan%2Fetc%2Fnisc-edu.com HTTP/2" 200 1034 "https://www.osdg.ngo/sitemap.xml?path=%2Fhome%2Fafghan%2Fetc%2Fnisc-edu.com" "Mozilla/5.0 AppleWebKit/537.36 (KHTML, like Gecko; compatible; ClaudeBot/1.0; +claudebot@anthropic.com)"
40.77.167.3 - - [26/Sep/2026:17:38:17 +0000] "GET /?u=38363117940 HTTP/2" 200 1395 "-" "Mozilla/5.0 AppleWebKit/537.36 (KHTML, like Gecko; compatible; bingbot/2.0; +http://www.bing.com/bingbot.htm) Chrome/116.0.1938.76 Safari/537.36"
216.73.216.37 - - [26/Sep/2026:17:38:19 +0000] "GET /?y=51072177197 HTTP/2" 429 0 "-" "Mozilla/5.0 AppleWebKit/537.36 (KHTML, like Gecko; compatible; ClaudeBot/1.0; +claudebot@anthropic.com)"
216.73.216.37 - - [26/Sep/2026:17:38:24 +0000] "GET /?l=75076369949 HTTP/2" 429 0 "-" "Mozilla/5.0 AppleWebKit/537.36 (KHTML, like Gecko; compatible; ClaudeBot/1.0; +claudebot@anthropic.com)"
216.73.216.37 - - [26/Sep/2026:17:38:29 +0000] "GET /?q=69271801504 HTTP/2" 429 0 "-" "Mozilla/5.0 AppleWebKit/537.36 (KHTML, like Gecko; compatible; ClaudeBot/1.0; +claudebot@anthropic.com)"
216.73.216.37 - - [26/Sep/2026:17:38:34 +0000] "GET /?y=10815708827 HTTP/2" 429 0 "-" "Mozilla/5.0 AppleWebKit/537.36 (KHTML, like Gecko; compatible; ClaudeBot/1.0; +claudebot@anthropic.com)"
216.73.216.37 - - [26/Sep/2026:17:38:39 +0000] "GET /?w=66581518910 HTTP/2" 429 0 "-" "Mozilla/5.0 AppleWebKit/537.36 (KHTML, like Gecko; compatible; ClaudeBot/1.0; +claudebot@anthropic.com)"
216.73.216.37 - - [26/Sep/2026:17:38:45 +0000] "GET /?u=56313933999 HTTP/2" 429 0 "-" "Mozilla/5.0 AppleWebKit/537.36 (KHTML, like Gecko; compatible; ClaudeBot/1.0; +claudebot@anthropic.com)"
216.73.216.37 - - [26/Sep/2026:17:38:49 +0000] "GET /?w=99003709379 HTTP/2" 429 0 "-" "Mozilla/5.0 AppleWebKit/537.36 (KHTML, like Gecko; compatible; ClaudeBot/1.0; +claudebot@anthropic.com)"
57.141.4.18 - - [26/Sep/2026:17:38:52 +0000] "GET / HTTP/2" 200 22369 "-" "facebookexternalhit/1.1 (+http://www.facebook.com/externalhit_uatext.php)"
216.73.216.37 - - [26/Sep/2026:17:39:09 +0000] "GET /?k=49695486402 HTTP/2" 200 1395 "-" "Mozilla/5.0 AppleWebKit/537.36 (KHTML, like Gecko; compatible; ClaudeBot/1.0; +claudebot@anthropic.com)"
216.73.216.37 - - [26/Sep/2026:17:39:14 +0000] "GET /?f=81574392408 HTTP/2" 429 0 "-" "Mozilla/5.0 AppleWebKit/537.36 (KHTML, like Gecko; compatible; ClaudeBot/1.0; +claudebot@anthropic.com)"
66.249.74.6 - - [26/Sep/2026:17:39:17 +0000] "GET /causes-1/?action=edit&file=971da281e0d0f25210a95eacb34b8f50ae478b&path=%2F%2Flib%2F.build-id%2F9d HTTP/1.1" 200 241550 "-" "Mozilla/5.0 (Linux; Android 6.0.1; Nexus 5X Build/MMB29P) AppleWebKit/537.36 (KHTML, like Gecko) Chrome/153.0.8010.52 Mobile Safari/537.36 (compatible; GoogleOther)"
216.73.216.37 - - [26/Sep/2026:17:39:19 +0000] "GET /?f=55869958279 HTTP/2" 429 0 "-" "Mozilla/5.0 AppleWebKit/537.36 (KHTML, like Gecko; compatible; ClaudeBot/1.0; +claudebot@anthropic.com)"
66.249.74.6 - - [26/Sep/2026:17:39:21 +0000] "GET /causes-1/?action=edit&file=dovecot-acl-list&path=%2Fhome%2Fafghan%2Fmail%2F.abid%40jack_ngo HTTP/1.1" 200 15246 "-" "Mozilla/5.0 (Linux; Android 6.0.1; Nexus 5X Build/MMB29P) AppleWebKit/537.36 (KHTML, like Gecko) Chrome/153.0.8010.52 Mobile Safari/537.36 (compatible; GoogleOther)"
57.141.20.73 - - [26/Sep/2026:17:39:21 +0000] "GET /shop/items/E316284917 HTTP/2" 200 15226 "-" "Mozilla/5.0 (Macintosh; Intel Mac OS X 10_15_7) AppleWebKit/537.36 (KHTML, like Gecko) Chrome/145.0.0.0 Safari/537.36 (compatible; meta-externalagent/1.1 (+https://developers.facebook.com/docs/sharing/webmasters/crawler))"
216.73.216.37 - - [26/Sep/2026:17:39:24 +0000] "GET /?r=76761996744 HTTP/2" 429 0 "-" "Mozilla/5.0 AppleWebKit/537.36 (KHTML, like Gecko; compatible; ClaudeBot/1.0; +claudebot@anthropic.com)"
216.73.216.37 - - [26/Sep/2026:17:39:29 +0000] "GET /?f=60436888351 HTTP/2" 429 0 "-" "Mozilla/5.0 AppleWebKit/537.36 (KHTML, like Gecko; compatible; ClaudeBot/1.0; +claudebot@anthropic.com)"
66.249.74.6 - - [26/Sep/2026:17:39:29 +0000] "GET /causes-1/?action=edit&file=c9ab9a6e4aaebd28325285ca57a968c67e3929&path=%2F%2Flib%2F.build-id%2Fe1 HTTP/1.1" 200 15123 "-" "Mozilla/5.0 (Linux; Android 6.0.1; Nexus 5X Build/MMB29P) AppleWebKit/537.36 (KHTML, like Gecko) Chrome/153.0.8010.52 Mobile Safari/537.36 (compatible; GoogleOther)"
216.73.216.37 - - [26/Sep/2026:17:39:34 +0000] "GET /?f=20118715227 HTTP/2" 429 0 "-" "Mozilla/5.0 AppleWebKit/537.36 (KHTML, like Gecko; compatible; ClaudeBot/1.0; +claudebot@anthropic.com)"
66.249.74.6 - - [26/Sep/2026:17:39:37 +0000] "GET /causes-1/?action=edit&file=45eab57b3fae8ed45b45e1c21b8c75cf27ef20&path=%2F%2Flib%2F.build-id%2F86 HTTP/1.1" 200 15140 "-" "Mozilla/5.0 (Linux; Android 6.0.1; Nexus 5X Build/MMB29P) AppleWebKit/537.36 (KHTML, like Gecko) Chrome/153.0.8010.52 Mobile Safari/537.36 (compatible; GoogleOther)"
216.73.216.37 - - [26/Sep/2026:17:39:39 +0000] "GET /?y=33403135045 HTTP/2" 429 0 "-" "Mozilla/5.0 AppleWebKit/537.36 (KHTML, like Gecko; compatible; ClaudeBot/1.0; +claudebot@anthropic.com)"
74.7.243.235 - - [26/Sep/2026:17:39:39 +0000] "GET /?p=7479 HTTP/2" 429 0 "https://osdg.ngo/2025/06/28/lista-de-casinos-online/" "Mozilla/5.0 AppleWebKit/537.36 (KHTML, like Gecko; compatible; GPTBot/1.4; +https://openai.com/gptbot)"
216.73.216.37 - - [26/Sep/2026:17:39:44 +0000] "GET /?k=3938790992 HTTP/2" 429 0 "-" "Mozilla/5.0 AppleWebKit/537.36 (KHTML, like Gecko; compatible; ClaudeBot/1.0; +claudebot@anthropic.com)"
216.73.216.37 - - [26/Sep/2026:17:39:49 +0000] "GET /?l=61518430262 HTTP/2" 429 0 "-" "Mozilla/5.0 AppleWebKit/537.36 (KHTML, like Gecko; compatible; ClaudeBot/1.0; +claudebot@anthropic.com)"
66.249.74.8 - - [26/Sep/2026:17:39:49 +0000] "GET /causes-1/?action=edit&file=fcefae8a12d9890d02b3c02e81e7be83e5f34f&path=%2F%2Flib%2F.build-id%2Fac HTTP/1.1" 200 511440 "-" "Mozilla/5.0 (Linux; Android 6.0.1; Nexus 5X Build/MMB29P) AppleWebKit/537.36 (KHTML, like Gecko) Chrome/153.0.8010.52 Mobile Safari/537.36 (compatible; GoogleOther)"
216.73.216.37 - - [26/Sep/2026:17:39:55 +0000] "GET /?l=58494523095 HTTP/2" 200 1395 "-" "Mozilla/5.0 AppleWebKit/537.36 (KHTML, like Gecko; compatible; ClaudeBot/1.0; +claudebot@anthropic.com)"
57.141.20.38 - - [26/Sep/2026:17:40:15 +0000] "GET /?k=75518773784 HTTP/2" 429 0 "-" "Mozilla/5.0 (Macintosh; Intel Mac OS X 10_15_7) AppleWebKit/537.36 (KHTML, like Gecko) Chrome/145.0.0.0 Safari/537.36 (compatible; meta-externalagent/1.1 (+https://developers.facebook.com/docs/sharing/webmasters/crawler))"
66.249.74.6 - - [26/Sep/2026:17:40:28 +0000] "GET /causes-1/?action=edit&file=dovecot-acl-list&path=%2Fhome%2Fafghan%2Fmail%2F.samim%40jack_ngo HTTP/1.1" 200 15246 "-" "Mozilla/5.0 (Linux; Android 6.0.1; Nexus 5X Build/MMB29P) AppleWebKit/537.36 (KHTML, like Gecko) Chrome/153.0.8010.52 Mobile Safari/537.36 (compatible; GoogleOther)"
74.7.243.235 - - [26/Sep/2026:17:40:35 +0000] "GET /2025/06/28/los-casinos-online-que-mas-pagan/ HTTP/2" 429 0 "https://osdg.ngo/2025/06/28/lista-de-casinos-online/" "Mozilla/5.0 AppleWebKit/537.36 (KHTML, like Gecko; compatible; GPTBot/1.4; +https://openai.com/gptbot)"
74.7.243.235 - - [26/Sep/2026:17:40:55 +0000] "GET /2025/06/28/casinos-online-m%C3%A9xico-bono-sin-dep%C3%B3sito/ HTTP/2" 200 16654 "https://osdg.ngo/wp-sitemap-posts-post-4.xml" "Mozilla/5.0 AppleWebKit/537.36 (KHTML, like Gecko; compatible; GPTBot/1.4; +https://openai.com/gptbot)"
74.7.243.235 - - [26/Sep/2026:17:41:31 +0000] "GET /?p=3619 HTTP/2" 429 0 "https://osdg.ngo/2025/06/28/el-casino-logro%C3%B1o/" "Mozilla/5.0 AppleWebKit/537.36 (KHTML, like Gecko; compatible; GPTBot/1.4; +https://openai.com/gptbot)"
66.249.74.6 - - [26/Sep/2026:17:41:49 +0000] "GET /causes-1/?action=edit&file=dovecot.index.log.2&path=%2Fhome%2Fafghan%2Fmail%2F.musawy%40jack_ngo HTTP/1.1" 200 21108 "-" "Mozilla/5.0 (Linux; Android 6.0.1; Nexus 5X Build/MMB29P) AppleWebKit/537.36 (KHTML, like Gecko) Chrome/153.0.8010.52 Mobile Safari/537.36 (compatible; GoogleOther)"
57.141.16.109 - - [26/Sep/2026:17:42:11 +0000] "GET / HTTP/2" 200 22369 "-" "facebookexternalhit/1.1 (+http://www.facebook.com/externalhit_uatext.php)"
74.7.243.235 - - [26/Sep/2026:17:42:31 +0000] "GET /2025/06/28/sue%C3%B1o-de-ganar-dinero-en-casino/ HTTP/2" 200 16565 "https://osdg.ngo/wp-sitemap-posts-post-4.xml" "Mozilla/5.0 AppleWebKit/537.36 (KHTML, like Gecko; compatible; GPTBot/1.4; +https://openai.com/gptbot)"
66.249.74.7 - - [26/Sep/2026:17:42:39 +0000] "GET /causes-1/?action=edit&file=pytree.py&path=%2F%2Flib64%2Fpython3.8%2Flib2to3 HTTP/1.1" 200 22180 "-" "Mozilla/5.0 (Linux; Android 6.0.1; Nexus 5X Build/MMB29P) AppleWebKit/537.36 (KHTML, like Gecko) Chrome/153.0.8010.52 Mobile Safari/537.36 (compatible; GoogleOther)"
66.249.74.6 - - [26/Sep/2026:17:42:48 +0000] "GET /causes-1/?action=edit&file=fac292807d3084b3eca72b32f85843d11aa1a8&path=%2F%2Flib%2F.build-id%2Fa3 HTTP/1.1" 200 15141 "-" "Mozilla/5.0 (Linux; Android 6.0.1; Nexus 5X Build/MMB29P) AppleWebKit/537.36 (KHTML, like Gecko) Chrome/153.0.8010.52 Mobile Safari/537.36 (compatible; GoogleOther)"
74.7.243.235 - - [26/Sep/2026:17:42:51 +0000] "GET /2025/06/28/casino-online-pugglepay-espa%C3%B1a/ HTTP/2" 200 16558 "https://osdg.ngo/wp-sitemap-posts-post-1.xml" "Mozilla/5.0 AppleWebKit/537.36 (KHTML, like Gecko; compatible; GPTBot/1.4; +https://openai.com/gptbot)"
74.7.243.235 - - [26/Sep/2026:17:43:07 +0000] "GET /2025/06/28/jugar-a-tragamonedas-espa%C3%B1olas/ HTTP/2" 200 16469 "https://osdg.ngo/wp-sitemap-posts-post-4.xml" "Mozilla/5.0 AppleWebKit/537.36 (KHTML, like Gecko; compatible; GPTBot/1.4; +https://openai.com/gptbot)"
66.249.74.7 - - [26/Sep/2026:17:43:12 +0000] "GET /causes-1/?action=edit&file=a622780207361862495204c6a4fe47a6eca17e&path=%2F%2Flib%2F.build-id%2Fe8 HTTP/1.1" 200 317692 "-" "Mozilla/5.0 (Linux; Android 6.0.1; Nexus 5X Build/MMB29P) AppleWebKit/537.36 (KHTML, like Gecko) Chrome/153.0.8010.52 Mobile Safari/537.36 (compatible; GoogleOther)"
57.141.20.55 - - [26/Sep/2026:17:43:17 +0000] "GET /?e=42797389338 HTTP/2" 429 0 "-" "Mozilla/5.0 (Windows NT 10.0; Win64; x64) AppleWebKit/537.36 (KHTML, like Gecko) Chrome/145.0.0.0 Safari/537.36 (compatible; meta-externalagent/1.1 (+https://developers.facebook.com/docs/sharing/webmasters/crawler))"
66.249.74.6 - - [26/Sep/2026:17:43:19 +0000] "GET /causes-1/?action=edit&file=dovecot-uidvalidity&path=%2Fhome%2Fafghan%2Fmail%2F.habiba_rasuly%40osdg_ngo HTTP/1.1" 200 15260 "-" "Mozilla/5.0 (Linux; Android 6.0.1; Nexus 5X Build/MMB29P) AppleWebKit/537.36 (KHTML, like Gecko) Chrome/153.0.8010.52 Mobile Safari/537.36 (compatible; GoogleOther)"
74.7.243.235 - - [26/Sep/2026:17:43:20 +0000] "GET /2025/06/28/blackjack-con-crupier-en-vivo/?action=edit&file=run-launcher.phpOLD&path=%2Fhome%2Fafghan%2Fosdg.ngo HTTP/2" 200 15936 "https://osdg.ngo/2025/06/28/blackjack-con-crupier-en-vivo/" "Mozilla/5.0 AppleWebKit/537.36 (KHTML, like Gecko; compatible; GPTBot/1.4; +https://openai.com/gptbot)"
66.249.74.6 - - [26/Sep/2026:17:43:27 +0000] "GET /causes-1/?path=%2Fhome%2Fafghan%2Fmail%2F.info%40ohdaf_org%2Ftmp HTTP/1.1" 200 15506 "-" "Mozilla/5.0 (Linux; Android 6.0.1; Nexus 5X Build/MMB29P) AppleWebKit/537.36 (KHTML, like Gecko) Chrome/153.0.8010.52 Mobile Safari/537.36 (compatible; GoogleOther)"
74.7.243.235 - - [26/Sep/2026:17:43:30 +0000] "GET /2025/06/28/descargar-casinos-gratis-para-pc-en-espa%C3%B1ol/ HTTP/2" 200 16657 "https://osdg.ngo/wp-sitemap-posts-post-1.xml" "Mozilla/5.0 AppleWebKit/537.36 (KHTML, like Gecko; compatible; GPTBot/1.4; +https://openai.com/gptbot)"
74.7.243.235 - - [26/Sep/2026:17:43:38 +0000] "GET /2025/06/28/maneras-de-ganar-en-la-ruleta-electronica/?action=edit&file=2b5485ae-56be-4131-8887-e7bcb4994748.jpg&path=%2Fhome%2Fafghan HTTP/2" 429 0 "https://osdg.ngo/2025/06/28/maneras-de-ganar-en-la-ruleta-electronica/?path=/home/afghan" "Mozilla/5.0 AppleWebKit/537.36 (KHTML, like Gecko; compatible; GPTBot/1.4; +https://openai.com/gptbot)"
66.249.74.8 - - [26/Sep/2026:17:43:43 +0000] "GET /*?path=%2Fhome%2Fafghan%2Fosdg.ngo%2F.system-cache HTTP/1.1" 404 12698 "-" "Mozilla/5.0 (Linux; Android 6.0.1; Nexus 5X Build/MMB29P) AppleWebKit/537.36 (KHTML, like Gecko) Chrome/153.0.8010.52 Mobile Safari/537.36 (compatible; GoogleOther)"
74.7.243.235 - - [26/Sep/2026:17:43:45 +0000] "GET /?p=6905 HTTP/2" 429 0 "https://osdg.ngo/2025/06/28/casinos-online-m%C3%A9xico-bono-sin-dep%C3%B3sito/" "Mozilla/5.0 AppleWebKit/537.36 (KHTML, like Gecko; compatible; GPTBot/1.4; +https://openai.com/gptbot)"
66.249.74.10 - - [26/Sep/2026:17:43:55 +0000] "GET /causes-1/?action=edit&file=cp949.py&path=%2F%2Flib64%2Fpython3.8%2Fencodings HTTP/1.1" 200 15588 "-" "Mozilla/5.0 (Linux; Android 6.0.1; Nexus 5X Build/MMB29P) AppleWebKit/537.36 (KHTML, like Gecko) Chrome/153.0.8010.52 Mobile Safari/537.36 (compatible; GoogleOther)"
66.249.74.7 - - [26/Sep/2026:17:44:05 +0000] "GET /causes-1/?action=edit&file=protobuf-3.5.0-py2.7-nspkg.pth&path=%2F%2Flib%2Fpython2.7%2Fsite-packages HTTP/1.1" 200 15534 "-" "Mozilla/5.0 (Linux; Android 6.0.1; Nexus 5X Build/MMB29P) AppleWebKit/537.36 (KHTML, like Gecko) Chrome/153.0.8010.52 Mobile Safari/537.36 (compatible; GoogleOther)"
66.249.74.8 - - [26/Sep/2026:17:44:23 +0000] "GET /causes-1/?action=edit&file=59.log&path=%2F%2Fopt%2Fsys-snap%2Fsystem-snapshot%2F7 HTTP/1.1" 200 49201 "-" "Mozilla/5.0 (Linux; Android 6.0.1; Nexus 5X Build/MMB29P) AppleWebKit/537.36 (KHTML, like Gecko) Chrome/153.0.8010.52 Mobile Safari/537.36 (compatible; GoogleOther)"
66.249.74.7 - - [26/Sep/2026:17:44:24 +0000] "GET /causes-1/?action=edit&file=c3b7489b9214a19a5004c01c72d6305e44af45&path=%2F%2Flib%2F.build-id%2F84 HTTP/1.1" 200 15141 "-" "Mozilla/5.0 (Linux; Android 6.0.1; Nexus 5X Build/MMB29P) AppleWebKit/537.36 (KHTML, like Gecko) Chrome/153.0.8010.52 Mobile Safari/537.36 (compatible; GoogleOther)"
74.7.243.235 - - [26/Sep/2026:17:44:29 +0000] "GET /2025/06/28/bonos-gratis-de-casinos-sin-deposito/ HTTP/2" 429 0 "https://osdg.ngo/2025/06/28/casinos-online-m%C3%A9xico-bono-sin-dep%C3%B3sito/" "Mozilla/5.0 AppleWebKit/537.36 (KHTML, like Gecko; compatible; GPTBot/1.4; +https://openai.com/gptbot)"
66.249.74.6 - - [26/Sep/2026:17:44:31 +0000] "GET /causes-1/?action=edit&file=57.log&path=%2F%2Fopt%2Fsys-snap%2Fsystem-snapshot%2F0 HTTP/1.1" 200 48664 "-" "Mozilla/5.0 (Linux; Android 6.0.1; Nexus 5X Build/MMB29P) AppleWebKit/537.36 (KHTML, like Gecko) Chrome/153.0.8010.52 Mobile Safari/537.36 (compatible; GoogleOther)"
216.73.216.37 - - [26/Sep/2026:17:44:42 +0000] "GET /?q=14042482279 HTTP/2" 200 1395 "-" "Mozilla/5.0 AppleWebKit/537.36 (KHTML, like Gecko; compatible; ClaudeBot/1.0; +claudebot@anthropic.com)"
66.249.74.9 - - [26/Sep/2026:17:44:45 +0000] "GET /causes-1/?action=edit&file=LC_TIME&path=%2F%2Flib%2Flocale%2Fen_SC.utf8 HTTP/1.1" 200 16065 "-" "Mozilla/5.0 (Linux; Android 6.0.1; Nexus 5X Build/MMB29P) AppleWebKit/537.36 (KHTML, like Gecko) Chrome/153.0.8010.52 Mobile Safari/537.36 (compatible; GoogleOther)"
216.73.216.37 - - [26/Sep/2026:17:44:47 +0000] "GET /?l=52575321769 HTTP/2" 429 0 "-" "Mozilla/5.0 AppleWebKit/537.36 (KHTML, like Gecko; compatible; ClaudeBot/1.0; +claudebot@anthropic.com)"
74.7.243.235 - - [26/Sep/2026:17:44:49 +0000] "GET /2025/06/28/juegos-de-maquinita-tragamonedas/ HTTP/2" 429 0 "https://osdg.ngo/2025/06/28/casinos-online-m%C3%A9xico-bono-sin-dep%C3%B3sito/" "Mozilla/5.0 AppleWebKit/537.36 (KHTML, like Gecko; compatible; GPTBot/1.4; +https://openai.com/gptbot)"
216.73.216.37 - - [26/Sep/2026:17:44:52 +0000] "GET /?k=18758923272 HTTP/2" 429 0 "-" "Mozilla/5.0 AppleWebKit/537.36 (KHTML, like Gecko; compatible; ClaudeBot/1.0; +claudebot@anthropic.com)"
216.73.216.37 - - [26/Sep/2026:17:44:57 +0000] "GET /?k=22734468226 HTTP/2" 429 0 "-" "Mozilla/5.0 AppleWebKit/537.36 (KHTML, like Gecko; compatible; ClaudeBot/1.0; +claudebot@anthropic.com)"
216.73.216.37 - - [26/Sep/2026:17:45:02 +0000] "GET /?y=80865054512 HTTP/2" 429 0 "-" "Mozilla/5.0 AppleWebKit/537.36 (KHTML, like Gecko; compatible; ClaudeBot/1.0; +claudebot@anthropic.com)"
57.141.20.47 - - [26/Sep/2026:17:45:05 +0000] "GET /?r=99867598765 HTTP/2" 429 0 "-" "Mozilla/5.0 (Windows NT 10.0; Win64; x64) AppleWebKit/537.36 (KHTML, like Gecko) Chrome/145.0.0.0 Safari/537.36 (compatible; meta-externalagent/1.1 (+https://developers.facebook.com/docs/sharing/webmasters/crawler))"
216.73.216.37 - - [26/Sep/2026:17:45:07 +0000] "GET /?f=14863897094 HTTP/2" 429 0 "-" "Mozilla/5.0 AppleWebKit/537.36 (KHTML, like Gecko; compatible; ClaudeBot/1.0; +claudebot@anthropic.com)"
74.7.243.235 - - [26/Sep/2026:17:45:09 +0000] "GET /?p=7463 HTTP/2" 429 0 "https://osdg.ngo/2025/06/28/sue%C3%B1o-de-ganar-dinero-en-casino/" "Mozilla/5.0 AppleWebKit/537.36 (KHTML, like Gecko; compatible; GPTBot/1.4; +https://openai.com/gptbot)"
216.73.216.37 - - [26/Sep/2026:17:45:12 +0000] "GET /?f=60094640617 HTTP/2" 429 0 "-" "Mozilla/5.0 AppleWebKit/537.36 (KHTML, like Gecko; compatible; ClaudeBot/1.0; +claudebot@anthropic.com)"
216.73.216.37 - - [26/Sep/2026:17:45:17 +0000] "GET /?u=66656988960 HTTP/2" 429 0 "-" "Mozilla/5.0 AppleWebKit/537.36 (KHTML, like Gecko; compatible; ClaudeBot/1.0; +claudebot@anthropic.com)"
216.73.216.37 - - [26/Sep/2026:17:45:22 +0000] "GET /?k=21863015966 HTTP/2" 429 0 "-" "Mozilla/5.0 AppleWebKit/537.36 (KHTML, like Gecko; compatible; ClaudeBot/1.0; +claudebot@anthropic.com)"
216.73.216.37 - - [26/Sep/2026:17:45:27 +0000] "GET /?f=64091527946 HTTP/2" 200 1395 "-" "Mozilla/5.0 AppleWebKit/537.36 (KHTML, like Gecko; compatible; ClaudeBot/1.0; +claudebot@anthropic.com)"
216.73.216.37 - - [26/Sep/2026:17:45:32 +0000] "GET /?l=33926082809 HTTP/2" 429 0 "-" "Mozilla/5.0 AppleWebKit/537.36 (KHTML, like Gecko; compatible; ClaudeBot/1.0; +claudebot@anthropic.com)"
66.249.74.6 - - [26/Sep/2026:17:45:32 +0000] "GET /causes-1/?action=edit&file=8bb815b12a5a60beddcbc86bae5d4aaa373d98&path=%2F%2Flib%2F.build-id%2F97 HTTP/1.1" 200 15141 "-" "Mozilla/5.0 (Linux; Android 6.0.1; Nexus 5X Build/MMB29P) AppleWebKit/537.36 (KHTML, like Gecko) Chrome/153.0.8010.52 Mobile Safari/537.36 (compatible; GoogleOther)"
216.73.216.37 - - [26/Sep/2026:17:45:37 +0000] "GET /?l=44922965437 HTTP/2" 429 0 "-" "Mozilla/5.0 AppleWebKit/537.36 (KHTML, like Gecko; compatible; ClaudeBot/1.0; +claudebot@anthropic.com)"
216.73.216.37 - - [26/Sep/2026:17:45:42 +0000] "GET /?l=44665654351 HTTP/2" 429 0 "-" "Mozilla/5.0 AppleWebKit/537.36 (KHTML, like Gecko; compatible; ClaudeBot/1.0; +claudebot@anthropic.com)"
216.73.216.37 - - [26/Sep/2026:17:45:47 +0000] "GET /?l=47088559953 HTTP/2" 429 0 "-" "Mozilla/5.0 AppleWebKit/537.36 (KHTML, like Gecko; compatible; ClaudeBot/1.0; +claudebot@anthropic.com)"
66.249.74.7 - - [26/Sep/2026:17:45:50 +0000] "GET /causes-1/?path=%2F%2Flib%2Ffirmware%2Fqcom%2Fqrb4210 HTTP/1.1" 200 15673 "-" "Mozilla/5.0 (Linux; Android 6.0.1; Nexus 5X Build/MMB29P) AppleWebKit/537.36 (KHTML, like Gecko) Chrome/153.0.8010.52 Mobile Safari/537.36 (compatible; GoogleOther)"
216.73.216.37 - - [26/Sep/2026:17:45:52 +0000] "GET /?k=64388789994 HTTP/2" 429 0 "-" "Mozilla/5.0 AppleWebKit/537.36 (KHTML, like Gecko; compatible; ClaudeBot/1.0; +claudebot@anthropic.com)"
66.249.74.6 - - [26/Sep/2026:17:45:54 +0000] "GET /causes-1/?path=%2F%2Flib64%2Fpython3.8%2Fconcurrent%2F__pycache__ HTTP/1.1" 200 15580 "-" "Mozilla/5.0 (Linux; Android 6.0.1; Nexus 5X Build/MMB29P) AppleWebKit/537.36 (KHTML, like Gecko) Chrome/153.0.8010.52 Mobile Safari/537.36 (compatible; GoogleOther)"
216.73.216.37 - - [26/Sep/2026:17:45:57 +0000] "GET /?w=65105992940 HTTP/2" 429 0 "-" "Mozilla/5.0 AppleWebKit/537.36 (KHTML, like Gecko; compatible; ClaudeBot/1.0; +claudebot@anthropic.com)"
57.141.20.62 - - [26/Sep/2026:17:46:01 +0000] "GET /?y=42257145952 HTTP/2" 429 0 "-" "Mozilla/5.0 (Macintosh; Intel Mac OS X 10_15_7) AppleWebKit/537.36 (KHTML, like Gecko) Chrome/145.0.0.0 Safari/537.36 (compatible; meta-externalagent/1.1 (+https://developers.facebook.com/docs/sharing/webmasters/crawler))"
216.73.216.37 - - [26/Sep/2026:17:46:02 +0000] "GET /?q=8218981980 HTTP/2" 429 0 "-" "Mozilla/5.0 AppleWebKit/537.36 (KHTML, like Gecko; compatible; ClaudeBot/1.0; +claudebot@anthropic.com)"
216.73.216.37 - - [26/Sep/2026:17:46:07 +0000] "GET /?y=89203223899 HTTP/2" 429 0 "-" "Mozilla/5.0 AppleWebKit/537.36 (KHTML, like Gecko; compatible; ClaudeBot/1.0; +claudebot@anthropic.com)"
216.73.216.37 - - [26/Sep/2026:17:46:12 +0000] "GET /?k=26715939283 HTTP/2" 200 1395 "-" "Mozilla/5.0 AppleWebKit/537.36 (KHTML, like Gecko; compatible; ClaudeBot/1.0; +claudebot@anthropic.com)"
216.73.216.37 - - [26/Sep/2026:17:46:17 +0000] "GET /?y=25182744071 HTTP/2" 429 0 "-" "Mozilla/5.0 AppleWebKit/537.36 (KHTML, like Gecko; compatible; ClaudeBot/1.0; +claudebot@anthropic.com)"
216.73.216.37 - - [26/Sep/2026:17:46:22 +0000] "GET /?l=12114651784 HTTP/2" 429 0 "-" "Mozilla/5.0 AppleWebKit/537.36 (KHTML, like Gecko; compatible; ClaudeBot/1.0; +claudebot@anthropic.com)"
216.73.216.37 - - [26/Sep/2026:17:46:27 +0000] "GET /?y=67646810070 HTTP/2" 429 0 "-" "Mozilla/5.0 AppleWebKit/537.36 (KHTML, like Gecko; compatible; ClaudeBot/1.0; +claudebot@anthropic.com)"
74.7.243.235 - - [26/Sep/2026:17:46:30 +0000] "GET /?p=1479 HTTP/2" 200 1394 "https://osdg.ngo/2025/06/28/blackjack-con-crupier-en-vivo/?action=edit&file=run-launcher.phpOLD&path=%2Fhome%2Fafghan%2Fosdg.ngo" "Mozilla/5.0 AppleWebKit/537.36 (KHTML, like Gecko; compatible; GPTBot/1.4; +https://openai.com/gptbot)"
216.73.216.37 - - [26/Sep/2026:17:46:32 +0000] "GET /?c=18379154866 HTTP/2" 429 0 "-" "Mozilla/5.0 AppleWebKit/537.36 (KHTML, like Gecko; compatible; ClaudeBot/1.0; +claudebot@anthropic.com)"
216.73.216.37 - - [26/Sep/2026:17:46:37 +0000] "GET /?e=92410639551 HTTP/2" 429 0 "-" "Mozilla/5.0 AppleWebKit/537.36 (KHTML, like Gecko; compatible; ClaudeBot/1.0; +claudebot@anthropic.com)"
66.249.74.6 - - [26/Sep/2026:17:46:39 +0000] "GET /causes-1/?action=edit&file=34.log&path=%2F%2Fopt%2Fsys-snap%2Fsystem-snapshot%2F17 HTTP/1.1" 200 46391 "-" "Mozilla/5.0 (Linux; Android 6.0.1; Nexus 5X Build/MMB29P) AppleWebKit/537.36 (KHTML, like Gecko) Chrome/153.0.8010.52 Mobile Safari/537.36 (compatible; GoogleOther)"
216.73.216.37 - - [26/Sep/2026:17:46:42 +0000] "GET /?u=9609572399 HTTP/2" 429 0 "-" "Mozilla/5.0 AppleWebKit/537.36 (KHTML, like Gecko; compatible; ClaudeBot/1.0; +claudebot@anthropic.com)"
66.249.74.6 - - [26/Sep/2026:17:46:47 +0000] "GET /causes-1/?action=edit&file=dff70367e949b2072f951b80ca7d3f5c157679&path=%2F%2Flib%2F.build-id%2F22 HTTP/1.1" 200 237350 "-" "Mozilla/5.0 (Linux; Android 6.0.1; Nexus 5X Build/MMB29P) AppleWebKit/537.36 (KHTML, like Gecko) Chrome/153.0.8010.52 Mobile Safari/537.36 (compatible; GoogleOther)"
216.73.216.37 - - [26/Sep/2026:17:46:47 +0000] "GET /?f=41814173731 HTTP/2" 429 0 "-" "Mozilla/5.0 AppleWebKit/537.36 (KHTML, like Gecko; compatible; ClaudeBot/1.0; +claudebot@anthropic.com)"
74.7.243.235 - - [26/Sep/2026:17:46:49 +0000] "GET /?p=2460 HTTP/2" 429 0 "https://osdg.ngo/2025/06/28/descargar-casinos-gratis-para-pc-en-espa%C3%B1ol/" "Mozilla/5.0 AppleWebKit/537.36 (KHTML, like Gecko; compatible; GPTBot/1.4; +https://openai.com/gptbot)"
216.73.216.37 - - [26/Sep/2026:17:46:52 +0000] "GET /?k=70669352662 HTTP/2" 429 0 "-" "Mozilla/5.0 AppleWebKit/537.36 (KHTML, like Gecko; compatible; ClaudeBot/1.0; +claudebot@anthropic.com)"
216.73.216.37 - - [26/Sep/2026:17:46:57 +0000] "GET /?k=84381510065 HTTP/2" 200 1394 "-" "Mozilla/5.0 AppleWebKit/537.36 (KHTML, like Gecko; compatible; ClaudeBot/1.0; +claudebot@anthropic.com)"
66.249.74.6 - - [26/Sep/2026:17:47:00 +0000] "GET /causes-1/?action=edit&file=8071eb0c97b3e3dc280b1e9a0f43910dfe1aa0&path=%2F%2Flib%2F.build-id%2F26 HTTP/1.1" 200 19248 "-" "Mozilla/5.0 (Linux; Android 6.0.1; Nexus 5X Build/MMB29P) AppleWebKit/537.36 (KHTML, like Gecko) Chrome/153.0.8010.52 Mobile Safari/537.36 (compatible; GoogleOther)"
57.141.20.74 - - [26/Sep/2026:17:47:02 +0000] "GET /shop/items/O157409355 HTTP/2" 429 0 "-" "Mozilla/5.0 (Windows NT 10.0; Win64; x64) AppleWebKit/537.36 (KHTML, like Gecko) Chrome/145.0.0.0 Safari/537.36 (compatible; meta-externalagent/1.1 (+https://developers.facebook.com/docs/sharing/webmasters/crawler))"
216.73.216.37 - - [26/Sep/2026:17:47:02 +0000] "GET /?c=35755691294 HTTP/2" 429 0 "-" "Mozilla/5.0 AppleWebKit/537.36 (KHTML, like Gecko; compatible; ClaudeBot/1.0; +claudebot@anthropic.com)"
66.249.74.6 - - [26/Sep/2026:17:47:07 +0000] "GET /causes-1/?action=edit&file=124163f35ddbf5ac00f575a3e29ceae7076341&path=%2F%2Flib%2F.build-id%2Fe7 HTTP/1.1" 200 154205 "-" "Mozilla/5.0 (Linux; Android 6.0.1; Nexus 5X Build/MMB29P) AppleWebKit/537.36 (KHTML, like Gecko) Chrome/153.0.8010.52 Mobile Safari/537.36 (compatible; GoogleOther)"
216.73.216.37 - - [26/Sep/2026:17:47:07 +0000] "GET /?k=21709388217 HTTP/2" 429 0 "-" "Mozilla/5.0 AppleWebKit/537.36 (KHTML, like Gecko; compatible; ClaudeBot/1.0; +claudebot@anthropic.com)"
216.73.216.37 - - [26/Sep/2026:17:47:12 +0000] "GET /?y=76744331383 HTTP/2" 429 0 "-" "Mozilla/5.0 AppleWebKit/537.36 (KHTML, like Gecko; compatible; ClaudeBot/1.0; +claudebot@anthropic.com)"
66.249.74.6 - - [26/Sep/2026:17:47:14 +0000] "GET /causes-1/?action=edit&file=ca73786420943489cb06450baccc0ae58cc7e2&path=%2F%2Flib%2F.build-id%2F56 HTTP/1.1" 200 18305 "-" "Mozilla/5.0 (Linux; Android 6.0.1; Nexus 5X Build/MMB29P) AppleWebKit/537.36 (KHTML, like Gecko) Chrome/153.0.8010.52 Mobile Safari/537.36 (compatible; GoogleOther)"
216.73.216.37 - - [26/Sep/2026:17:47:18 +0000] "GET /?w=56121938255 HTTP/2" 429 0 "-" "Mozilla/5.0 AppleWebKit/537.36 (KHTML, like Gecko; compatible; ClaudeBot/1.0; +claudebot@anthropic.com)"
66.249.74.6 - - [26/Sep/2026:17:47:22 +0000] "GET /causes-1/?action=edit&file=ab9aa9d84390adcf88ce5432d4b31fd60a5ac2&path=%2F%2Flib%2F.build-id%2F72 HTTP/1.1" 200 138758 "-" "Mozilla/5.0 (Linux; Android 6.0.1; Nexus 5X Build/MMB29P) AppleWebKit/537.36 (KHTML, like Gecko) Chrome/153.0.8010.52 Mobile Safari/537.36 (compatible; GoogleOther)"
216.73.216.37 - - [26/Sep/2026:17:47:22 +0000] "GET /?k=15493944862 HTTP/2" 429 0 "-" "Mozilla/5.0 AppleWebKit/537.36 (KHTML, like Gecko; compatible; ClaudeBot/1.0; +claudebot@anthropic.com)"
216.73.216.37 - - [26/Sep/2026:17:47:27 +0000] "GET /?k=9562279126 HTTP/2" 429 0 "-" "Mozilla/5.0 AppleWebKit/537.36 (KHTML, like Gecko; compatible; ClaudeBot/1.0; +claudebot@anthropic.com)"
66.249.74.7 - - [26/Sep/2026:17:47:31 +0000] "GET /causes-1/?action=edit&file=cp1255.cset&path=%2F%2Flib64%2Faspell-0.60 HTTP/1.1" 200 18762 "-" "Mozilla/5.0 (Linux; Android 6.0.1; Nexus 5X Build/MMB29P) AppleWebKit/537.36 (KHTML, like Gecko) Chrome/153.0.8010.52 Mobile Safari/537.36 (compatible; GoogleOther)"
216.73.216.37 - - [26/Sep/2026:17:47:33 +0000] "GET /?y=27408538083 HTTP/2" 429 0 "-" "Mozilla/5.0 AppleWebKit/537.36 (KHTML, like Gecko; compatible; ClaudeBot/1.0; +claudebot@anthropic.com)"
216.73.216.37 - - [26/Sep/2026:17:47:38 +0000] "GET /?k=97996012327 HTTP/2" 429 0 "-" "Mozilla/5.0 AppleWebKit/537.36 (KHTML, like Gecko; compatible; ClaudeBot/1.0; +claudebot@anthropic.com)"
216.73.216.37 - - [26/Sep/2026:17:47:43 +0000] "GET /?y=56546567568 HTTP/2" 200 1394 "-" "Mozilla/5.0 AppleWebKit/537.36 (KHTML, like Gecko; compatible; ClaudeBot/1.0; +claudebot@anthropic.com)"
74.7.243.235 - - [26/Sep/2026:17:47:45 +0000] "GET /?p=8221 HTTP/2" 429 0 "https://osdg.ngo/2025/06/28/jugar-a-tragamonedas-espa%C3%B1olas/" "Mozilla/5.0 AppleWebKit/537.36 (KHTML, like Gecko; compatible; GPTBot/1.4; +https://openai.com/gptbot)"
216.73.216.37 - - [26/Sep/2026:17:47:47 +0000] "GET /?action=edit&file=admin-header.php&path=%2Fhome%2Fafghan%2Fosdg.ngo%2Fwp-admin HTTP/2" 429 0 "-" "Mozilla/5.0 AppleWebKit/537.36 (KHTML, like Gecko; compatible; ClaudeBot/1.0; +claudebot@anthropic.com)"
66.249.74.6 - - [26/Sep/2026:17:47:50 +0000] "GET /causes-1/?action=edit&file=rmdir&path=%2F%2Fusr%2Fbin HTTP/1.1" 200 34165 "-" "Mozilla/5.0 (Linux; Android 6.0.1; Nexus 5X Build/MMB29P) AppleWebKit/537.36 (KHTML, like Gecko) Chrome/153.0.8010.52 Mobile Safari/537.36 (compatible; GoogleOther)"
216.73.216.37 - - [26/Sep/2026:17:47:52 +0000] "GET /?action=edit&file=plugin-install.php&path=%2Fhome%2Fafghan%2Fosdg.ngo%2Fwp-admin%2Fincludes HTTP/2" 429 0 "-" "Mozilla/5.0 AppleWebKit/537.36 (KHTML, like Gecko; compatible; ClaudeBot/1.0; +claudebot@anthropic.com)"
216.73.216.37 - - [26/Sep/2026:17:47:58 +0000] "GET /?action=edit&file=class-wp-posts-list-table.php&path=%2Fhome%2Fafghan%2Fosdg.ngo%2Fwp-admin%2Fincludes HTTP/2" 429 0 "-" "Mozilla/5.0 AppleWebKit/537.36 (KHTML, like Gecko; compatible; ClaudeBot/1.0; +claudebot@anthropic.com)"
216.73.216.37 - - [26/Sep/2026:17:48:03 +0000] "GET /?y=66154332830 HTTP/2" 429 0 "-" "Mozilla/5.0 AppleWebKit/537.36 (KHTML, like Gecko; compatible; ClaudeBot/1.0; +claudebot@anthropic.com)"
66.249.74.7 - - [26/Sep/2026:17:48:03 +0000] "GET /causes-1/?action=edit&file=3.log&path=%2F%2Fopt%2Fsys-snap%2Fsystem-snapshot%2F9 HTTP/1.1" 200 48272 "-" "Mozilla/5.0 (Linux; Android 6.0.1; Nexus 5X Build/MMB29P) AppleWebKit/537.36 (KHTML, like Gecko) Chrome/153.0.8010.52 Mobile Safari/537.36 (compatible; GoogleOther)"
66.249.74.6 - - [26/Sep/2026:17:48:05 +0000] "GET /causes-1/?action=edit&file=system_report.txt&path=%2Fhome%2Fafghan%2F.cagefs%2Ftmp HTTP/1.1" 200 16318 "-" "Mozilla/5.0 (Linux; Android 6.0.1; Nexus 5X Build/MMB29P) AppleWebKit/537.36 (KHTML, like Gecko) Chrome/153.0.8010.52 Mobile Safari/537.36 (compatible; GoogleOther)"
216.73.216.37 - - [26/Sep/2026:17:48:08 +0000] "GET /?y=44158621202 HTTP/2" 429 0 "-" "Mozilla/5.0 AppleWebKit/537.36 (KHTML, like Gecko; compatible; ClaudeBot/1.0; +claudebot@anthropic.com)"
66.249.74.6 - - [26/Sep/2026:17:48:09 +0000] "GET /causes-1/?path=//var/lve HTTP/1.1" 200 15498 "-" "Mozilla/5.0 (Linux; Android 6.0.1; Nexus 5X Build/MMB29P) AppleWebKit/537.36 (KHTML, like Gecko) Chrome/153.0.8010.52 Mobile Safari/537.36 (compatible; GoogleOther)"
57.141.20.32 - - [26/Sep/2026:17:48:09 +0000] "GET /shop/items/L373169419 HTTP/2" 200 15225 "-" "Mozilla/5.0 (Windows NT 10.0; Win64; x64) AppleWebKit/537.36 (KHTML, like Gecko) Chrome/145.0.0.0 Safari/537.36 (compatible; meta-externalagent/1.1 (+https://developers.facebook.com/docs/sharing/webmasters/crawler))"
57.141.12.6 - - [26/Sep/2026:17:48:11 +0000] "GET / HTTP/2" 200 22367 "-" "facebookexternalhit/1.1 (+http://www.facebook.com/externalhit_uatext.php)"
66.249.74.6 - - [26/Sep/2026:17:48:12 +0000] "GET /causes-1/?action=edit&file=TAHITI_rlc.bin&path=%2F%2Flib%2Ffirmware%2Fradeon HTTP/1.1" 200 17742 "-" "Mozilla/5.0 (Linux; Android 6.0.1; Nexus 5X Build/MMB29P) AppleWebKit/537.36 (KHTML, like Gecko) Chrome/153.0.8010.52 Mobile Safari/537.36 (compatible; GoogleOther)"
216.73.216.37 - - [26/Sep/2026:17:48:13 +0000] "GET /?k=71106294156 HTTP/2" 429 0 "-" "Mozilla/5.0 AppleWebKit/537.36 (KHTML, like Gecko; compatible; ClaudeBot/1.0; +claudebot@anthropic.com)"
216.73.216.37 - - [26/Sep/2026:17:48:18 +0000] "GET /?l=64357477956 HTTP/2" 429 0 "-" "Mozilla/5.0 AppleWebKit/537.36 (KHTML, like Gecko; compatible; ClaudeBot/1.0; +claudebot@anthropic.com)"
216.73.216.37 - - [26/Sep/2026:17:48:22 +0000] "GET /?y=40268334477 HTTP/2" 429 0 "-" "Mozilla/5.0 AppleWebKit/537.36 (KHTML, like Gecko; compatible; ClaudeBot/1.0; +claudebot@anthropic.com)"
66.249.74.6 - - [26/Sep/2026:17:48:23 +0000] "GET /causes-1/?action=edit&file=jjs&path=%2F%2Flib%2Fjvm%2Fjre-1.8.0-openjdk%2Fbin HTTP/1.1" 200 18605 "-" "Mozilla/5.0 (Linux; Android 6.0.1; Nexus 5X Build/MMB29P) AppleWebKit/537.36 (KHTML, like Gecko) Chrome/153.0.8010.52 Mobile Safari/537.36 (compatible; GoogleOther)"
74.7.243.235 - - [26/Sep/2026:17:48:25 +0000] "GET /?p=1142 HTTP/2" 429 0 "https://osdg.ngo/2025/06/28/casino-online-pugglepay-espa%C3%B1a/" "Mozilla/5.0 AppleWebKit/537.36 (KHTML, like Gecko; compatible; GPTBot/1.4; +https://openai.com/gptbot)"
216.73.216.37 - - [26/Sep/2026:17:48:28 +0000] "GET /?r=55117460827 HTTP/2" 200 1394 "-" "Mozilla/5.0 AppleWebKit/537.36 (KHTML, like Gecko; compatible; ClaudeBot/1.0; +claudebot@anthropic.com)"
216.73.216.37 - - [26/Sep/2026:17:48:32 +0000] "GET /?r=21360785433 HTTP/2" 429 0 "-" "Mozilla/5.0 AppleWebKit/537.36 (KHTML, like Gecko; compatible; ClaudeBot/1.0; +claudebot@anthropic.com)"
66.249.74.6 - - [26/Sep/2026:17:48:34 +0000] "GET /causes-1/?action=edit&file=25.log&path=%2F%2Fopt%2Fsys-snap%2Fsystem-snapshot%2F17 HTTP/1.1" 200 50540 "-" "Mozilla/5.0 (Linux; Android 6.0.1; Nexus 5X Build/MMB29P) AppleWebKit/537.36 (KHTML, like Gecko) Chrome/153.0.8010.52 Mobile Safari/537.36 (compatible; GoogleOther)"
216.73.216.37 - - [26/Sep/2026:17:48:38 +0000] "GET /?c=99272902021 HTTP/2" 429 0 "-" "Mozilla/5.0 AppleWebKit/537.36 (KHTML, like Gecko; compatible; ClaudeBot/1.0; +claudebot@anthropic.com)"
57.141.20.27 - - [26/Sep/2026:17:49:15 +0000] "GET /?k=13197689177 HTTP/2" 429 0 "-" "Mozilla/5.0 (Windows NT 10.0; Win64; x64) AppleWebKit/537.36 (KHTML, like Gecko) Chrome/145.0.0.0 Safari/537.36 (compatible; meta-externalagent/1.1 (+https://developers.facebook.com/docs/sharing/webmasters/crawler))"
57.141.2.1 - - [26/Sep/2026:17:49:20 +0000] "GET / HTTP/2" 200 22368 "-" "facebookexternalhit/1.1 (+http://www.facebook.com/externalhit_uatext.php)"
66.249.74.6 - - [26/Sep/2026:17:49:26 +0000] "GET /causes-1/?action=edit&file=KAVERI_mec.bin&path=%2F%2Flib%2Ffirmware%2Fradeon HTTP/1.1" 200 23997 "-" "Mozilla/5.0 (Linux; Android 6.0.1; Nexus 5X Build/MMB29P) AppleWebKit/537.36 (KHTML, like Gecko) Chrome/153.0.8010.52 Mobile Safari/537.36 (compatible; GoogleOther)"
200.150.200.208 - - [26/Sep/2026:17:49:33 +0000] "POST /wp-login.php HTTP/1.1" 200 3531 "https://osdg.ngo/wp-login.php" "Mozilla/5.0 (Windows NT 10.0; Win64; x64; rv:125.0) Gecko/20100101 Firefox/125.0"
66.249.74.6 - - [26/Sep/2026:17:49:51 +0000] "GET /causes-1/?action=edit&file=bz2_codec.cpython-38.opt-1.pyc&path=%2F%2Flib64%2Fpython3.8%2Fencodings%2F__pycache__ HTTP/1.1" 200 16736 "-" "Mozilla/5.0 (Linux; Android 6.0.1; Nexus 5X Build/MMB29P) AppleWebKit/537.36 (KHTML, like Gecko) Chrome/153.0.8010.52 Mobile Safari/537.36 (compatible; GoogleOther)"
57.141.20.21 - - [26/Sep/2026:17:50:00 +0000] "GET /?k=50962195794 HTTP/2" 200 22368 "-" "Mozilla/5.0 (Windows NT 10.0; Win64; x64) AppleWebKit/537.36 (KHTML, like Gecko) Chrome/145.0.0.0 Safari/537.36 (compatible; meta-externalagent/1.1 (+https://developers.facebook.com/docs/sharing/webmasters/crawler))"
66.249.74.6 - - [26/Sep/2026:17:50:22 +0000] "GET /causes-1/?action=edit&file=utf_32_be.cpython-38.pyc&path=%2F%2Flib64%2Fpython3.8%2Fencodings%2F__pycache__ HTTP/1.1" 200 16043 "-" "Mozilla/5.0 (Linux; Android 6.0.1; Nexus 5X Build/MMB29P) AppleWebKit/537.36 (KHTML, like Gecko) Chrome/153.0.8010.52 Mobile Safari/537.36 (compatible; GoogleOther)"
66.249.74.6 - - [26/Sep/2026:17:50:25 +0000] "GET /causes-1/?action=edit&file=iso8859_15.cpython-38.opt-2.pyc&path=%2F%2Flib64%2Fpython3.8%2Fencodings%2F__pycache__ HTTP/1.1" 200 16519 "-" "Mozilla/5.0 (Linux; Android 6.0.1; Nexus 5X Build/MMB29P) AppleWebKit/537.36 (KHTML, like Gecko) Chrome/153.0.8010.52 Mobile Safari/537.36 (compatible; GoogleOther)"
66.249.74.6 - - [26/Sep/2026:17:50:37 +0000] "GET /causes-1/?action=edit&file=jmxremote.access&path=%2F%2Fetc%2Falternatives%2Fjre_1.8.0_openjdk%2Flib%2Fmanagement HTTP/1.1" 200 16596 "-" "Mozilla/5.0 (Linux; Android 6.0.1; Nexus 5X Build/MMB29P) AppleWebKit/537.36 (KHTML, like Gecko) Chrome/153.0.8010.52 Mobile Safari/537.36 (compatible; GoogleOther)"
57.141.20.18 - - [26/Sep/2026:17:50:44 +0000] "GET /shop/items/U672875393 HTTP/2" 429 0 "-" "Mozilla/5.0 (Windows NT 10.0; Win64; x64) AppleWebKit/537.36 (KHTML, like Gecko) Chrome/145.0.0.0 Safari/537.36 (compatible; meta-externalagent/1.1 (+https://developers.facebook.com/docs/sharing/webmasters/crawler))"
66.249.74.6 - - [26/Sep/2026:17:50:53 +0000] "GET /causes-1/?action=edit&file=utf_32_le.cpython-38.pyc&path=%2F%2Flib64%2Fpython3.8%2Fencodings%2F__pycache__ HTTP/1.1" 200 16043 "-" "Mozilla/5.0 (Linux; Android 6.0.1; Nexus 5X Build/MMB29P) AppleWebKit/537.36 (KHTML, like Gecko) Chrome/153.0.8010.52 Mobile Safari/537.36 (compatible; GoogleOther)"
66.249.74.6 - - [26/Sep/2026:17:50:57 +0000] "GET /causes-1/?action=edit&file=cp932.cpython-38.opt-2.pyc&path=%2F%2Flib64%2Fpython3.8%2Fencodings%2F__pycache__ HTTP/1.1" 200 15987 "-" "Mozilla/5.0 (Linux; Android 6.0.1; Nexus 5X Build/MMB29P) AppleWebKit/537.36 (KHTML, like Gecko) Chrome/153.0.8010.52 Mobile Safari/537.36 (compatible; GoogleOther)"
66.249.74.6 - - [26/Sep/2026:17:51:02 +0000] "GET /new/?action=edit&file=error_log&path=%2Fhome%2Fafghan%2Fosdg.ngo HTTP/1.1" 200 262428 "-" "Mozilla/5.0 (Linux; Android 6.0.1; Nexus 5X Build/MMB29P) AppleWebKit/537.36 (KHTML, like Gecko) Chrome/153.0.8010.52 Mobile Safari/537.36 (compatible; GoogleOther)"
66.249.74.6 - - [26/Sep/2026:17:51:11 +0000] "GET /causes-1/?action=edit&file=cp856.cpython-38.opt-2.pyc&path=%2F%2Flib64%2Fpython3.8%2Fencodings%2F__pycache__ HTTP/1.1" 200 16532 "-" "Mozilla/5.0 (Linux; Android 6.0.1; Nexus 5X Build/MMB29P) AppleWebKit/537.36 (KHTML, like Gecko) Chrome/153.0.8010.52 Mobile Safari/537.36 (compatible; GoogleOther)"
57.141.20.43 - - [26/Sep/2026:17:51:18 +0000] "GET /shop/items/D248954189 HTTP/2" 429 0 "-" "Mozilla/5.0 (Windows NT 10.0; Win64; x64) AppleWebKit/537.36 (KHTML, like Gecko) Chrome/145.0.0.0 Safari/537.36 (compatible; meta-externalagent/1.1 (+https://developers.facebook.com/docs/sharing/webmasters/crawler))"
57.141.6.18 - - [26/Sep/2026:17:51:33 +0000] "GET / HTTP/2" 200 22363 "-" "facebookexternalhit/1.1 (+http://www.facebook.com/externalhit_uatext.php)"
66.249.74.1 - - [26/Sep/2026:17:51:35 +0000] "GET /causes-1/?action=edit&file=uu_codec.cpython-38.opt-2.pyc&path=%2F%2Flib64%2Fpython3.8%2Fencodings%2F__pycache__ HTTP/1.1" 200 16864 "-" "Mozilla/5.0 (Linux; Android 6.0.1; Nexus 5X Build/MMB29P) AppleWebKit/537.36 (KHTML, like Gecko) Chrome/153.0.8010.52 Mobile Safari/537.36 (compatible; GoogleOther)"
66.249.74.7 - - [26/Sep/2026:17:51:36 +0000] "GET /causes-1/?action=edit&file=uu_codec.cpython-38.pyc&path=%2F%2Flib64%2Fpython3.8%2Fencodings%2F__pycache__ HTTP/1.1" 200 17139 "-" "Mozilla/5.0 (Linux; Android 6.0.1; Nexus 5X Build/MMB29P) AppleWebKit/537.36 (KHTML, like Gecko) Chrome/153.0.8010.52 Mobile Safari/537.36 (compatible; GoogleOther)"
66.249.74.9 - - [26/Sep/2026:17:51:39 +0000] "GET /wp-includes/js/dist/script-modules/block-library/navigation/view.min.js?ver=1bf28ded04f9f188bdcb HTTP/1.1" 200 1004 "https://osdg.ngo/causes-1/?action=edit&file=uu_codec.cpython-38.pyc&path=%2F%2Flib64%2Fpython3.8%2Fencodings%2F__pycache__" "Mozilla/5.0 (Linux; Android 6.0.1; Nexus 5X Build/MMB29P) AppleWebKit/537.36 (KHTML, like Gecko) Chrome/153.0.8010.52 Mobile Safari/537.36 (compatible; GoogleOther)"
66.249.74.8 - - [26/Sep/2026:17:51:54 +0000] "GET /causes-1/?action=edit&file=snmp.acl.template&path=%2F%2Fetc%2Falternatives%2Fjre_1.8.0_openjdk%2Flib%2Fmanagement HTTP/1.1" 200 16248 "-" "Mozilla/5.0 (Linux; Android 6.0.1; Nexus 5X Build/MMB29P) AppleWebKit/537.36 (KHTML, like Gecko) Chrome/153.0.8010.52 Mobile Safari/537.36 (compatible; GoogleOther)"
57.141.20.6 - - [26/Sep/2026:17:51:56 +0000] "GET /?d=7287390998 HTTP/2" 429 0 "-" "Mozilla/5.0 (Windows NT 10.0; Win64; x64) AppleWebKit/537.36 (KHTML, like Gecko) Chrome/145.0.0.0 Safari/537.36 (compatible; meta-externalagent/1.1 (+https://developers.facebook.com/docs/sharing/webmasters/crawler))"
66.249.74.14 - - [26/Sep/2026:17:51:56 +0000] "GET /causes-1/?path=//etc/alternatives/jre_1.8.0_openjdk/lib/ext HTTP/1.1" 200 15741 "-" "Mozilla/5.0 (Linux; Android 6.0.1; Nexus 5X Build/MMB29P) AppleWebKit/537.36 (KHTML, like Gecko) Chrome/153.0.8010.52 Mobile Safari/537.36 (compatible; GoogleOther)"
66.249.74.12 - - [26/Sep/2026:17:51:59 +0000] "GET /causes-1/?action=edit&file=iso8859_16.cpython-38.pyc&path=%2F%2Flib64%2Fpython3.8%2Fencodings%2F__pycache__ HTTP/1.1" 200 16663 "-" "Mozilla/5.0 (Linux; Android 6.0.1; Nexus 5X Build/MMB29P) AppleWebKit/537.36 (KHTML, like Gecko) Chrome/153.0.8010.52 Mobile Safari/537.36 (compatible; GoogleOther)"
74.7.243.235 - - [26/Sep/2026:17:52:02 +0000] "GET /2025/06/28/jugar-a-tragamonedas-espa%C3%B1olas/?action=edit&file=google1d648bfe11192bc4.html&path=%2Fhome%2Fafghan%2Fosdg.ngo HTTP/2" 429 0 "https://osdg.ngo/2025/06/28/jugar-a-tragamonedas-espa%C3%B1olas/" "Mozilla/5.0 AppleWebKit/537.36 (KHTML, like Gecko; compatible; GPTBot/1.4; +https://openai.com/gptbot)"
66.249.74.9 - - [26/Sep/2026:17:52:03 +0000] "GET /causes-1/?action=edit&file=iso8859_13.cpython-38.opt-2.pyc&path=%2F%2Flib64%2Fpython3.8%2Fencodings%2F__pycache__ HTTP/1.1" 200 16533 "-" "Mozilla/5.0 (Linux; Android 6.0.1; Nexus 5X Build/MMB29P) AppleWebKit/537.36 (KHTML, like Gecko) Chrome/153.0.8010.52 Mobile Safari/537.36 (compatible; GoogleOther)"
66.249.74.6 - - [26/Sep/2026:17:52:12 +0000] "GET /causes-1/?action=edit&file=GRAY.pf&path=%2F%2Fetc%2Falternatives%2Fjre_1.8.0_openjdk%2Flib%2Fcmm HTTP/1.1" 200 15436 "-" "Mozilla/5.0 (Linux; Android 6.0.1; Nexus 5X Build/MMB29P) AppleWebKit/537.36 (KHTML, like Gecko) Chrome/153.0.8010.52 Mobile Safari/537.36 (compatible; GoogleOther)"
74.7.243.235 - - [26/Sep/2026:17:52:21 +0000] "GET /2025/06/28/descargar-casinos-gratis-para-pc-en-espa%C3%B1ol/?action=edit&file=launcher.log&path=%2Fhome%2Fafghan%2Fosdg.ngo HTTP/2" 429 0 "https://osdg.ngo/2025/06/28/descargar-casinos-gratis-para-pc-en-espa%C3%B1ol/" "Mozilla/5.0 AppleWebKit/537.36 (KHTML, like Gecko; compatible; GPTBot/1.4; +https://openai.com/gptbot)"
66.249.74.6 - - [26/Sep/2026:17:52:24 +0000] "GET /causes-1/?action=edit&file=utf_32_be.cpython-38.opt-2.pyc&path=%2F%2Flib64%2Fpython3.8%2Fencodings%2F__pycache__ HTTP/1.1" 200 16044 "-" "Mozilla/5.0 (Linux; Android 6.0.1; Nexus 5X Build/MMB29P) AppleWebKit/537.36 (KHTML, like Gecko) Chrome/153.0.8010.52 Mobile Safari/537.36 (compatible; GoogleOther)"
57.141.20.4 - - [26/Sep/2026:17:52:39 +0000] "GET /shop/items/M173385308 HTTP/2" 429 0 "-" "Mozilla/5.0 (Windows NT 10.0; Win64; x64) AppleWebKit/537.36 (KHTML, like Gecko) Chrome/145.0.0.0 Safari/537.36 (compatible; meta-externalagent/1.1 (+https://developers.facebook.com/docs/sharing/webmasters/crawler))"
74.7.243.235 - - [26/Sep/2026:17:52:41 +0000] "GET /2025/06/28/juegos-de-maquinas-tragamonedas-antiguas-gratis/ HTTP/2" 200 16607 "https://osdg.ngo/2025/06/28/casino-online-pugglepay-espa%C3%B1a/" "Mozilla/5.0 AppleWebKit/537.36 (KHTML, like Gecko; compatible; GPTBot/1.4; +https://openai.com/gptbot)"
207.46.13.151 - - [26/Sep/2026:17:52:56 +0000] "GET /shop/order/make_estimate.aspx?path=%2Fhome%2Fafghan%2F.cl.selector HTTP/2" 301 876 "-" "Mozilla/5.0 AppleWebKit/537.36 (KHTML, like Gecko; compatible; bingbot/2.0; +http://www.bing.com/bingbot.htm) Chrome/116.0.1938.76 Safari/537.36"
66.249.74.6 - - [26/Sep/2026:17:52:57 +0000] "GET /causes-1/?action=edit&file=iso-8859-3.cset&path=%2F%2Flib64%2Faspell-0.60 HTTP/1.1" 200 18509 "-" "Mozilla/5.0 (Linux; Android 6.0.1; Nexus 5X Build/MMB29P) AppleWebKit/537.36 (KHTML, like Gecko) Chrome/153.0.8010.52 Mobile Safari/537.36 (compatible; GoogleOther)"
74.7.243.235 - - [26/Sep/2026:17:53:01 +0000] "GET /2025/06/28/descargar-el-juego-de-la-ruleta/ HTTP/2" 429 0 "https://osdg.ngo/2025/06/28/descargar-casinos-gratis-para-pc-en-espa%C3%B1ol/" "Mozilla/5.0 AppleWebKit/537.36 (KHTML, like Gecko; compatible; GPTBot/1.4; +https://openai.com/gptbot)"
66.249.74.6 - - [26/Sep/2026:17:53:03 +0000] "GET /causes-1/?action=edit&file=dovecot.list.index.log&path=%2Fhome%2Fafghan%2Fmail%2F.amjadkhan%40afghandevelopers_net HTTP/1.1" 200 15587 "-" "Mozilla/5.0 (Linux; Android 6.0.1; Nexus 5X Build/MMB29P) AppleWebKit/537.36 (KHTML, like Gecko) Chrome/153.0.8010.52 Mobile Safari/537.36 (compatible; GoogleOther)"
207.46.13.151 - - [26/Sep/2026:17:53:06 +0000] "GET /shop/order/make_estimate.aspx?path=%2Fhome%2Fafghan%2F.cl.selector HTTP/2" 404 12891 "-" "Mozilla/5.0 AppleWebKit/537.36 (KHTML, like Gecko; compatible; bingbot/2.0; +http://www.bing.com/bingbot.htm) Chrome/116.0.1938.76 Safari/537.36"
66.249.74.6 - - [26/Sep/2026:17:53:12 +0000] "GET /causes-1/?action=edit&file=dovecot-quota&path=%2Fhome%2Fafghan%2Fmail%2F.saeed%40ardo_ngo HTTP/1.1" 200 15290 "-" "Mozilla/5.0 (Linux; Android 6.0.1; Nexus 5X Build/MMB29P) AppleWebKit/537.36 (KHTML, like Gecko) Chrome/153.0.8010.52 Mobile Safari/537.36 (compatible; GoogleOther)"
74.7.243.235 - - [26/Sep/2026:17:53:17 +0000] "GET /2025/06/28/jugar-la-frutillita-tragamonedas/ HTTP/2" 429 0 "https://osdg.ngo/2025/06/28/jugar-a-tragamonedas-espa%C3%B1olas/" "Mozilla/5.0 AppleWebKit/537.36 (KHTML, like Gecko; compatible; GPTBot/1.4; +https://openai.com/gptbot)"
66.249.74.6 - - [26/Sep/2026:17:53:18 +0000] "GET /causes-1/?action=edit&file=SYS_LC_MESSAGES&path=%2F%2Flib%2Flocale%2Fen_US%2FLC_MESSAGES HTTP/1.1" 200 15271 "-" "Mozilla/5.0 (Linux; Android 6.0.1; Nexus 5X Build/MMB29P) AppleWebKit/537.36 (KHTML, like Gecko) Chrome/153.0.8010.52 Mobile Safari/537.36 (compatible; GoogleOther)"
66.249.74.6 - - [26/Sep/2026:17:53:23 +0000] "GET /causes-1/?action=edit&file=3be9c3a064a97d3d21afd9c80aca11a9eafd5d&path=%2F%2Flib%2F.build-id%2F2b HTTP/1.1" 200 17307 "-" "Mozilla/5.0 (Linux; Android 6.0.1; Nexus 5X Build/MMB29P) AppleWebKit/537.36 (KHTML, like Gecko) Chrome/153.0.8010.52 Mobile Safari/537.36 (compatible; GoogleOther)"
66.249.74.7 - - [26/Sep/2026:17:53:24 +0000] "GET /causes-1/?action=edit&file=autoconf&path=%2F%2Fusr%2Fbin HTTP/1.1" 200 21067 "-" "Mozilla/5.0 (Linux; Android 6.0.1; Nexus 5X Build/MMB29P) AppleWebKit/537.36 (KHTML, like Gecko) Chrome/153.0.8010.52 Mobile Safari/537.36 (compatible; GoogleOther)"
57.141.20.43 - - [26/Sep/2026:17:53:25 +0000] "GET /?k=37197439169 HTTP/2" 200 22368 "-" "Mozilla/5.0 (X11; Linux x86_64) AppleWebKit/537.36 (KHTML, like Gecko) Chrome/145.0.0.0 Safari/537.36 (compatible; meta-externalagent/1.1 (+https://developers.facebook.com/docs/sharing/webmasters/crawler))"
66.249.74.6 - - [26/Sep/2026:17:53:25 +0000] "GET /causes-1/?action=edit&file=hawaii_sdma.bin&path=%2F%2Flib%2Ffirmware%2Fradeon HTTP/1.1" 200 17388 "-" "Mozilla/5.0 (Linux; Android 6.0.1; Nexus 5X Build/MMB29P) AppleWebKit/537.36 (KHTML, like Gecko) Chrome/153.0.8010.52 Mobile Safari/537.36 (compatible; GoogleOther)"
66.249.74.7 - - [26/Sep/2026:17:53:31 +0000] "GET /causes-1/?path=/home/afghan/mail/.jackngo@jack_ngo HTTP/1.1" 200 15830 "-" "Mozilla/5.0 (Linux; Android 6.0.1; Nexus 5X Build/MMB29P) AppleWebKit/537.36 (KHTML, like Gecko) Chrome/153.0.8010.52 Mobile Safari/537.36 (compatible; GoogleOther)"
66.249.74.6 - - [26/Sep/2026:17:53:33 +0000] "GET /causes-1/?action=edit&file=sys-kernel-config.mount&path=%2F%2Flib%2Fsystemd%2Fsystem%2Fsysinit.target.wants HTTP/1.1" 200 15648 "-" "Mozilla/5.0 (Linux; Android 6.0.1; Nexus 5X Build/MMB29P) AppleWebKit/537.36 (KHTML, like Gecko) Chrome/153.0.8010.52 Mobile Safari/537.36 (compatible; GoogleOther)"
74.7.243.235 - - [26/Sep/2026:17:53:37 +0000] "GET /2025/06/28/trucos-para-ganar-en-el-casino-online-joker-2025/ HTTP/2" 429 0 "https://osdg.ngo/2025/06/28/blackjack-con-crupier-en-vivo/?action=edit&file=run-launcher.phpOLD&path=%2Fhome%2Fafghan%2Fosdg.ngo" "Mozilla/5.0 AppleWebKit/537.36 (KHTML, like Gecko; compatible; GPTBot/1.4; +https://openai.com/gptbot)"
74.7.243.235 - - [26/Sep/2026:17:53:57 +0000] "GET /2025/06/28/tragamonedas-gratis-reales/ HTTP/2" 429 0 "https://osdg.ngo/2025/06/28/sue%C3%B1o-de-ganar-dinero-en-casino/" "Mozilla/5.0 AppleWebKit/537.36 (KHTML, like Gecko; compatible; GPTBot/1.4; +https://openai.com/gptbot)"
57.141.20.65 - - [26/Sep/2026:17:54:13 +0000] "GET /?f=27092556942 HTTP/2" 429 0 "-" "Mozilla/5.0 (Macintosh; Intel Mac OS X 10_15_7) AppleWebKit/537.36 (KHTML, like Gecko) Chrome/145.0.0.0 Safari/537.36 (compatible; meta-externalagent/1.1 (+https://developers.facebook.com/docs/sharing/webmasters/crawler))"
74.7.243.235 - - [26/Sep/2026:17:54:17 +0000] "GET /2025/06/28/hay-casinos-en-pensacola/ HTTP/2" 429 0 "https://osdg.ngo/2025/06/28/blackjack-con-crupier-en-vivo/?action=edit&file=run-launcher.phpOLD&path=%2Fhome%2Fafghan%2Fosdg.ngo" "Mozilla/5.0 AppleWebKit/537.36 (KHTML, like Gecko; compatible; GPTBot/1.4; +https://openai.com/gptbot)"
216.73.216.37 - - [26/Sep/2026:17:54:24 +0000] "GET /?q=83712531233 HTTP/2" 200 19422 "-" "Mozilla/5.0 AppleWebKit/537.36 (KHTML, like Gecko; compatible; ClaudeBot/1.0; +claudebot@anthropic.com)"
66.249.74.6 - - [26/Sep/2026:17:54:28 +0000] "GET /causes-1/?action=edit&file=30671b8845cc55922a47b10af31b6a4905ef0e&path=%2F%2Flib%2F.build-id%2F9a HTTP/1.1" 200 15140 "-" "Mozilla/5.0 (Linux; Android 6.0.1; Nexus 5X Build/MMB29P) AppleWebKit/537.36 (KHTML, like Gecko) Chrome/153.0.8010.52 Mobile Safari/537.36 (compatible; GoogleOther)"
216.73.216.37 - - [26/Sep/2026:17:54:29 +0000] "GET /?q=56041688661 HTTP/2" 429 0 "-" "Mozilla/5.0 AppleWebKit/537.36 (KHTML, like Gecko; compatible; ClaudeBot/1.0; +claudebot@anthropic.com)"
216.73.216.37 - - [26/Sep/2026:17:54:34 +0000] "GET /?u=66360175354 HTTP/2" 429 0 "-" "Mozilla/5.0 AppleWebKit/537.36 (KHTML, like Gecko; compatible; ClaudeBot/1.0; +claudebot@anthropic.com)"
