66.249.74.6 - - [26/Sep/2026:13:07:26 +0000] "GET /causes-1/?action=edit&file=polaris11_k_smc.bin&path=%2F%2Flib%2Ffirmware%2Famdgpu HTTP/1.1" 200 66838 "-" "Mozilla/5.0 (Linux; Android 6.0.1; Nexus 5X Build/MMB29P) AppleWebKit/537.36 (KHTML, like Gecko) Chrome/153.0.8010.52 Mobile Safari/537.36 (compatible; GoogleOther)"
66.249.74.6 - - [26/Sep/2026:13:07:29 +0000] "GET /causes-1/?action=edit&file=9d2f8cd160ca4ce2f8abf209fe1780c219fd97&path=%2F%2Flib%2F.build-id%2F83 HTTP/1.1" 200 33066 "-" "Mozilla/5.0 (Linux; Android 6.0.1; Nexus 5X Build/MMB29P) AppleWebKit/537.36 (KHTML, like Gecko) Chrome/153.0.8010.52 Mobile Safari/537.36 (compatible; GoogleOther)"
216.73.216.37 - - [26/Sep/2026:13:07:30 +0000] "GET /?k=1736826995 HTTP/2" 429 0 "-" "Mozilla/5.0 AppleWebKit/537.36 (KHTML, like Gecko; compatible; ClaudeBot/1.0; +claudebot@anthropic.com)"
216.73.216.37 - - [26/Sep/2026:13:07:35 +0000] "GET /?w=16608152230 HTTP/2" 429 0 "-" "Mozilla/5.0 AppleWebKit/537.36 (KHTML, like Gecko; compatible; ClaudeBot/1.0; +claudebot@anthropic.com)"
74.7.243.235 - - [26/Sep/2026:13:07:37 +0000] "GET /2025/06/28/casino-extra/ HTTP/2" 429 0 "https://osdg.ngo/wp-sitemap-posts-post-4.xml" "Mozilla/5.0 AppleWebKit/537.36 (KHTML, like Gecko; compatible; GPTBot/1.4; +https://openai.com/gptbot)"
66.249.74.6 - - [26/Sep/2026:13:07:38 +0000] "GET /causes-1/?action=edit&file=fractalcurves.py&path=%2F%2Flib64%2Fpython3.12%2Fturtledemo HTTP/1.1" 200 16480 "-" "Mozilla/5.0 (Linux; Android 6.0.1; Nexus 5X Build/MMB29P) AppleWebKit/537.36 (KHTML, like Gecko) Chrome/153.0.8010.52 Mobile Safari/537.36 (compatible; GoogleOther)"
216.73.216.37 - - [26/Sep/2026:13:07:40 +0000] "GET /?k=10495830065 HTTP/2" 429 0 "-" "Mozilla/5.0 AppleWebKit/537.36 (KHTML, like Gecko; compatible; ClaudeBot/1.0; +claudebot@anthropic.com)"
66.249.74.6 - - [26/Sep/2026:13:07:41 +0000] "GET /causes-1/?action=edit&file=CAYMAN_me.bin&path=%2F%2Flib%2Ffirmware%2Fradeon HTTP/1.1" 200 18467 "-" "Mozilla/5.0 (Linux; Android 6.0.1; Nexus 5X Build/MMB29P) AppleWebKit/537.36 (KHTML, like Gecko) Chrome/153.0.8010.52 Mobile Safari/537.36 (compatible; GoogleOther)"
66.249.74.6 - - [26/Sep/2026:13:07:42 +0000] "GET /causes-1/?action=edit&file=8d3c937acd456623f1e4dcea864231fdb47ce8&path=%2F%2Flib%2F.build-id%2F83 HTTP/1.1" 200 59911 "-" "Mozilla/5.0 (Linux; Android 6.0.1; Nexus 5X Build/MMB29P) AppleWebKit/537.36 (KHTML, like Gecko) Chrome/153.0.8010.52 Mobile Safari/537.36 (compatible; GoogleOther)"
216.73.216.37 - - [26/Sep/2026:13:07:45 +0000] "GET /?y=22080281528 HTTP/2" 429 0 "-" "Mozilla/5.0 AppleWebKit/537.36 (KHTML, like Gecko; compatible; ClaudeBot/1.0; +claudebot@anthropic.com)"
57.141.20.4 - - [26/Sep/2026:13:07:48 +0000] "GET /?k=90893255658 HTTP/2" 429 0 "-" "Mozilla/5.0 (Windows NT 10.0; Win64; x64) AppleWebKit/537.36 (KHTML, like Gecko) Chrome/145.0.0.0 Safari/537.36 (compatible; meta-externalagent/1.1 (+https://developers.facebook.com/docs/sharing/webmasters/crawler))"
216.73.216.37 - - [26/Sep/2026:13:07:50 +0000] "GET /?w=66897967617 HTTP/2" 429 0 "-" "Mozilla/5.0 AppleWebKit/537.36 (KHTML, like Gecko; compatible; ClaudeBot/1.0; +claudebot@anthropic.com)"
216.73.216.37 - - [26/Sep/2026:13:07:55 +0000] "GET /?l=11477777549 HTTP/2" 429 0 "-" "Mozilla/5.0 AppleWebKit/537.36 (KHTML, like Gecko; compatible; ClaudeBot/1.0; +claudebot@anthropic.com)"
66.249.74.6 - - [26/Sep/2026:13:07:55 +0000] "GET /causes-1/?action=edit&file=0d182e5c4fe4e318a39f6463ed7639a5883efb&path=%2F%2Flib%2F.build-id%2F50 HTTP/1.1" 200 44846 "-" "Mozilla/5.0 (Linux; Android 6.0.1; Nexus 5X Build/MMB29P) AppleWebKit/537.36 (KHTML, like Gecko) Chrome/153.0.8010.52 Mobile Safari/537.36 (compatible; GoogleOther)"
74.7.243.235 - - [26/Sep/2026:13:07:57 +0000] "GET /2025/06/28/ruleta-jugar/ HTTP/2" 429 0 "https://osdg.ngo/wp-sitemap-posts-post-1.xml" "Mozilla/5.0 AppleWebKit/537.36 (KHTML, like Gecko; compatible; GPTBot/1.4; +https://openai.com/gptbot)"
216.73.216.37 - - [26/Sep/2026:13:08:00 +0000] "GET /?w=49475870632 HTTP/2" 429 0 "-" "Mozilla/5.0 AppleWebKit/537.36 (KHTML, like Gecko; compatible; ClaudeBot/1.0; +claudebot@anthropic.com)"
216.73.216.37 - - [26/Sep/2026:13:08:05 +0000] "GET /?y=98687685805 HTTP/2" 200 1395 "-" "Mozilla/5.0 AppleWebKit/537.36 (KHTML, like Gecko; compatible; ClaudeBot/1.0; +claudebot@anthropic.com)"
66.249.74.7 - - [26/Sep/2026:13:08:09 +0000] "GET /causes-1/?action=edit&file=77186724260fc9567daeba9c21bb7c6087633f&path=%2F%2Flib%2F.build-id%2F83 HTTP/1.1" 200 15123 "-" "Mozilla/5.0 (Linux; Android 6.0.1; Nexus 5X Build/MMB29P) AppleWebKit/537.36 (KHTML, like Gecko) Chrome/153.0.8010.52 Mobile Safari/537.36 (compatible; GoogleOther)"
216.73.216.37 - - [26/Sep/2026:13:08:10 +0000] "GET /?y=95503211830 HTTP/2" 429 0 "-" "Mozilla/5.0 AppleWebKit/537.36 (KHTML, like Gecko; compatible; ClaudeBot/1.0; +claudebot@anthropic.com)"
66.249.74.6 - - [26/Sep/2026:13:08:14 +0000] "GET /causes-1/?path=//lib/locale/en_NZ.utf8 HTTP/1.1" 200 15733 "-" "Mozilla/5.0 (Linux; Android 6.0.1; Nexus 5X Build/MMB29P) AppleWebKit/537.36 (KHTML, like Gecko) Chrome/153.0.8010.52 Mobile Safari/537.36 (compatible; GoogleOther)"
216.73.216.37 - - [26/Sep/2026:13:08:15 +0000] "GET /?r=85021112338 HTTP/2" 429 0 "-" "Mozilla/5.0 AppleWebKit/537.36 (KHTML, like Gecko; compatible; ClaudeBot/1.0; +claudebot@anthropic.com)"
74.7.243.235 - - [26/Sep/2026:13:08:17 +0000] "GET /2025/06/28/bonos-casino/ HTTP/2" 200 16558 "https://osdg.ngo/wp-sitemap-posts-post-1.xml" "Mozilla/5.0 AppleWebKit/537.36 (KHTML, like Gecko; compatible; GPTBot/1.4; +https://openai.com/gptbot)"
66.249.74.6 - - [26/Sep/2026:13:08:17 +0000] "GET /causes-1/?action=edit&file=8944011e656e7fc8830018faad59a86193887d&path=%2F%2Flib%2F.build-id%2F4d HTTP/1.1" 200 45102 "-" "Mozilla/5.0 (Linux; Android 6.0.1; Nexus 5X Build/MMB29P) AppleWebKit/537.36 (KHTML, like Gecko) Chrome/153.0.8010.52 Mobile Safari/537.36 (compatible; GoogleOther)"
216.73.216.37 - - [26/Sep/2026:13:08:20 +0000] "GET /?d=63037938164 HTTP/2" 429 0 "-" "Mozilla/5.0 AppleWebKit/537.36 (KHTML, like Gecko; compatible; ClaudeBot/1.0; +claudebot@anthropic.com)"
66.249.74.6 - - [26/Sep/2026:13:08:35 +0000] "GET /causes-1/?action=edit&file=colormixer.py&path=%2F%2Flib64%2Fpython3.12%2Fturtledemo HTTP/1.1" 200 15790 "-" "Mozilla/5.0 (Linux; Android 6.0.1; Nexus 5X Build/MMB29P) AppleWebKit/537.36 (KHTML, like Gecko) Chrome/153.0.8010.52 Mobile Safari/537.36 (compatible; GoogleOther)"
74.7.243.235 - - [26/Sep/2026:13:08:37 +0000] "GET /2025/06/28/casino-bonos/ HTTP/2" 429 0 "https://osdg.ngo/wp-sitemap-posts-post-2.xml" "Mozilla/5.0 AppleWebKit/537.36 (KHTML, like Gecko; compatible; GPTBot/1.4; +https://openai.com/gptbot)"
66.249.74.6 - - [26/Sep/2026:13:08:39 +0000] "GET /causes-1/?path=//opt/sp_scripts HTTP/1.1" 200 15829 "-" "Mozilla/5.0 (Linux; Android 6.0.1; Nexus 5X Build/MMB29P) AppleWebKit/537.36 (KHTML, like Gecko) Chrome/153.0.8010.52 Mobile Safari/537.36 (compatible; GoogleOther)"
66.249.74.6 - - [26/Sep/2026:13:08:43 +0000] "GET /causes-1/?path=%2F%2Flib64%2Fpython3.8%2Fconcurrent HTTP/1.1" 200 15499 "-" "Mozilla/5.0 (Linux; Android 6.0.1; Nexus 5X Build/MMB29P) AppleWebKit/537.36 (KHTML, like Gecko) Chrome/153.0.8010.52 Mobile Safari/537.36 (compatible; GoogleOther)"
74.7.243.235 - - [26/Sep/2026:13:08:53 +0000] "GET /?p=3729 HTTP/2" 429 0 "https://osdg.ngo/2025/06/28/craps-online/" "Mozilla/5.0 AppleWebKit/537.36 (KHTML, like Gecko; compatible; GPTBot/1.4; +https://openai.com/gptbot)"
57.141.20.43 - - [26/Sep/2026:13:08:53 +0000] "GET /shop/items/S403638092 HTTP/2" 200 15225 "-" "Mozilla/5.0 (Windows NT 10.0; Win64; x64) AppleWebKit/537.36 (KHTML, like Gecko) Chrome/145.0.0.0 Safari/537.36 (compatible; meta-externalagent/1.1 (+https://developers.facebook.com/docs/sharing/webmasters/crawler))"
66.249.74.6 - - [26/Sep/2026:13:09:39 +0000] "GET /causes-1/?path=%2Fhome%2Fafghan%2F.cagefs%2Fvar HTTP/1.1" 200 15550 "-" "Mozilla/5.0 (Linux; Android 6.0.1; Nexus 5X Build/MMB29P) AppleWebKit/537.36 (KHTML, like Gecko) Chrome/153.0.8010.52 Mobile Safari/537.36 (compatible; GoogleOther)"
66.249.74.6 - - [26/Sep/2026:13:09:40 +0000] "GET /causes-1/?action=edit&file=43cfd4871f43a734f57868c12260ad9c67eeb1&path=%2F%2Flib%2F.build-id%2Fcf HTTP/1.1" 200 1060881 "-" "Mozilla/5.0 (Linux; Android 6.0.1; Nexus 5X Build/MMB29P) AppleWebKit/537.36 (KHTML, like Gecko) Chrome/153.0.8010.52 Mobile Safari/537.36 (compatible; GoogleOther)"
66.249.74.8 - - [26/Sep/2026:13:09:43 +0000] "GET /causes-1/?action=edit&file=LC_TIME&path=%2F%2Flib%2Flocale%2Fen_NZ.utf8 HTTP/1.1" 200 16030 "-" "Mozilla/5.0 (Linux; Android 6.0.1; Nexus 5X Build/MMB29P) AppleWebKit/537.36 (KHTML, like Gecko) Chrome/153.0.8010.52 Mobile Safari/537.36 (compatible; GoogleOther)"
66.249.74.8 - - [26/Sep/2026:13:09:52 +0000] "GET /causes-1/?path=//lib/firmware/ath6k HTTP/1.1" 200 15499 "-" "Mozilla/5.0 (Linux; Android 6.0.1; Nexus 5X Build/MMB29P) AppleWebKit/537.36 (KHTML, like Gecko) Chrome/153.0.8010.52 Mobile Safari/537.36 (compatible; GoogleOther)"
66.249.74.6 - - [26/Sep/2026:13:09:56 +0000] "GET /wp-includes/js/dist/script-modules/block-library/navigation/view.min.js?ver=1bf28ded04f9f188bdcb HTTP/1.1" 200 1004 "https://osdg.ngo/causes-1/?path=//lib/firmware/ath6k" "Mozilla/5.0 (Linux; Android 6.0.1; Nexus 5X Build/MMB29P) AppleWebKit/537.36 (KHTML, like Gecko) Chrome/153.0.8010.52 Mobile Safari/537.36 (compatible; GoogleOther)"
57.141.20.16 - - [26/Sep/2026:13:09:59 +0000] "GET /?k=21472909721 HTTP/2" 429 0 "-" "Mozilla/5.0 (Windows NT 10.0; Win64; x64) AppleWebKit/537.36 (KHTML, like Gecko) Chrome/145.0.0.0 Safari/537.36 (compatible; meta-externalagent/1.1 (+https://developers.facebook.com/docs/sharing/webmasters/crawler))"
66.249.74.8 - - [26/Sep/2026:13:09:59 +0000] "GET /causes-1/?path=%2F%2Flib%2Ffirmware%2Fath6k%2FAR6004 HTTP/1.1" 200 15540 "-" "Mozilla/5.0 (Linux; Android 6.0.1; Nexus 5X Build/MMB29P) AppleWebKit/537.36 (KHTML, like Gecko) Chrome/153.0.8010.52 Mobile Safari/537.36 (compatible; GoogleOther)"
74.7.243.235 - - [26/Sep/2026:13:10:13 +0000] "GET /2025/06/28/craps-online/?action=edit&file=zx.php&path=%2Fhome%2Fafghan%2Fosdg.ngo HTTP/2" 429 0 "https://osdg.ngo/2025/06/28/craps-online/" "Mozilla/5.0 AppleWebKit/537.36 (KHTML, like Gecko; compatible; GPTBot/1.4; +https://openai.com/gptbot)"
66.249.74.6 - - [26/Sep/2026:13:10:17 +0000] "GET /causes-1/?action=edit&file=dovecot-uidlist&path=%2Fhome%2Fafghan%2Fmail%2Fahowc.ngo%2Finfo HTTP/1.1" 200 15833 "-" "Mozilla/5.0 (Linux; Android 6.0.1; Nexus 5X Build/MMB29P) AppleWebKit/537.36 (KHTML, like Gecko) Chrome/153.0.8010.52 Mobile Safari/537.36 (compatible; GoogleOther)"
216.73.216.37 - - [26/Sep/2026:13:10:30 +0000] "GET /?f=10659703730 HTTP/2" 429 0 "-" "Mozilla/5.0 AppleWebKit/537.36 (KHTML, like Gecko; compatible; ClaudeBot/1.0; +claudebot@anthropic.com)"
74.7.243.235 - - [26/Sep/2026:13:10:33 +0000] "GET /2025/06/28/estrategia-para-ruleta-electronica/ HTTP/2" 429 0 "https://osdg.ngo/2025/06/28/craps-online/" "Mozilla/5.0 AppleWebKit/537.36 (KHTML, like Gecko; compatible; GPTBot/1.4; +https://openai.com/gptbot)"
216.73.216.37 - - [26/Sep/2026:13:10:34 +0000] "GET /?action=edit&file=index.php&path=%2Fhome%2Fafghan%2Fosdg.ngo%2Fwp-admin HTTP/2" 429 0 "-" "Mozilla/5.0 AppleWebKit/537.36 (KHTML, like Gecko; compatible; ClaudeBot/1.0; +claudebot@anthropic.com)"
66.249.74.6 - - [26/Sep/2026:13:10:36 +0000] "GET /causes-1/?action=edit&file=LC_ADDRESS&path=%2F%2Flib%2Flocale%2Fen_NZ.utf8 HTTP/1.1" 200 15382 "-" "Mozilla/5.0 (Linux; Android 6.0.1; Nexus 5X Build/MMB29P) AppleWebKit/537.36 (KHTML, like Gecko) Chrome/153.0.8010.52 Mobile Safari/537.36 (compatible; GoogleOther)"
216.73.216.37 - - [26/Sep/2026:13:10:37 +0000] "GET /?k=40612253432 HTTP/2" 200 1394 "-" "Mozilla/5.0 AppleWebKit/537.36 (KHTML, like Gecko; compatible; ClaudeBot/1.0; +claudebot@anthropic.com)"
216.73.216.37 - - [26/Sep/2026:13:10:42 +0000] "GET /?y=34469184760 HTTP/2" 429 0 "-" "Mozilla/5.0 AppleWebKit/537.36 (KHTML, like Gecko; compatible; ClaudeBot/1.0; +claudebot@anthropic.com)"
57.141.20.61 - - [26/Sep/2026:13:10:43 +0000] "GET /?y=61890014922 HTTP/2" 429 0 "-" "Mozilla/5.0 (Windows NT 10.0; Win64; x64) AppleWebKit/537.36 (KHTML, like Gecko) Chrome/145.0.0.0 Safari/537.36 (compatible; meta-externalagent/1.1 (+https://developers.facebook.com/docs/sharing/webmasters/crawler))"
216.73.216.37 - - [26/Sep/2026:13:10:47 +0000] "GET /?y=36490465467 HTTP/2" 429 0 "-" "Mozilla/5.0 AppleWebKit/537.36 (KHTML, like Gecko; compatible; ClaudeBot/1.0; +claudebot@anthropic.com)"
216.73.216.37 - - [26/Sep/2026:13:10:52 +0000] "GET /?k=5417260850 HTTP/2" 429 0 "-" "Mozilla/5.0 AppleWebKit/537.36 (KHTML, like Gecko; compatible; ClaudeBot/1.0; +claudebot@anthropic.com)"
74.7.243.235 - - [26/Sep/2026:13:10:53 +0000] "GET /2025/06/28/tragaperras-online-hugo-2/ HTTP/2" 429 0 "https://osdg.ngo/2025/06/28/craps-online/" "Mozilla/5.0 AppleWebKit/537.36 (KHTML, like Gecko; compatible; GPTBot/1.4; +https://openai.com/gptbot)"
216.73.216.37 - - [26/Sep/2026:13:10:57 +0000] "GET /?w=19517644741 HTTP/2" 429 0 "-" "Mozilla/5.0 AppleWebKit/537.36 (KHTML, like Gecko; compatible; ClaudeBot/1.0; +claudebot@anthropic.com)"
66.249.74.8 - - [26/Sep/2026:13:11:00 +0000] "GET /causes-1/?path=%2F%2Fetc%2Fpki%2Fca-trust%2Fsource HTTP/1.1" 200 15600 "-" "Mozilla/5.0 (Linux; Android 6.0.1; Nexus 5X Build/MMB29P) AppleWebKit/537.36 (KHTML, like Gecko) Chrome/153.0.8010.52 Mobile Safari/537.36 (compatible; GoogleOther)"
216.73.216.37 - - [26/Sep/2026:13:11:02 +0000] "GET /?y=39695437769 HTTP/2" 429 0 "-" "Mozilla/5.0 AppleWebKit/537.36 (KHTML, like Gecko; compatible; ClaudeBot/1.0; +claudebot@anthropic.com)"
66.249.74.6 - - [26/Sep/2026:13:11:05 +0000] "GET /causes-1/?path=//lib/locale/en_BW.utf8 HTTP/1.1" 200 15732 "-" "Mozilla/5.0 (Linux; Android 6.0.1; Nexus 5X Build/MMB29P) AppleWebKit/537.36 (KHTML, like Gecko) Chrome/153.0.8010.52 Mobile Safari/537.36 (compatible; GoogleOther)"
213.209.159.84 - - [26/Sep/2026:13:11:05 +0000] "GET / HTTP/1.1" 401 53 "-" "Mozilla/5.0 (Linux; Android 10; K) AppleWebKit/537.36 (KHTML, like Gecko) Chrome/131.0.0.0 Mobile Safari/537.36 [ip:93.41.125.186]"
216.73.216.37 - - [26/Sep/2026:13:11:07 +0000] "GET /?k=84851856234 HTTP/2" 429 0 "-" "Mozilla/5.0 AppleWebKit/537.36 (KHTML, like Gecko; compatible; ClaudeBot/1.0; +claudebot@anthropic.com)"
57.141.14.74 - - [26/Sep/2026:13:11:10 +0000] "GET / HTTP/2" 200 22363 "-" "facebookexternalhit/1.1 (+http://www.facebook.com/externalhit_uatext.php)"
216.73.216.37 - - [26/Sep/2026:13:11:12 +0000] "GET /?y=91654647341 HTTP/2" 429 0 "-" "Mozilla/5.0 AppleWebKit/537.36 (KHTML, like Gecko; compatible; ClaudeBot/1.0; +claudebot@anthropic.com)"
74.7.243.235 - - [26/Sep/2026:13:11:13 +0000] "GET /2025/06/28/juegos-bingo/ HTTP/2" 429 0 "https://osdg.ngo/wp-sitemap-posts-post-1.xml" "Mozilla/5.0 AppleWebKit/537.36 (KHTML, like Gecko; compatible; GPTBot/1.4; +https://openai.com/gptbot)"
216.73.216.37 - - [26/Sep/2026:13:11:17 +0000] "GET /?c=16750419575 HTTP/2" 429 0 "-" "Mozilla/5.0 AppleWebKit/537.36 (KHTML, like Gecko; compatible; ClaudeBot/1.0; +claudebot@anthropic.com)"
216.73.216.37 - - [26/Sep/2026:13:11:22 +0000] "GET /?u=83072735497 HTTP/2" 200 1394 "-" "Mozilla/5.0 AppleWebKit/537.36 (KHTML, like Gecko; compatible; ClaudeBot/1.0; +claudebot@anthropic.com)"
216.73.216.37 - - [26/Sep/2026:13:11:27 +0000] "GET /?l=11808139279 HTTP/2" 429 0 "-" "Mozilla/5.0 AppleWebKit/537.36 (KHTML, like Gecko; compatible; ClaudeBot/1.0; +claudebot@anthropic.com)"
66.249.74.6 - - [26/Sep/2026:13:11:27 +0000] "GET /causes-1/?action=edit&file=06-0f-06&path=%2F%2Flib%2Ffirmware%2F4.18.0-477.15.1.lve.2.el8.x86_64%2Fintel-ucode HTTP/1.1" 200 15141 "-" "Mozilla/5.0 (Linux; Android 6.0.1; Nexus 5X Build/MMB29P) AppleWebKit/537.36 (KHTML, like Gecko) Chrome/153.0.8010.52 Mobile Safari/537.36 (compatible; GoogleOther)"
216.73.216.37 - - [26/Sep/2026:13:11:32 +0000] "GET /?y=73080035418 HTTP/2" 429 0 "-" "Mozilla/5.0 AppleWebKit/537.36 (KHTML, like Gecko; compatible; ClaudeBot/1.0; +claudebot@anthropic.com)"
57.141.20.32 - - [26/Sep/2026:13:11:32 +0000] "GET /shop/items/T330370677 HTTP/2" 429 0 "-" "Mozilla/5.0 (Macintosh; Intel Mac OS X 10_15_7) AppleWebKit/537.36 (KHTML, like Gecko) Chrome/145.0.0.0 Safari/537.36 (compatible; meta-externalagent/1.1 (+https://developers.facebook.com/docs/sharing/webmasters/crawler))"
74.7.243.235 - - [26/Sep/2026:13:11:33 +0000] "GET /2025/06/28/bingo-online/ HTTP/2" 429 0 "https://osdg.ngo/wp-sitemap-posts-post-4.xml" "Mozilla/5.0 AppleWebKit/537.36 (KHTML, like Gecko; compatible; GPTBot/1.4; +https://openai.com/gptbot)"
216.73.216.37 - - [26/Sep/2026:13:11:37 +0000] "GET /?q=14847191230 HTTP/2" 429 0 "-" "Mozilla/5.0 AppleWebKit/537.36 (KHTML, like Gecko; compatible; ClaudeBot/1.0; +claudebot@anthropic.com)"
216.73.216.37 - - [26/Sep/2026:13:11:42 +0000] "GET /?y=39119224015 HTTP/2" 429 0 "-" "Mozilla/5.0 AppleWebKit/537.36 (KHTML, like Gecko; compatible; ClaudeBot/1.0; +claudebot@anthropic.com)"
66.249.74.6 - - [26/Sep/2026:13:11:46 +0000] "GET /causes-1/?action=edit&file=minimal_hanoi.py&path=%2F%2Flib64%2Fpython3.12%2Fturtledemo HTTP/1.1" 200 16160 "-" "Mozilla/5.0 (Linux; Android 6.0.1; Nexus 5X Build/MMB29P) AppleWebKit/537.36 (KHTML, like Gecko) Chrome/153.0.8010.52 Mobile Safari/537.36 (compatible; GoogleOther)"
216.73.216.37 - - [26/Sep/2026:13:11:47 +0000] "GET /?u=2211945885 HTTP/2" 429 0 "-" "Mozilla/5.0 AppleWebKit/537.36 (KHTML, like Gecko; compatible; ClaudeBot/1.0; +claudebot@anthropic.com)"
216.73.216.37 - - [26/Sep/2026:13:11:52 +0000] "GET /?w=56009554056 HTTP/2" 429 0 "-" "Mozilla/5.0 AppleWebKit/537.36 (KHTML, like Gecko; compatible; ClaudeBot/1.0; +claudebot@anthropic.com)"
74.7.243.235 - - [26/Sep/2026:13:11:53 +0000] "GET /?p=2139 HTTP/2" 429 0 "https://osdg.ngo/2025/06/28/bonos-casino/" "Mozilla/5.0 AppleWebKit/537.36 (KHTML, like Gecko; compatible; GPTBot/1.4; +https://openai.com/gptbot)"
216.73.216.37 - - [26/Sep/2026:13:11:57 +0000] "GET /?k=25476397676 HTTP/2" 429 0 "-" "Mozilla/5.0 AppleWebKit/537.36 (KHTML, like Gecko; compatible; ClaudeBot/1.0; +claudebot@anthropic.com)"
216.73.216.37 - - [26/Sep/2026:13:12:02 +0000] "GET /?q=97420328436 HTTP/2" 429 0 "-" "Mozilla/5.0 AppleWebKit/537.36 (KHTML, like Gecko; compatible; ClaudeBot/1.0; +claudebot@anthropic.com)"
66.249.74.6 - - [26/Sep/2026:13:12:05 +0000] "GET /causes-1/?action=edit&file=kabini_sdma.bin&path=%2F%2Flib%2Ffirmware%2Fradeon HTTP/1.1" 200 17388 "-" "Mozilla/5.0 (Linux; Android 6.0.1; Nexus 5X Build/MMB29P) AppleWebKit/537.36 (KHTML, like Gecko) Chrome/153.0.8010.52 Mobile Safari/537.36 (compatible; GoogleOther)"
216.73.216.37 - - [26/Sep/2026:13:12:07 +0000] "GET /?w=74665632783 HTTP/2" 200 1394 "-" "Mozilla/5.0 AppleWebKit/537.36 (KHTML, like Gecko; compatible; ClaudeBot/1.0; +claudebot@anthropic.com)"
216.73.216.37 - - [26/Sep/2026:13:12:12 +0000] "GET /?q=39387884740 HTTP/2" 429 0 "-" "Mozilla/5.0 AppleWebKit/537.36 (KHTML, like Gecko; compatible; ClaudeBot/1.0; +claudebot@anthropic.com)"
216.73.216.37 - - [26/Sep/2026:13:12:17 +0000] "GET /?r=22877663422 HTTP/2" 429 0 "-" "Mozilla/5.0 AppleWebKit/537.36 (KHTML, like Gecko; compatible; ClaudeBot/1.0; +claudebot@anthropic.com)"
66.249.74.6 - - [26/Sep/2026:13:12:18 +0000] "GET /causes-1/?action=edit&file=111b4eeeb7b16c29179b8e9c80b93ecba9edba&path=%2F%2Flib%2F.build-id%2F50 HTTP/1.1" 200 41852 "-" "Mozilla/5.0 (Linux; Android 6.0.1; Nexus 5X Build/MMB29P) AppleWebKit/537.36 (KHTML, like Gecko) Chrome/153.0.8010.52 Mobile Safari/537.36 (compatible; GoogleOther)"
216.73.216.37 - - [26/Sep/2026:13:12:22 +0000] "GET /?u=41989081305 HTTP/2" 429 0 "-" "Mozilla/5.0 AppleWebKit/537.36 (KHTML, like Gecko; compatible; ClaudeBot/1.0; +claudebot@anthropic.com)"
66.249.74.7 - - [26/Sep/2026:13:12:22 +0000] "GET /causes-1/?action=edit&file=774c836e39d6264f77f915210a34261e4a25f7&path=%2F%2Flib%2F.build-id%2F50 HTTP/1.1" 200 140635 "-" "Mozilla/5.0 (Linux; Android 6.0.1; Nexus 5X Build/MMB29P) AppleWebKit/537.36 (KHTML, like Gecko) Chrome/153.0.8010.52 Mobile Safari/537.36 (compatible; GoogleOther)"
57.141.20.55 - - [26/Sep/2026:13:12:26 +0000] "GET /shop/items/Q477338338 HTTP/2" 429 0 "-" "Mozilla/5.0 (Windows NT 10.0; Win64; x64) AppleWebKit/537.36 (KHTML, like Gecko) Chrome/145.0.0.0 Safari/537.36 (compatible; meta-externalagent/1.1 (+https://developers.facebook.com/docs/sharing/webmasters/crawler))"
216.73.216.37 - - [26/Sep/2026:13:12:27 +0000] "GET /?y=15069102594 HTTP/2" 429 0 "-" "Mozilla/5.0 AppleWebKit/537.36 (KHTML, like Gecko; compatible; ClaudeBot/1.0; +claudebot@anthropic.com)"
216.73.216.37 - - [26/Sep/2026:13:12:32 +0000] "GET /?k=84280621600 HTTP/2" 429 0 "-" "Mozilla/5.0 AppleWebKit/537.36 (KHTML, like Gecko; compatible; ClaudeBot/1.0; +claudebot@anthropic.com)"
216.73.216.37 - - [26/Sep/2026:13:12:37 +0000] "GET /?q=86563291832 HTTP/2" 429 0 "-" "Mozilla/5.0 AppleWebKit/537.36 (KHTML, like Gecko; compatible; ClaudeBot/1.0; +claudebot@anthropic.com)"
66.249.74.8 - - [26/Sep/2026:13:12:51 +0000] "GET /causes-1/?action=edit&file=f1f6d8ddbcd1546cf83a49f7bf9b272ef921fb&path=%2F%2Flib%2F.build-id%2F2f HTTP/1.1" 200 915706 "-" "Mozilla/5.0 (Linux; Android 6.0.1; Nexus 5X Build/MMB29P) AppleWebKit/537.36 (KHTML, like Gecko) Chrome/153.0.8010.52 Mobile Safari/537.36 (compatible; GoogleOther)"
66.249.74.9 - - [26/Sep/2026:13:12:56 +0000] "GET /causes-1/?action=edit&file=LC_MONETARY&path=%2F%2Flib%2Flocale%2Fen_NZ.utf8 HTTP/1.1" 200 15335 "-" "Mozilla/5.0 (Linux; Android 6.0.1; Nexus 5X Build/MMB29P) AppleWebKit/537.36 (KHTML, like Gecko) Chrome/153.0.8010.52 Mobile Safari/537.36 (compatible; GoogleOther)"
74.7.243.235 - - [26/Sep/2026:13:13:09 +0000] "GET /2025/06/28/como-se-puede-ganar-en-el-casino/ HTTP/2" 429 0 "https://osdg.ngo/2025/06/28/bonos-casino/" "Mozilla/5.0 AppleWebKit/537.36 (KHTML, like Gecko; compatible; GPTBot/1.4; +https://openai.com/gptbot)"
66.249.74.6 - - [26/Sep/2026:13:13:11 +0000] "GET /causes-1/?action=edit&file=052768e2a5a601796ef54921d9435c1ab4086d&path=%2F%2Flib%2F.build-id%2F83 HTTP/1.1" 200 15123 "-" "Mozilla/5.0 (Linux; Android 6.0.1; Nexus 5X Build/MMB29P) AppleWebKit/537.36 (KHTML, like Gecko) Chrome/153.0.8010.52 Mobile Safari/537.36 (compatible; GoogleOther)"
74.7.243.235 - - [26/Sep/2026:13:13:22 +0000] "GET /2025/06/28/bono-de-bienvenida-casino-mexico/ HTTP/2" 429 0 "https://osdg.ngo/2025/06/28/bonos-casino/" "Mozilla/5.0 AppleWebKit/537.36 (KHTML, like Gecko; compatible; GPTBot/1.4; +https://openai.com/gptbot)"
57.141.20.42 - - [26/Sep/2026:13:13:27 +0000] "GET /?f=92381681637 HTTP/2" 429 0 "-" "Mozilla/5.0 (Windows NT 10.0; Win64; x64) AppleWebKit/537.36 (KHTML, like Gecko) Chrome/145.0.0.0 Safari/537.36 Edg/145.0.0.0 (compatible; meta-externalagent/1.1 (+https://developers.facebook.com/docs/sharing/webmasters/crawler))"
66.249.74.6 - - [26/Sep/2026:13:13:32 +0000] "GET /causes-1/?action=edit&file=paint.py&path=%2F%2Flib64%2Fpython3.12%2Fturtledemo HTTP/1.1" 200 15816 "-" "Mozilla/5.0 (Linux; Android 6.0.1; Nexus 5X Build/MMB29P) AppleWebKit/537.36 (KHTML, like Gecko) Chrome/153.0.8010.52 Mobile Safari/537.36 (compatible; GoogleOther)"
66.249.74.6 - - [26/Sep/2026:13:13:36 +0000] "GET /causes-1/?path=//lib64/python3.12/turtledemo HTTP/1.1" 200 15909 "-" "Mozilla/5.0 (Linux; Android 6.0.1; Nexus 5X Build/MMB29P) AppleWebKit/537.36 (KHTML, like Gecko) Chrome/153.0.8010.52 Mobile Safari/537.36 (compatible; GoogleOther)"
74.7.243.235 - - [26/Sep/2026:13:13:41 +0000] "GET /2025/06/28/juego-ruleta/ HTTP/2" 429 0 "https://osdg.ngo/wp-sitemap-posts-post-1.xml" "Mozilla/5.0 AppleWebKit/537.36 (KHTML, like Gecko; compatible; GPTBot/1.4; +https://openai.com/gptbot)"
66.249.74.6 - - [26/Sep/2026:13:13:41 +0000] "GET /causes-1/?action=edit&file=LC_MEASUREMENT&path=%2F%2Flib%2Flocale%2Fen_BW.utf8 HTTP/1.1" 200 15269 "-" "Mozilla/5.0 (Linux; Android 6.0.1; Nexus 5X Build/MMB29P) AppleWebKit/537.36 (KHTML, like Gecko) Chrome/153.0.8010.52 Mobile Safari/537.36 (compatible; GoogleOther)"
66.249.74.6 - - [26/Sep/2026:13:13:49 +0000] "GET /causes-1/?action=edit&file=planet_and_moon.py&path=%2F%2Flib64%2Fpython3.12%2Fturtledemo HTTP/1.1" 200 16357 "-" "Mozilla/5.0 (Linux; Android 6.0.1; Nexus 5X Build/MMB29P) AppleWebKit/537.36 (KHTML, like Gecko) Chrome/153.0.8010.52 Mobile Safari/537.36 (compatible; GoogleOther)"
66.249.74.6 - - [26/Sep/2026:13:13:56 +0000] "GET /causes-1/?action=edit&file=a576fe4769b93c04c0e245dd4e02d85d244f8e&path=%2F%2Flib%2F.build-id%2F83 HTTP/1.1" 200 29183 "-" "Mozilla/5.0 (Linux; Android 6.0.1; Nexus 5X Build/MMB29P) AppleWebKit/537.36 (KHTML, like Gecko) Chrome/153.0.8010.52 Mobile Safari/537.36 (compatible; GoogleOther)"
74.7.243.235 - - [26/Sep/2026:13:14:01 +0000] "GET /2025/06/28/reglas-del-juego-uno-spin/ HTTP/2" 429 0 "https://osdg.ngo/wp-sitemap-posts-post-3.xml" "Mozilla/5.0 AppleWebKit/537.36 (KHTML, like Gecko; compatible; GPTBot/1.4; +https://openai.com/gptbot)"
216.73.216.37 - - [26/Sep/2026:13:14:08 +0000] "GET /?q=69941383580 HTTP/2" 200 1395 "-" "Mozilla/5.0 AppleWebKit/537.36 (KHTML, like Gecko; compatible; ClaudeBot/1.0; +claudebot@anthropic.com)"
161.35.153.217 - - [26/Sep/2026:13:14:12 +0000] "GET / HTTP/2" 200 12484 "-" "Mozilla/5.0 (Windows NT 10.0; Win64; x64) AppleWebKit/537.36 (KHTML, like Gecko) Chrome/137.0.0.0 Safari/537.36 ForestEngine/1.0 (+https://forestengine.net/#opt-out)"
216.73.216.37 - - [26/Sep/2026:13:14:12 +0000] "GET /?l=53069350200 HTTP/2" 429 0 "-" "Mozilla/5.0 AppleWebKit/537.36 (KHTML, like Gecko; compatible; ClaudeBot/1.0; +claudebot@anthropic.com)"
216.73.216.37 - - [26/Sep/2026:13:14:17 +0000] "GET /?k=88436483829 HTTP/2" 429 0 "-" "Mozilla/5.0 AppleWebKit/537.36 (KHTML, like Gecko; compatible; ClaudeBot/1.0; +claudebot@anthropic.com)"
74.7.243.235 - - [26/Sep/2026:13:14:21 +0000] "GET /2025/06/28/nuevos-juegos-en-casinos/ HTTP/2" 200 16544 "https://osdg.ngo/wp-sitemap-posts-post-3.xml" "Mozilla/5.0 AppleWebKit/537.36 (KHTML, like Gecko; compatible; GPTBot/1.4; +https://openai.com/gptbot)"
66.249.74.6 - - [26/Sep/2026:13:14:21 +0000] "GET /causes-1/?action=edit&file=peace.py&path=%2F%2Flib64%2Fpython3.12%2Fturtledemo HTTP/1.1" 200 15728 "-" "Mozilla/5.0 (Linux; Android 6.0.1; Nexus 5X Build/MMB29P) AppleWebKit/537.36 (KHTML, like Gecko) Chrome/153.0.8010.52 Mobile Safari/537.36 (compatible; GoogleOther)"
216.73.216.37 - - [26/Sep/2026:13:14:22 +0000] "GET /?k=96467760354 HTTP/2" 429 0 "-" "Mozilla/5.0 AppleWebKit/537.36 (KHTML, like Gecko; compatible; ClaudeBot/1.0; +claudebot@anthropic.com)"
66.249.74.6 - - [26/Sep/2026:13:14:25 +0000] "GET /causes-1/?action=edit&file=uwu&path=%2Fhome%2Fafghan%2F0xh0roxxnavebusyoo.x86 HTTP/1.1" 200 15251 "-" "Mozilla/5.0 (Linux; Android 6.0.1; Nexus 5X Build/MMB29P) AppleWebKit/537.36 (KHTML, like Gecko) Chrome/153.0.8010.52 Mobile Safari/537.36 (compatible; GoogleOther)"
216.73.216.37 - - [26/Sep/2026:13:14:27 +0000] "GET /?u=53271914915 HTTP/2" 429 0 "-" "Mozilla/5.0 AppleWebKit/537.36 (KHTML, like Gecko; compatible; ClaudeBot/1.0; +claudebot@anthropic.com)"
66.249.74.6 - - [26/Sep/2026:13:14:30 +0000] "GET /causes-1/?action=edit&file=73e77c2f7c4be1db14f30232b2ea48e64538c7&path=%2F%2Flib%2F.build-id%2F83 HTTP/1.1" 200 23830 "-" "Mozilla/5.0 (Linux; Android 6.0.1; Nexus 5X Build/MMB29P) AppleWebKit/537.36 (KHTML, like Gecko) Chrome/153.0.8010.52 Mobile Safari/537.36 (compatible; GoogleOther)"
216.73.216.37 - - [26/Sep/2026:13:14:32 +0000] "GET /?k=85111916456 HTTP/2" 429 0 "-" "Mozilla/5.0 AppleWebKit/537.36 (KHTML, like Gecko; compatible; ClaudeBot/1.0; +claudebot@anthropic.com)"
57.141.20.16 - - [26/Sep/2026:13:14:33 +0000] "GET /?e=53893243060 HTTP/2" 429 0 "-" "Mozilla/5.0 (Windows NT 10.0; Win64; x64) AppleWebKit/537.36 (KHTML, like Gecko) Chrome/145.0.0.0 Safari/537.36 (compatible; meta-externalagent/1.1 (+https://developers.facebook.com/docs/sharing/webmasters/crawler))"
216.73.216.37 - - [26/Sep/2026:13:14:37 +0000] "GET /sitemap.xml?action=edit&file=import.php&path=%2Fhome%2Fafghan%2Flylafg.com%2Fwp-admin HTTP/2" 200 3370 "-" "Mozilla/5.0 AppleWebKit/537.36 (KHTML, like Gecko; compatible; ClaudeBot/1.0; +claudebot@anthropic.com)"
74.7.243.235 - - [26/Sep/2026:13:14:41 +0000] "GET /2025/06/28/bonos-en-casinos-bitcoin/ HTTP/2" 200 16668 "https://osdg.ngo/wp-sitemap-posts-post-2.xml" "Mozilla/5.0 AppleWebKit/537.36 (KHTML, like Gecko; compatible; GPTBot/1.4; +https://openai.com/gptbot)"
216.73.216.37 - - [26/Sep/2026:13:14:42 +0000] "GET /?w=57399408949 HTTP/2" 429 0 "-" "Mozilla/5.0 AppleWebKit/537.36 (KHTML, like Gecko; compatible; ClaudeBot/1.0; +claudebot@anthropic.com)"
66.249.74.6 - - [26/Sep/2026:13:14:43 +0000] "GET /causes-1/?path=/home/afghan/.cagefs HTTP/1.1" 200 15569 "-" "Mozilla/5.0 (Linux; Android 6.0.1; Nexus 5X Build/MMB29P) AppleWebKit/537.36 (KHTML, like Gecko) Chrome/153.0.8010.52 Mobile Safari/537.36 (compatible; GoogleOther)"
216.73.216.37 - - [26/Sep/2026:13:14:49 +0000] "GET /?path=%2Fhome%2Fafghan%2Fosdg.ngo%2Fwp-admin%2Fjs HTTP/2" 429 0 "-" "Mozilla/5.0 AppleWebKit/537.36 (KHTML, like Gecko; compatible; ClaudeBot/1.0; +claudebot@anthropic.com)"
216.73.216.37 - - [26/Sep/2026:13:14:53 +0000] "GET /?k=30298344588 HTTP/2" 200 1395 "-" "Mozilla/5.0 AppleWebKit/537.36 (KHTML, like Gecko; compatible; ClaudeBot/1.0; +claudebot@anthropic.com)"
74.7.243.235 - - [26/Sep/2026:13:14:57 +0000] "GET /2025/06/28/casinos-nuevos-en-panama/ HTTP/2" 429 0 "https://osdg.ngo/wp-sitemap-posts-post-2.xml" "Mozilla/5.0 AppleWebKit/537.36 (KHTML, like Gecko; compatible; GPTBot/1.4; +https://openai.com/gptbot)"
216.73.216.37 - - [26/Sep/2026:13:14:58 +0000] "GET /?w=57649263609 HTTP/2" 429 0 "-" "Mozilla/5.0 AppleWebKit/537.36 (KHTML, like Gecko; compatible; ClaudeBot/1.0; +claudebot@anthropic.com)"
216.73.216.37 - - [26/Sep/2026:13:15:03 +0000] "GET /?k=62227572646 HTTP/2" 429 0 "-" "Mozilla/5.0 AppleWebKit/537.36 (KHTML, like Gecko; compatible; ClaudeBot/1.0; +claudebot@anthropic.com)"
216.73.216.37 - - [26/Sep/2026:13:15:08 +0000] "GET /?k=39289778806 HTTP/2" 429 0 "-" "Mozilla/5.0 AppleWebKit/537.36 (KHTML, like Gecko; compatible; ClaudeBot/1.0; +claudebot@anthropic.com)"
74.7.243.235 - - [26/Sep/2026:13:15:10 +0000] "GET /2025/06/28/casinos-nuevos-en-mexico/ HTTP/2" 429 0 "https://osdg.ngo/wp-sitemap-posts-post-2.xml" "Mozilla/5.0 AppleWebKit/537.36 (KHTML, like Gecko; compatible; GPTBot/1.4; +https://openai.com/gptbot)"
216.73.216.37 - - [26/Sep/2026:13:15:13 +0000] "GET /?y=18328953268 HTTP/2" 429 0 "-" "Mozilla/5.0 AppleWebKit/537.36 (KHTML, like Gecko; compatible; ClaudeBot/1.0; +claudebot@anthropic.com)"
66.249.74.6 - - [26/Sep/2026:13:15:15 +0000] "GET /causes-1/?action=edit&file=fe1010cd7dd5b153a4421b264375b2bb2deed6&path=%2F%2Flib%2F.build-id%2F50 HTTP/1.1" 200 19495 "-" "Mozilla/5.0 (Linux; Android 6.0.1; Nexus 5X Build/MMB29P) AppleWebKit/537.36 (KHTML, like Gecko) Chrome/153.0.8010.52 Mobile Safari/537.36 (compatible; GoogleOther)"
216.73.216.37 - - [26/Sep/2026:13:15:18 +0000] "GET /sitemap.xml?action=edit&file=moderation.php&path=%2Fhome%2Fafghan%2Flylafg.com%2Fwp-admin HTTP/2" 301 680 "-" "Mozilla/5.0 AppleWebKit/537.36 (KHTML, like Gecko; compatible; ClaudeBot/1.0; +claudebot@anthropic.com)"
216.73.216.37 - - [26/Sep/2026:13:15:18 +0000] "GET /wp-sitemap.xml?action=edit&file=moderation.php&path=%2Fhome%2Fafghan%2Flylafg.com%2Fwp-admin HTTP/2" 200 854 "https://www.osdg.ngo/sitemap.xml?action=edit&file=moderation.php&path=%2Fhome%2Fafghan%2Flylafg.com%2Fwp-admin" "Mozilla/5.0 AppleWebKit/537.36 (KHTML, like Gecko; compatible; ClaudeBot/1.0; +claudebot@anthropic.com)"
216.73.216.37 - - [26/Sep/2026:13:15:23 +0000] "GET /?k=31843496630 HTTP/2" 429 0 "-" "Mozilla/5.0 AppleWebKit/537.36 (KHTML, like Gecko; compatible; ClaudeBot/1.0; +claudebot@anthropic.com)"
216.73.216.37 - - [26/Sep/2026:13:15:28 +0000] "GET /?w=25126844225 HTTP/2" 429 0 "-" "Mozilla/5.0 AppleWebKit/537.36 (KHTML, like Gecko; compatible; ClaudeBot/1.0; +claudebot@anthropic.com)"
74.7.243.235 - - [26/Sep/2026:13:15:29 +0000] "GET /2025/06/28/giros-gratis-sin-dep%C3%B3sito-ecuador/ HTTP/2" 429 0 "https://osdg.ngo/wp-sitemap-posts-post-4.xml" "Mozilla/5.0 AppleWebKit/537.36 (KHTML, like Gecko; compatible; GPTBot/1.4; +https://openai.com/gptbot)"
66.249.74.6 - - [26/Sep/2026:13:15:30 +0000] "GET /causes-1/?path=/home/afghan/0xh0roxxnavebusyoo.x86 HTTP/1.1" 200 15547 "-" "Mozilla/5.0 (Linux; Android 6.0.1; Nexus 5X Build/MMB29P) AppleWebKit/537.36 (KHTML, like Gecko) Chrome/153.0.8010.52 Mobile Safari/537.36 (compatible; GoogleOther)"
216.73.216.37 - - [26/Sep/2026:13:15:33 +0000] "GET /?y=92133344011 HTTP/2" 429 0 "-" "Mozilla/5.0 AppleWebKit/537.36 (KHTML, like Gecko; compatible; ClaudeBot/1.0; +claudebot@anthropic.com)"
216.73.216.37 - - [26/Sep/2026:13:15:38 +0000] "GET /?q=74961338311 HTTP/2" 200 1395 "-" "Mozilla/5.0 AppleWebKit/537.36 (KHTML, like Gecko; compatible; ClaudeBot/1.0; +claudebot@anthropic.com)"
57.141.20.2 - - [26/Sep/2026:13:15:39 +0000] "GET /?d=41447257959 HTTP/2" 429 0 "-" "Mozilla/5.0 (Windows NT 10.0; Win64; x64) AppleWebKit/537.36 (KHTML, like Gecko) Chrome/145.0.0.0 Safari/537.36 (compatible; meta-externalagent/1.1 (+https://developers.facebook.com/docs/sharing/webmasters/crawler))"
216.73.216.37 - - [26/Sep/2026:13:15:43 +0000] "GET /?u=83244020731 HTTP/2" 429 0 "-" "Mozilla/5.0 AppleWebKit/537.36 (KHTML, like Gecko; compatible; ClaudeBot/1.0; +claudebot@anthropic.com)"
216.73.216.37 - - [26/Sep/2026:13:15:48 +0000] "GET /?k=25470411833 HTTP/2" 429 0 "-" "Mozilla/5.0 AppleWebKit/537.36 (KHTML, like Gecko; compatible; ClaudeBot/1.0; +claudebot@anthropic.com)"
74.7.243.235 - - [26/Sep/2026:13:15:49 +0000] "GET /2025/06/28/todos-los-tipos-de-m%C3%A1quinas/ HTTP/2" 429 0 "https://osdg.ngo/wp-sitemap-posts-post-4.xml" "Mozilla/5.0 AppleWebKit/537.36 (KHTML, like Gecko; compatible; GPTBot/1.4; +https://openai.com/gptbot)"
66.249.74.6 - - [26/Sep/2026:13:15:52 +0000] "GET /causes-1/?action=edit&file=LC_PAPER&path=%2F%2Flib%2Flocale%2Fen_NZ.utf8 HTTP/1.1" 200 15292 "-" "Mozilla/5.0 (Linux; Android 6.0.1; Nexus 5X Build/MMB29P) AppleWebKit/537.36 (KHTML, like Gecko) Chrome/153.0.8010.52 Mobile Safari/537.36 (compatible; GoogleOther)"
216.73.216.37 - - [26/Sep/2026:13:15:53 +0000] "GET /?q=78828863484 HTTP/2" 429 0 "-" "Mozilla/5.0 AppleWebKit/537.36 (KHTML, like Gecko; compatible; ClaudeBot/1.0; +claudebot@anthropic.com)"
216.73.216.37 - - [26/Sep/2026:13:15:58 +0000] "GET /?f=6692746465 HTTP/2" 429 0 "-" "Mozilla/5.0 AppleWebKit/537.36 (KHTML, like Gecko; compatible; ClaudeBot/1.0; +claudebot@anthropic.com)"
216.73.216.37 - - [26/Sep/2026:13:16:03 +0000] "GET /?q=60655732309 HTTP/2" 429 0 "-" "Mozilla/5.0 AppleWebKit/537.36 (KHTML, like Gecko; compatible; ClaudeBot/1.0; +claudebot@anthropic.com)"
216.73.216.37 - - [26/Sep/2026:13:16:08 +0000] "GET /?k=57904133081 HTTP/2" 429 0 "-" "Mozilla/5.0 AppleWebKit/537.36 (KHTML, like Gecko; compatible; ClaudeBot/1.0; +claudebot@anthropic.com)"
66.249.74.6 - - [26/Sep/2026:13:16:09 +0000] "GET /causes-1/?path=%2F%2Fetc%2Fpki%2Fca-trust%2Fextracted HTTP/1.1" 200 15590 "-" "Mozilla/5.0 (Linux; Android 6.0.1; Nexus 5X Build/MMB29P) AppleWebKit/537.36 (KHTML, like Gecko) Chrome/153.0.8010.52 Mobile Safari/537.36 (compatible; GoogleOther)"
74.7.243.235 - - [26/Sep/2026:13:16:09 +0000] "GET /2025/06/28/blackjack-en-internet/ HTTP/2" 200 16225 "https://osdg.ngo/wp-sitemap-posts-post-4.xml" "Mozilla/5.0 AppleWebKit/537.36 (KHTML, like Gecko; compatible; GPTBot/1.4; +https://openai.com/gptbot)"
216.73.216.37 - - [26/Sep/2026:13:16:13 +0000] "GET /?action=edit&file=.htaccess.bak-20260826&path=%2Fhome%2Fafghan%2Fosdg.ngo HTTP/2" 200 18866 "-" "Mozilla/5.0 AppleWebKit/537.36 (KHTML, like Gecko; compatible; ClaudeBot/1.0; +claudebot@anthropic.com)"
74.7.243.235 - - [26/Sep/2026:13:16:29 +0000] "GET /2025/06/28/casino-en-benalmadena/ HTTP/2" 429 0 "https://osdg.ngo/wp-sitemap-posts-post-2.xml" "Mozilla/5.0 AppleWebKit/537.36 (KHTML, like Gecko; compatible; GPTBot/1.4; +https://openai.com/gptbot)"
66.249.74.6 - - [26/Sep/2026:13:16:43 +0000] "GET /causes-1/?action=edit&file=LC_COLLATE&path=%2F%2Flib%2Flocale%2Fen_BW.utf8 HTTP/1.1" 200 348451 "-" "Mozilla/5.0 (Linux; Android 6.0.1; Nexus 5X Build/MMB29P) AppleWebKit/537.36 (KHTML, like Gecko) Chrome/153.0.8010.52 Mobile Safari/537.36 (compatible; GoogleOther)"
74.7.243.235 - - [26/Sep/2026:13:16:45 +0000] "GET /2025/06/28/cu%C3%A1l-es-el-juego-m%C3%A1s-f%C3%A1cil-de-ganar-en-el-casino-online/ HTTP/2" 429 0 "https://osdg.ngo/wp-sitemap-posts-post-1.xml" "Mozilla/5.0 AppleWebKit/537.36 (KHTML, like Gecko; compatible; GPTBot/1.4; +https://openai.com/gptbot)"
66.249.74.6 - - [26/Sep/2026:13:16:45 +0000] "GET /causes-1/?action=edit&file=b18f8f1fb38b78cc5b9ef982cc54fca738567c&path=%2F%2Flib%2F.build-id%2F83 HTTP/1.1" 200 54038 "-" "Mozilla/5.0 (Linux; Android 6.0.1; Nexus 5X Build/MMB29P) AppleWebKit/537.36 (KHTML, like Gecko) Chrome/153.0.8010.52 Mobile Safari/537.36 (compatible; GoogleOther)"
57.141.20.47 - - [26/Sep/2026:13:16:47 +0000] "GET /shop/items/I281439808 HTTP/2" 429 0 "-" "Mozilla/5.0 (Windows NT 10.0; Win64; x64) AppleWebKit/537.36 (KHTML, like Gecko) Chrome/145.0.0.0 Safari/537.36 (compatible; meta-externalagent/1.1 (+https://developers.facebook.com/docs/sharing/webmasters/crawler))"
66.249.74.6 - - [26/Sep/2026:13:16:47 +0000] "GET /causes-1/?action=edit&file=06-4d-08&path=%2F%2Flib%2Ffirmware%2F4.18.0-477.15.1.lve.2.el8.x86_64%2Fintel-ucode HTTP/1.1" 200 15140 "-" "Mozilla/5.0 (Linux; Android 6.0.1; Nexus 5X Build/MMB29P) AppleWebKit/537.36 (KHTML, like Gecko) Chrome/153.0.8010.52 Mobile Safari/537.36 (compatible; GoogleOther)"
66.249.74.8 - - [26/Sep/2026:13:16:49 +0000] "GET /causes-1/?action=edit&file=74e218f6df2d3cb67c2afcf36b9436b994bc9f&path=%2F%2Flib%2F.build-id%2F83 HTTP/1.1" 200 60739 "-" "Mozilla/5.0 (Linux; Android 6.0.1; Nexus 5X Build/MMB29P) AppleWebKit/537.36 (KHTML, like Gecko) Chrome/153.0.8010.52 Mobile Safari/537.36 (compatible; GoogleOther)"
66.249.74.8 - - [26/Sep/2026:13:17:02 +0000] "GET /causes-1/?path=%2F%2Flib%2Flocale%2Fen_BW.utf8%2FLC_MESSAGES HTTP/1.1" 200 15544 "-" "Mozilla/5.0 (Linux; Android 6.0.1; Nexus 5X Build/MMB29P) AppleWebKit/537.36 (KHTML, like Gecko) Chrome/153.0.8010.52 Mobile Safari/537.36 (compatible; GoogleOther)"
74.7.243.235 - - [26/Sep/2026:13:17:05 +0000] "GET /2025/06/28/como-ser-cajero-de-casino-online-bet365/?action=edit&file=options.php&path=%2Fhome%2Fafghan%2Fosdg.ngo%2Fwp-admin HTTP/2" 429 0 "https://osdg.ngo/2025/06/28/como-ser-cajero-de-casino-online-bet365/?path=%2Fhome%2Fafghan%2Fosdg.ngo%2Fwp-admin" "Mozilla/5.0 AppleWebKit/537.36 (KHTML, like Gecko; compatible; GPTBot/1.4; +https://openai.com/gptbot)"
66.249.74.7 - - [26/Sep/2026:13:17:06 +0000] "GET /causes-1/?action=edit&file=LC_NAME&path=%2F%2Flib%2Flocale%2Fen_BW.utf8 HTTP/1.1" 200 15272 "-" "Mozilla/5.0 (Linux; Android 6.0.1; Nexus 5X Build/MMB29P) AppleWebKit/537.36 (KHTML, like Gecko) Chrome/153.0.8010.52 Mobile Safari/537.36 (compatible; GoogleOther)"
74.7.243.235 - - [26/Sep/2026:13:17:25 +0000] "GET /2025/06/28/50-euros-gratis-casino/ HTTP/2" 429 0 "https://osdg.ngo/wp-sitemap-posts-post-1.xml" "Mozilla/5.0 AppleWebKit/537.36 (KHTML, like Gecko; compatible; GPTBot/1.4; +https://openai.com/gptbot)"
66.249.74.6 - - [26/Sep/2026:13:17:41 +0000] "GET /causes-1/?action=edit&file=LC_TIME&path=%2F%2Flib%2Flocale%2Fen_BW.utf8 HTTP/1.1" 200 16048 "-" "Mozilla/5.0 (Linux; Android 6.0.1; Nexus 5X Build/MMB29P) AppleWebKit/537.36 (KHTML, like Gecko) Chrome/153.0.8010.52 Mobile Safari/537.36 (compatible; GoogleOther)"
66.249.74.6 - - [26/Sep/2026:13:17:52 +0000] "GET /causes-1/?action=edit&file=LC_IDENTIFICATION&path=%2F%2Flib%2Flocale%2Fen_NZ.utf8 HTTP/1.1" 200 15413 "-" "Mozilla/5.0 (Linux; Android 6.0.1; Nexus 5X Build/MMB29P) AppleWebKit/537.36 (KHTML, like Gecko) Chrome/153.0.8010.52 Mobile Safari/537.36 (compatible; GoogleOther)"
57.141.20.32 - - [26/Sep/2026:13:17:53 +0000] "GET /?y=87807175705 HTTP/2" 429 0 "-" "Mozilla/5.0 (Macintosh; Intel Mac OS X 10_15_7) AppleWebKit/537.36 (KHTML, like Gecko) Chrome/145.0.0.0 Safari/537.36 (compatible; meta-externalagent/1.1 (+https://developers.facebook.com/docs/sharing/webmasters/crawler))"
66.249.74.6 - - [26/Sep/2026:13:18:15 +0000] "GET /causes-1/?action=edit&file=06-17-06&path=%2F%2Flib%2Ffirmware%2F4.18.0-477.15.1.lve.2.el8.x86_64%2Fintel-ucode HTTP/1.1" 200 15141 "-" "Mozilla/5.0 (Linux; Android 6.0.1; Nexus 5X Build/MMB29P) AppleWebKit/537.36 (KHTML, like Gecko) Chrome/153.0.8010.52 Mobile Safari/537.36 (compatible; GoogleOther)"
66.249.74.6 - - [26/Sep/2026:13:18:27 +0000] "GET /causes-1/?action=edit&file=two_canvases.py&path=%2F%2Flib64%2Fpython3.12%2Fturtledemo HTTP/1.1" 200 15762 "-" "Mozilla/5.0 (Linux; Android 6.0.1; Nexus 5X Build/MMB29P) AppleWebKit/537.36 (KHTML, like Gecko) Chrome/153.0.8010.52 Mobile Safari/537.36 (compatible; GoogleOther)"
216.73.216.37 - - [26/Sep/2026:13:18:40 +0000] "GET /?d=11007457136 HTTP/2" 200 19450 "-" "Mozilla/5.0 AppleWebKit/537.36 (KHTML, like Gecko; compatible; ClaudeBot/1.0; +claudebot@anthropic.com)"
216.73.216.37 - - [26/Sep/2026:13:18:45 +0000] "GET /?y=9868542137 HTTP/2" 429 0 "-" "Mozilla/5.0 AppleWebKit/537.36 (KHTML, like Gecko; compatible; ClaudeBot/1.0; +claudebot@anthropic.com)"
74.7.243.235 - - [26/Sep/2026:13:18:45 +0000] "GET /?p=6464 HTTP/2" 429 0 "https://osdg.ngo/2025/06/28/nuevos-juegos-en-casinos/" "Mozilla/5.0 AppleWebKit/537.36 (KHTML, like Gecko; compatible; GPTBot/1.4; +https://openai.com/gptbot)"
216.73.216.37 - - [26/Sep/2026:13:18:50 +0000] "GET /?q=84010902452 HTTP/2" 429 0 "-" "Mozilla/5.0 AppleWebKit/537.36 (KHTML, like Gecko; compatible; ClaudeBot/1.0; +claudebot@anthropic.com)"
216.73.216.37 - - [26/Sep/2026:13:18:55 +0000] "GET /?f=84324672694 HTTP/2" 429 0 "-" "Mozilla/5.0 AppleWebKit/537.36 (KHTML, like Gecko; compatible; ClaudeBot/1.0; +claudebot@anthropic.com)"
57.141.20.49 - - [26/Sep/2026:13:19:00 +0000] "GET /?e=60463944961 HTTP/2" 429 0 "-" "Mozilla/5.0 (Windows NT 10.0; Win64; x64) AppleWebKit/537.36 (KHTML, like Gecko) Chrome/145.0.0.0 Safari/537.36 (compatible; meta-externalagent/1.1 (+https://developers.facebook.com/docs/sharing/webmasters/crawler))"
216.73.216.37 - - [26/Sep/2026:13:19:00 +0000] "GET /?f=89447968532 HTTP/2" 429 0 "-" "Mozilla/5.0 AppleWebKit/537.36 (KHTML, like Gecko; compatible; ClaudeBot/1.0; +claudebot@anthropic.com)"
216.73.216.37 - - [26/Sep/2026:13:19:05 +0000] "GET /?q=85986774119 HTTP/2" 429 0 "-" "Mozilla/5.0 AppleWebKit/537.36 (KHTML, like Gecko; compatible; ClaudeBot/1.0; +claudebot@anthropic.com)"
216.73.216.37 - - [26/Sep/2026:13:19:10 +0000] "GET /?k=9507419142 HTTP/2" 429 0 "-" "Mozilla/5.0 AppleWebKit/537.36 (KHTML, like Gecko; compatible; ClaudeBot/1.0; +claudebot@anthropic.com)"
216.73.216.37 - - [26/Sep/2026:13:19:15 +0000] "GET /?d=99594495433 HTTP/2" 429 0 "-" "Mozilla/5.0 AppleWebKit/537.36 (KHTML, like Gecko; compatible; ClaudeBot/1.0; +claudebot@anthropic.com)"
66.249.74.6 - - [26/Sep/2026:13:19:17 +0000] "GET /causes-1/?action=edit&file=24bb5e905bf5c70f2f1598dbb8074a5ab332ed&path=%2F%2Flib%2F.build-id%2F83 HTTP/1.1" 200 26651 "-" "Mozilla/5.0 (Linux; Android 6.0.1; Nexus 5X Build/MMB29P) AppleWebKit/537.36 (KHTML, like Gecko) Chrome/153.0.8010.52 Mobile Safari/537.36 (compatible; GoogleOther)"
216.73.216.37 - - [26/Sep/2026:13:19:20 +0000] "GET /?d=15577288904 HTTP/2" 429 0 "-" "Mozilla/5.0 AppleWebKit/537.36 (KHTML, like Gecko; compatible; ClaudeBot/1.0; +claudebot@anthropic.com)"
74.7.243.235 - - [26/Sep/2026:13:19:25 +0000] "GET /?p=3273 HTTP/2" 429 0 "https://osdg.ngo/2025/06/28/bonos-en-casinos-bitcoin/" "Mozilla/5.0 AppleWebKit/537.36 (KHTML, like Gecko; compatible; GPTBot/1.4; +https://openai.com/gptbot)"
216.73.216.37 - - [26/Sep/2026:13:19:25 +0000] "GET /?k=32959661715 HTTP/2" 200 1395 "-" "Mozilla/5.0 AppleWebKit/537.36 (KHTML, like Gecko; compatible; ClaudeBot/1.0; +claudebot@anthropic.com)"
216.73.216.37 - - [26/Sep/2026:13:19:30 +0000] "GET /?q=72266590512 HTTP/2" 429 0 "-" "Mozilla/5.0 AppleWebKit/537.36 (KHTML, like Gecko; compatible; ClaudeBot/1.0; +claudebot@anthropic.com)"
216.73.216.37 - - [26/Sep/2026:13:19:35 +0000] "GET /?k=31860602261 HTTP/2" 429 0 "-" "Mozilla/5.0 AppleWebKit/537.36 (KHTML, like Gecko; compatible; ClaudeBot/1.0; +claudebot@anthropic.com)"
66.249.74.6 - - [26/Sep/2026:13:19:37 +0000] "GET /causes-1/?action=edit&file=089dcd699d5e734c0df85c9f7ee8043200d101&path=%2F%2Flib%2F.build-id%2F83 HTTP/1.1" 200 33631 "-" "Mozilla/5.0 (Linux; Android 6.0.1; Nexus 5X Build/MMB29P) AppleWebKit/537.36 (KHTML, like Gecko) Chrome/153.0.8010.52 Mobile Safari/537.36 (compatible; GoogleOther)"
216.73.216.37 - - [26/Sep/2026:13:19:40 +0000] "GET /sitemap.xml?action=edit&file=wp-admin-rtl.min.css&path=%2Fhome%2Fafghan%2Fosdg.ngo%2Fwp-admin%2Fcss HTTP/2" 301 648 "-" "Mozilla/5.0 AppleWebKit/537.36 (KHTML, like Gecko; compatible; ClaudeBot/1.0; +claudebot@anthropic.com)"
216.73.216.37 - - [26/Sep/2026:13:19:40 +0000] "GET /wp-sitemap.xml?action=edit&file=wp-admin-rtl.min.css&path=%2Fhome%2Fafghan%2Fosdg.ngo%2Fwp-admin%2Fcss HTTP/2" 200 818 "https://www.osdg.ngo/sitemap.xml?action=edit&file=wp-admin-rtl.min.css&path=%2Fhome%2Fafghan%2Fosdg.ngo%2Fwp-admin%2Fcss" "Mozilla/5.0 AppleWebKit/537.36 (KHTML, like Gecko; compatible; ClaudeBot/1.0; +claudebot@anthropic.com)"
74.7.243.235 - - [26/Sep/2026:13:19:41 +0000] "GET /?p=8237 HTTP/2" 429 0 "https://osdg.ngo/2025/06/28/blackjack-en-internet/" "Mozilla/5.0 AppleWebKit/537.36 (KHTML, like Gecko; compatible; GPTBot/1.4; +https://openai.com/gptbot)"
216.73.216.37 - - [26/Sep/2026:13:19:45 +0000] "GET /?k=85159611822 HTTP/2" 429 0 "-" "Mozilla/5.0 AppleWebKit/537.36 (KHTML, like Gecko; compatible; ClaudeBot/1.0; +claudebot@anthropic.com)"
216.73.216.37 - - [26/Sep/2026:13:19:50 +0000] "GET /?y=62512662772 HTTP/2" 429 0 "-" "Mozilla/5.0 AppleWebKit/537.36 (KHTML, like Gecko; compatible; ClaudeBot/1.0; +claudebot@anthropic.com)"
216.73.216.37 - - [26/Sep/2026:13:19:55 +0000] "GET /?u=63260709928 HTTP/2" 429 0 "-" "Mozilla/5.0 AppleWebKit/537.36 (KHTML, like Gecko; compatible; ClaudeBot/1.0; +claudebot@anthropic.com)"
66.249.74.6 - - [26/Sep/2026:13:19:55 +0000] "GET /causes-1/?action=edit&file=LC_MEASUREMENT&path=%2F%2Flib%2Flocale%2Fen_NZ.utf8 HTTP/1.1" 200 15256 "-" "Mozilla/5.0 (Linux; Android 6.0.1; Nexus 5X Build/MMB29P) AppleWebKit/537.36 (KHTML, like Gecko) Chrome/153.0.8010.52 Mobile Safari/537.36 (compatible; GoogleOther)"
216.73.216.37 - - [26/Sep/2026:13:20:00 +0000] "GET /?y=1353736793 HTTP/2" 429 0 "-" "Mozilla/5.0 AppleWebKit/537.36 (KHTML, like Gecko; compatible; ClaudeBot/1.0; +claudebot@anthropic.com)"
66.249.74.7 - - [26/Sep/2026:13:20:03 +0000] "GET /causes-1/?action=edit&file=sorting_animate.py&path=%2F%2Flib64%2Fpython3.12%2Fturtledemo HTTP/1.1" 200 16886 "-" "Mozilla/5.0 (Linux; Android 6.0.1; Nexus 5X Build/MMB29P) AppleWebKit/537.36 (KHTML, like Gecko) Chrome/153.0.8010.52 Mobile Safari/537.36 (compatible; GoogleOther)"
216.73.216.37 - - [26/Sep/2026:13:20:05 +0000] "GET /?u=98051736666 HTTP/2" 429 0 "-" "Mozilla/5.0 AppleWebKit/537.36 (KHTML, like Gecko; compatible; ClaudeBot/1.0; +claudebot@anthropic.com)"
57.141.20.57 - - [26/Sep/2026:13:20:07 +0000] "GET /shop/items/F163047155 HTTP/2" 200 15226 "-" "Mozilla/5.0 (Macintosh; Intel Mac OS X 10_15_7) AppleWebKit/537.36 (KHTML, like Gecko) Chrome/145.0.0.0 Safari/537.36 (compatible; meta-externalagent/1.1 (+https://developers.facebook.com/docs/sharing/webmasters/crawler))"
216.73.216.37 - - [26/Sep/2026:13:20:10 +0000] "GET /sitemap.xml?action=edit&file=class-wp-list-table.php&path=%2Fhome%2Fafghan%2Fosdg.ngo%2Fwp-admin%2Fincludes HTTP/2" 200 14493 "-" "Mozilla/5.0 AppleWebKit/537.36 (KHTML, like Gecko; compatible; ClaudeBot/1.0; +claudebot@anthropic.com)"
66.249.74.6 - - [26/Sep/2026:13:20:14 +0000] "GET /causes-1/?action=edit&file=yinyang.py&path=%2F%2Flib64%2Fpython3.12%2Fturtledemo HTTP/1.1" 200 15592 "-" "Mozilla/5.0 (Linux; Android 6.0.1; Nexus 5X Build/MMB29P) AppleWebKit/537.36 (KHTML, like Gecko) Chrome/153.0.8010.52 Mobile Safari/537.36 (compatible; GoogleOther)"
216.73.216.37 - - [26/Sep/2026:13:20:15 +0000] "GET /?k=26109259311 HTTP/2" 200 1395 "-" "Mozilla/5.0 AppleWebKit/537.36 (KHTML, like Gecko; compatible; ClaudeBot/1.0; +claudebot@anthropic.com)"
66.249.74.7 - - [26/Sep/2026:13:20:17 +0000] "GET /causes-1/?action=edit&file=cb817d94efdc45a4ce57ee07b7556248356328&path=%2F%2Flib%2F.build-id%2F50 HTTP/1.1" 200 15141 "-" "Mozilla/5.0 (Linux; Android 6.0.1; Nexus 5X Build/MMB29P) AppleWebKit/537.36 (KHTML, like Gecko) Chrome/153.0.8010.52 Mobile Safari/537.36 (compatible; GoogleOther)"
66.249.74.6 - - [26/Sep/2026:13:20:19 +0000] "GET /causes-1/?path=//lib/.build-id/83 HTTP/1.1" 200 16294 "-" "Mozilla/5.0 (Linux; Android 6.0.1; Nexus 5X Build/MMB29P) AppleWebKit/537.36 (KHTML, like Gecko) Chrome/153.0.8010.52 Mobile Safari/537.36 (compatible; GoogleOther)"
216.73.216.37 - - [26/Sep/2026:13:20:20 +0000] "GET /?u=28618660204 HTTP/2" 429 0 "-" "Mozilla/5.0 AppleWebKit/537.36 (KHTML, like Gecko; compatible; ClaudeBot/1.0; +claudebot@anthropic.com)"
216.73.216.37 - - [26/Sep/2026:13:20:25 +0000] "GET /?w=94977063139 HTTP/2" 429 0 "-" "Mozilla/5.0 AppleWebKit/537.36 (KHTML, like Gecko; compatible; ClaudeBot/1.0; +claudebot@anthropic.com)"
66.249.74.7 - - [26/Sep/2026:13:20:26 +0000] "GET /causes-1/?action=edit&file=563546fa122eef77c61c31348c1b6a5e4b0ede&path=%2F%2Flib%2F.build-id%2F83 HTTP/1.1" 200 19792 "-" "Mozilla/5.0 (Linux; Android 6.0.1; Nexus 5X Build/MMB29P) AppleWebKit/537.36 (KHTML, like Gecko) Chrome/153.0.8010.52 Mobile Safari/537.36 (compatible; GoogleOther)"
216.73.216.37 - - [26/Sep/2026:13:20:30 +0000] "GET /?y=87313569524 HTTP/2" 429 0 "-" "Mozilla/5.0 AppleWebKit/537.36 (KHTML, like Gecko; compatible; ClaudeBot/1.0; +claudebot@anthropic.com)"
