JezK
Edit File: osdg.ngo.afghandevelopers.net-ssl_log
216.73.216.37 - - [26/Sep/2026:12:04:09 +0000] "GET /?k=10519270738 HTTP/2" 429 0 "-" "Mozilla/5.0 AppleWebKit/537.36 (KHTML, like Gecko; compatible; ClaudeBot/1.0; +claudebot@anthropic.com)"
74.7.243.235 - - [26/Sep/2026:12:04:13 +0000] "GET /2025/06/28/ruleta-crypto/ HTTP/2" 429 0 "https://osdg.ngo/wp-sitemap-posts-post-1.xml" "Mozilla/5.0 AppleWebKit/537.36 (KHTML, like Gecko; compatible; GPTBot/1.4; +https://openai.com/gptbot)"
216.73.216.37 - - [26/Sep/2026:12:04:13 +0000] "GET /?k=81440251344 HTTP/2" 200 1394 "-" "Mozilla/5.0 AppleWebKit/537.36 (KHTML, like Gecko; compatible; ClaudeBot/1.0; +claudebot@anthropic.com)"
216.73.216.37 - - [26/Sep/2026:12:04:18 +0000] "GET /?y=17628527905 HTTP/2" 429 0 "-" "Mozilla/5.0 AppleWebKit/537.36 (KHTML, like Gecko; compatible; ClaudeBot/1.0; +claudebot@anthropic.com)"
216.73.216.37 - - [26/Sep/2026:12:04:23 +0000] "GET /?k=20466153883 HTTP/2" 429 0 "-" "Mozilla/5.0 AppleWebKit/537.36 (KHTML, like Gecko; compatible; ClaudeBot/1.0; +claudebot@anthropic.com)"
66.249.74.6 - - [26/Sep/2026:12:04:28 +0000] "GET /causes-1/?action=edit&file=KAVERI_ce.bin&path=%2F%2Flib%2Ffirmware%2Fradeon HTTP/1.1" 200 16536 "-" "Mozilla/5.0 (Linux; Android 6.0.1; Nexus 5X Build/MMB29P) AppleWebKit/537.36 (KHTML, like Gecko) Chrome/153.0.8010.52 Mobile Safari/537.36 (compatible; GoogleOther)"
216.73.216.37 - - [26/Sep/2026:12:04:28 +0000] "GET /?k=1833522836 HTTP/2" 429 0 "-" "Mozilla/5.0 AppleWebKit/537.36 (KHTML, like Gecko; compatible; ClaudeBot/1.0; +claudebot@anthropic.com)"
57.141.20.42 - - [26/Sep/2026:12:04:31 +0000] "GET /shop/items/H158733424 HTTP/2" 429 0 "-" "Mozilla/5.0 (Windows NT 10.0; Win64; x64) AppleWebKit/537.36 (KHTML, like Gecko) Chrome/145.0.0.0 Safari/537.36 (compatible; meta-externalagent/1.1 (+https://developers.facebook.com/docs/sharing/webmasters/crawler))"
74.7.243.235 - - [26/Sep/2026:12:04:33 +0000] "GET /2025/06/28/slots-hacksaw/ HTTP/2" 429 0 "https://osdg.ngo/wp-sitemap-posts-post-3.xml" "Mozilla/5.0 AppleWebKit/537.36 (KHTML, like Gecko; compatible; GPTBot/1.4; +https://openai.com/gptbot)"
216.73.216.37 - - [26/Sep/2026:12:04:33 +0000] "GET /?k=13797267011 HTTP/2" 429 0 "-" "Mozilla/5.0 AppleWebKit/537.36 (KHTML, like Gecko; compatible; ClaudeBot/1.0; +claudebot@anthropic.com)"
216.73.216.37 - - [26/Sep/2026:12:04:38 +0000] "GET /?q=10179783960 HTTP/2" 429 0 "-" "Mozilla/5.0 AppleWebKit/537.36 (KHTML, like Gecko; compatible; ClaudeBot/1.0; +claudebot@anthropic.com)"
216.73.216.37 - - [26/Sep/2026:12:04:43 +0000] "GET /?w=14434714055 HTTP/2" 429 0 "-" "Mozilla/5.0 AppleWebKit/537.36 (KHTML, like Gecko; compatible; ClaudeBot/1.0; +claudebot@anthropic.com)"
66.249.74.6 - - [26/Sep/2026:12:04:45 +0000] "GET /causes-1/?action=edit&file=redhat-annobin-select-gcc-built-plugin&path=%2F%2Flib%2Frpm%2Fredhat HTTP/1.1" 200 15334 "-" "Mozilla/5.0 (Linux; Android 6.0.1; Nexus 5X Build/MMB29P) AppleWebKit/537.36 (KHTML, like Gecko) Chrome/153.0.8010.52 Mobile Safari/537.36 (compatible; GoogleOther)"
57.141.0.3 - - [26/Sep/2026:12:04:46 +0000] "GET / HTTP/2" 200 22368 "-" "facebookexternalhit/1.1 (+http://www.facebook.com/externalhit_uatext.php)"
66.249.74.6 - - [26/Sep/2026:12:04:47 +0000] "GET /causes-1/?path=//lib/jvm/jre-1.8.0-openjdk HTTP/1.1" 200 15665 "-" "Mozilla/5.0 (Linux; Android 6.0.1; Nexus 5X Build/MMB29P) AppleWebKit/537.36 (KHTML, like Gecko) Chrome/153.0.8010.52 Mobile Safari/537.36 (compatible; GoogleOther)"
216.73.216.37 - - [26/Sep/2026:12:04:48 +0000] "GET /?u=48080273388 HTTP/2" 429 0 "-" "Mozilla/5.0 AppleWebKit/537.36 (KHTML, like Gecko; compatible; ClaudeBot/1.0; +claudebot@anthropic.com)"
74.7.243.235 - - [26/Sep/2026:12:04:53 +0000] "GET /2025/06/28/casino-crypto/ HTTP/2" 429 0 "https://osdg.ngo/wp-sitemap-posts-post-2.xml" "Mozilla/5.0 AppleWebKit/537.36 (KHTML, like Gecko; compatible; GPTBot/1.4; +https://openai.com/gptbot)"
66.249.74.6 - - [26/Sep/2026:12:04:53 +0000] "GET /causes-1/?path=%2F%2Flib%2Fdracut%2Fmodules.d%2F95ssh-client HTTP/1.1" 200 15544 "-" "Mozilla/5.0 (Linux; Android 6.0.1; Nexus 5X Build/MMB29P) AppleWebKit/537.36 (KHTML, like Gecko) Chrome/153.0.8010.52 Mobile Safari/537.36 (compatible; GoogleOther)"
216.73.216.37 - - [26/Sep/2026:12:04:53 +0000] "GET /?u=17929124818 HTTP/2" 429 0 "-" "Mozilla/5.0 AppleWebKit/537.36 (KHTML, like Gecko; compatible; ClaudeBot/1.0; +claudebot@anthropic.com)"
66.249.74.6 - - [26/Sep/2026:12:04:54 +0000] "GET /causes-1/?path=%2F%2Flib%2Fjvm%2Fjre-openjdk HTTP/1.1" 200 15628 "-" "Mozilla/5.0 (Linux; Android 6.0.1; Nexus 5X Build/MMB29P) AppleWebKit/537.36 (KHTML, like Gecko) Chrome/153.0.8010.52 Mobile Safari/537.36 (compatible; GoogleOther)"
216.73.216.37 - - [26/Sep/2026:12:04:58 +0000] "GET /?y=73236588726 HTTP/2" 200 1394 "-" "Mozilla/5.0 AppleWebKit/537.36 (KHTML, like Gecko; compatible; ClaudeBot/1.0; +claudebot@anthropic.com)"
66.249.74.9 - - [26/Sep/2026:12:05:00 +0000] "GET /causes-1/?path=%2F%2Flib64%2Fpython3.6%2Fencodings HTTP/1.1" 200 16960 "-" "Mozilla/5.0 (Linux; Android 6.0.1; Nexus 5X Build/MMB29P) AppleWebKit/537.36 (KHTML, like Gecko) Chrome/153.0.8010.52 Mobile Safari/537.36 (compatible; GoogleOther)"
66.249.74.7 - - [26/Sep/2026:12:05:01 +0000] "GET /causes-1/?path=%2F%2Flib%2Flocale%2Fen_ZA.utf8%2FLC_MESSAGES HTTP/1.1" 200 15529 "-" "Mozilla/5.0 (Linux; Android 6.0.1; Nexus 5X Build/MMB29P) AppleWebKit/537.36 (KHTML, like Gecko) Chrome/153.0.8010.52 Mobile Safari/537.36 (compatible; GoogleOther)"
216.73.216.37 - - [26/Sep/2026:12:05:03 +0000] "GET /?action=edit&file=theme-install.php&path=%2Fhome%2Fafghan%2Fosdg.ngo%2Fwp-admin%2Fincludes HTTP/2" 429 0 "-" "Mozilla/5.0 AppleWebKit/537.36 (KHTML, like Gecko; compatible; ClaudeBot/1.0; +claudebot@anthropic.com)"
66.249.74.7 - - [26/Sep/2026:12:05:05 +0000] "GET /causes-1/?path=%2F%2Fetc%2Fcl.nodejs HTTP/1.1" 200 15502 "-" "Mozilla/5.0 (Linux; Android 6.0.1; Nexus 5X Build/MMB29P) AppleWebKit/537.36 (KHTML, like Gecko) Chrome/153.0.8010.52 Mobile Safari/537.36 (compatible; GoogleOther)"
66.249.74.7 - - [26/Sep/2026:12:05:06 +0000] "GET /causes-1/?action=edit&file=GREEK-CCITT.so&path=%2F%2Flib64%2Fgconv HTTP/1.1" 200 20354 "-" "Mozilla/5.0 (Linux; Android 6.0.1; Nexus 5X Build/MMB29P) AppleWebKit/537.36 (KHTML, like Gecko) Chrome/153.0.8010.52 Mobile Safari/537.36 (compatible; GoogleOther)"
216.73.216.37 - - [26/Sep/2026:12:05:08 +0000] "GET /?k=59760745849 HTTP/2" 429 0 "-" "Mozilla/5.0 AppleWebKit/537.36 (KHTML, like Gecko; compatible; ClaudeBot/1.0; +claudebot@anthropic.com)"
66.249.74.7 - - [26/Sep/2026:12:05:09 +0000] "GET /causes-1/?path=%2F%2Flib64%2Fpython3.6%2Fsqlite3 HTTP/1.1" 200 15567 "-" "Mozilla/5.0 (Linux; Android 6.0.1; Nexus 5X Build/MMB29P) AppleWebKit/537.36 (KHTML, like Gecko) Chrome/153.0.8010.52 Mobile Safari/537.36 (compatible; GoogleOther)"
74.7.243.235 - - [26/Sep/2026:12:05:13 +0000] "GET /2025/06/28/ruleta-online/ HTTP/2" 429 0 "https://osdg.ngo/wp-sitemap-posts-post-1.xml" "Mozilla/5.0 AppleWebKit/537.36 (KHTML, like Gecko; compatible; GPTBot/1.4; +https://openai.com/gptbot)"
216.73.216.37 - - [26/Sep/2026:12:05:13 +0000] "GET /?y=1394602477 HTTP/2" 429 0 "-" "Mozilla/5.0 AppleWebKit/537.36 (KHTML, like Gecko; compatible; ClaudeBot/1.0; +claudebot@anthropic.com)"
216.73.216.37 - - [26/Sep/2026:12:05:18 +0000] "GET /?y=79235358130 HTTP/2" 429 0 "-" "Mozilla/5.0 AppleWebKit/537.36 (KHTML, like Gecko; compatible; ClaudeBot/1.0; +claudebot@anthropic.com)"
66.249.74.6 - - [26/Sep/2026:12:05:19 +0000] "GET /causes-1/?action=edit&file=rpmrc&path=%2F%2Flib%2Frpm%2Fredhat HTTP/1.1" 200 16075 "-" "Mozilla/5.0 (Linux; Android 6.0.1; Nexus 5X Build/MMB29P) AppleWebKit/537.36 (KHTML, like Gecko) Chrome/153.0.8010.52 Mobile Safari/537.36 (compatible; GoogleOther)"
57.141.20.2 - - [26/Sep/2026:12:05:21 +0000] "GET /?e=29713908868 HTTP/2" 429 0 "-" "Mozilla/5.0 (Macintosh; Intel Mac OS X 10_15_7) AppleWebKit/537.36 (KHTML, like Gecko) Chrome/145.0.0.0 Safari/537.36 (compatible; meta-externalagent/1.1 (+https://developers.facebook.com/docs/sharing/webmasters/crawler))"
216.73.216.37 - - [26/Sep/2026:12:05:23 +0000] "GET /?y=95514644175 HTTP/2" 429 0 "-" "Mozilla/5.0 AppleWebKit/537.36 (KHTML, like Gecko; compatible; ClaudeBot/1.0; +claudebot@anthropic.com)"
216.73.216.37 - - [26/Sep/2026:12:05:29 +0000] "GET /?k=54642784340 HTTP/2" 429 0 "-" "Mozilla/5.0 AppleWebKit/537.36 (KHTML, like Gecko; compatible; ClaudeBot/1.0; +claudebot@anthropic.com)"
74.7.243.235 - - [26/Sep/2026:12:05:33 +0000] "GET /2025/06/28/casinos-jugar/ HTTP/2" 429 0 "https://osdg.ngo/wp-sitemap-posts-post-2.xml" "Mozilla/5.0 AppleWebKit/537.36 (KHTML, like Gecko; compatible; GPTBot/1.4; +https://openai.com/gptbot)"
216.73.216.37 - - [26/Sep/2026:12:05:34 +0000] "GET /?y=96668317519 HTTP/2" 429 0 "-" "Mozilla/5.0 AppleWebKit/537.36 (KHTML, like Gecko; compatible; ClaudeBot/1.0; +claudebot@anthropic.com)"
216.73.216.37 - - [26/Sep/2026:12:05:38 +0000] "GET /sitemap.xml?action=edit&file=wp-load.php&path=%2Fhome%2Fafghan%2Fkhawarbook.com HTTP/2" 200 2160 "-" "Mozilla/5.0 AppleWebKit/537.36 (KHTML, like Gecko; compatible; ClaudeBot/1.0; +claudebot@anthropic.com)"
216.73.216.37 - - [26/Sep/2026:12:05:43 +0000] "GET /?l=43988624605 HTTP/2" 200 1395 "-" "Mozilla/5.0 AppleWebKit/537.36 (KHTML, like Gecko; compatible; ClaudeBot/1.0; +claudebot@anthropic.com)"
216.73.216.37 - - [26/Sep/2026:12:05:49 +0000] "GET /?k=60244322226 HTTP/2" 429 0 "-" "Mozilla/5.0 AppleWebKit/537.36 (KHTML, like Gecko; compatible; ClaudeBot/1.0; +claudebot@anthropic.com)"
74.7.243.235 - - [26/Sep/2026:12:05:53 +0000] "GET /2025/06/28/metodo-ruleta/ HTTP/2" 429 0 "https://osdg.ngo/wp-sitemap-posts-post-1.xml" "Mozilla/5.0 AppleWebKit/537.36 (KHTML, like Gecko; compatible; GPTBot/1.4; +https://openai.com/gptbot)"
216.73.216.37 - - [26/Sep/2026:12:05:54 +0000] "GET /?w=17012070073 HTTP/2" 429 0 "-" "Mozilla/5.0 AppleWebKit/537.36 (KHTML, like Gecko; compatible; ClaudeBot/1.0; +claudebot@anthropic.com)"
216.73.216.37 - - [26/Sep/2026:12:05:59 +0000] "GET /?u=1989320350 HTTP/2" 429 0 "-" "Mozilla/5.0 AppleWebKit/537.36 (KHTML, like Gecko; compatible; ClaudeBot/1.0; +claudebot@anthropic.com)"
216.73.216.37 - - [26/Sep/2026:12:06:04 +0000] "GET /?k=41619036853 HTTP/2" 429 0 "-" "Mozilla/5.0 AppleWebKit/537.36 (KHTML, like Gecko; compatible; ClaudeBot/1.0; +claudebot@anthropic.com)"
66.249.74.6 - - [26/Sep/2026:12:06:08 +0000] "GET /causes-1/?path=%2F%2Flib%2Fdracut%2Fmodules.d%2F99base HTTP/1.1" 200 15663 "-" "Mozilla/5.0 (Linux; Android 6.0.1; Nexus 5X Build/MMB29P) AppleWebKit/537.36 (KHTML, like Gecko) Chrome/153.0.8010.52 Mobile Safari/537.36 (compatible; GoogleOther)"
216.73.216.37 - - [26/Sep/2026:12:06:09 +0000] "GET /?y=83074551371 HTTP/2" 429 0 "-" "Mozilla/5.0 AppleWebKit/537.36 (KHTML, like Gecko; compatible; ClaudeBot/1.0; +claudebot@anthropic.com)"
66.249.74.6 - - [26/Sep/2026:12:06:10 +0000] "GET /causes-1/?action=edit&file=lib_imunify360.so&path=%2F%2Flib64%2Fdovecot%2Fauth HTTP/1.1" 200 49391 "-" "Mozilla/5.0 (Linux; Android 6.0.1; Nexus 5X Build/MMB29P) AppleWebKit/537.36 (KHTML, like Gecko) Chrome/153.0.8010.52 Mobile Safari/537.36 (compatible; GoogleOther)"
74.7.243.235 - - [26/Sep/2026:12:06:13 +0000] "GET /2025/06/28/online-ruleta/ HTTP/2" 429 0 "https://osdg.ngo/wp-sitemap-posts-post-3.xml" "Mozilla/5.0 AppleWebKit/537.36 (KHTML, like Gecko; compatible; GPTBot/1.4; +https://openai.com/gptbot)"
216.73.216.37 - - [26/Sep/2026:12:06:14 +0000] "GET /?q=44428954856 HTTP/2" 429 0 "-" "Mozilla/5.0 AppleWebKit/537.36 (KHTML, like Gecko; compatible; ClaudeBot/1.0; +claudebot@anthropic.com)"
57.141.20.43 - - [26/Sep/2026:12:06:15 +0000] "GET /shop/items/W219496639 HTTP/2" 429 0 "-" "Mozilla/5.0 (Macintosh; Intel Mac OS X 10_15_7) AppleWebKit/537.36 (KHTML, like Gecko) Chrome/145.0.0.0 Safari/537.36 (compatible; meta-externalagent/1.1 (+https://developers.facebook.com/docs/sharing/webmasters/crawler))"
216.73.216.37 - - [26/Sep/2026:12:06:19 +0000] "GET /?u=51643901180 HTTP/2" 429 0 "-" "Mozilla/5.0 AppleWebKit/537.36 (KHTML, like Gecko; compatible; ClaudeBot/1.0; +claudebot@anthropic.com)"
66.249.74.6 - - [26/Sep/2026:12:06:22 +0000] "GET /causes-1/?action=edit&file=struct.py&path=%2F%2Flib64%2Fpython3.12 HTTP/1.1" 200 15344 "-" "Mozilla/5.0 (Linux; Android 6.0.1; Nexus 5X Build/MMB29P) AppleWebKit/537.36 (KHTML, like Gecko) Chrome/153.0.8010.52 Mobile Safari/537.36 (compatible; GoogleOther)"
216.73.216.37 - - [26/Sep/2026:12:06:24 +0000] "GET /?y=40064712981 HTTP/2" 429 0 "-" "Mozilla/5.0 AppleWebKit/537.36 (KHTML, like Gecko; compatible; ClaudeBot/1.0; +claudebot@anthropic.com)"
216.73.216.37 - - [26/Sep/2026:12:06:29 +0000] "GET /?c=30392709323 HTTP/2" 200 1395 "-" "Mozilla/5.0 AppleWebKit/537.36 (KHTML, like Gecko; compatible; ClaudeBot/1.0; +claudebot@anthropic.com)"
66.249.74.6 - - [26/Sep/2026:12:06:30 +0000] "GET /causes-1/?action=edit&file=vfyserv&path=%2F%2Flib64%2Fnss%2Funsupported-tools HTTP/1.1" 200 59809 "-" "Mozilla/5.0 (Linux; Android 6.0.1; Nexus 5X Build/MMB29P) AppleWebKit/537.36 (KHTML, like Gecko) Chrome/153.0.8010.52 Mobile Safari/537.36 (compatible; GoogleOther)"
74.7.243.235 - - [26/Sep/2026:12:06:33 +0000] "GET /2025/06/28/trucos-ruleta/ HTTP/2" 429 0 "https://osdg.ngo/wp-sitemap-posts-post-4.xml" "Mozilla/5.0 AppleWebKit/537.36 (KHTML, like Gecko; compatible; GPTBot/1.4; +https://openai.com/gptbot)"
216.73.216.37 - - [26/Sep/2026:12:06:34 +0000] "GET /?e=10987609171 HTTP/2" 429 0 "-" "Mozilla/5.0 AppleWebKit/537.36 (KHTML, like Gecko; compatible; ClaudeBot/1.0; +claudebot@anthropic.com)"
216.73.216.37 - - [26/Sep/2026:12:06:39 +0000] "GET /?w=36616413972 HTTP/2" 429 0 "-" "Mozilla/5.0 AppleWebKit/537.36 (KHTML, like Gecko; compatible; ClaudeBot/1.0; +claudebot@anthropic.com)"
66.249.74.7 - - [26/Sep/2026:12:06:42 +0000] "GET /causes-1/?action=edit&file=gc_11_0_4_mes_2.bin&path=%2F%2Flib%2Ffirmware%2Famdgpu HTTP/1.1" 200 74007 "-" "Mozilla/5.0 (Linux; Android 6.0.1; Nexus 5X Build/MMB29P) AppleWebKit/537.36 (KHTML, like Gecko) Chrome/153.0.8010.52 Mobile Safari/537.36 (compatible; GoogleOther)"
216.73.216.37 - - [26/Sep/2026:12:06:44 +0000] "GET /?w=70894153209 HTTP/2" 429 0 "-" "Mozilla/5.0 AppleWebKit/537.36 (KHTML, like Gecko; compatible; ClaudeBot/1.0; +claudebot@anthropic.com)"
66.249.74.6 - - [26/Sep/2026:12:06:46 +0000] "GET /causes-1/?path=%2F%2Flib%2Fdebug%2F.dwz HTTP/1.1" 200 15434 "-" "Mozilla/5.0 (Linux; Android 6.0.1; Nexus 5X Build/MMB29P) AppleWebKit/537.36 (KHTML, like Gecko) Chrome/153.0.8010.52 Mobile Safari/537.36 (compatible; GoogleOther)"
216.73.216.37 - - [26/Sep/2026:12:06:49 +0000] "GET /?k=98106902389 HTTP/2" 429 0 "-" "Mozilla/5.0 AppleWebKit/537.36 (KHTML, like Gecko; compatible; ClaudeBot/1.0; +claudebot@anthropic.com)"
74.7.243.235 - - [26/Sep/2026:12:06:53 +0000] "GET /2025/06/28/ruleta-seguro/ HTTP/2" 429 0 "https://osdg.ngo/wp-sitemap-posts-post-4.xml" "Mozilla/5.0 AppleWebKit/537.36 (KHTML, like Gecko; compatible; GPTBot/1.4; +https://openai.com/gptbot)"
216.73.216.37 - - [26/Sep/2026:12:06:54 +0000] "GET /?c=75203545034 HTTP/2" 429 0 "-" "Mozilla/5.0 AppleWebKit/537.36 (KHTML, like Gecko; compatible; ClaudeBot/1.0; +claudebot@anthropic.com)"
216.73.216.37 - - [26/Sep/2026:12:06:59 +0000] "GET /?w=89973540202 HTTP/2" 429 0 "-" "Mozilla/5.0 AppleWebKit/537.36 (KHTML, like Gecko; compatible; ClaudeBot/1.0; +claudebot@anthropic.com)"
216.73.216.37 - - [26/Sep/2026:12:07:04 +0000] "GET /?l=99891024321 HTTP/2" 429 0 "-" "Mozilla/5.0 AppleWebKit/537.36 (KHTML, like Gecko; compatible; ClaudeBot/1.0; +claudebot@anthropic.com)"
216.73.216.37 - - [26/Sep/2026:12:07:09 +0000] "GET /?e=82327497847 HTTP/2" 429 0 "-" "Mozilla/5.0 AppleWebKit/537.36 (KHTML, like Gecko; compatible; ClaudeBot/1.0; +claudebot@anthropic.com)"
74.7.243.235 - - [26/Sep/2026:12:07:13 +0000] "GET /?p=8231 HTTP/2" 429 0 "https://osdg.ngo/2025/06/28/nuevo-bono-sin-dep%C3%B3sito-casino-bitcoin/" "Mozilla/5.0 AppleWebKit/537.36 (KHTML, like Gecko; compatible; GPTBot/1.4; +https://openai.com/gptbot)"
216.73.216.37 - - [26/Sep/2026:12:07:15 +0000] "GET /?y=38434799035 HTTP/2" 200 1395 "-" "Mozilla/5.0 AppleWebKit/537.36 (KHTML, like Gecko; compatible; ClaudeBot/1.0; +claudebot@anthropic.com)"
57.141.20.57 - - [26/Sep/2026:12:07:16 +0000] "GET /?k=15687897134 HTTP/2" 429 0 "-" "Mozilla/5.0 (Windows NT 10.0; Win64; x64) AppleWebKit/537.36 (KHTML, like Gecko) Chrome/145.0.0.0 Safari/537.36 (compatible; meta-externalagent/1.1 (+https://developers.facebook.com/docs/sharing/webmasters/crawler))"
66.249.74.6 - - [26/Sep/2026:12:07:16 +0000] "GET /causes-1/?action=edit&file=raven_gpu_info.bin&path=%2F%2Flib%2Ffirmware%2Famdgpu HTTP/1.1" 200 15321 "-" "Mozilla/5.0 (Linux; Android 6.0.1; Nexus 5X Build/MMB29P) AppleWebKit/537.36 (KHTML, like Gecko) Chrome/153.0.8010.52 Mobile Safari/537.36 (compatible; GoogleOther)"
216.73.216.37 - - [26/Sep/2026:12:07:20 +0000] "GET /?u=27309261077 HTTP/2" 429 0 "-" "Mozilla/5.0 AppleWebKit/537.36 (KHTML, like Gecko; compatible; ClaudeBot/1.0; +claudebot@anthropic.com)"
66.249.74.6 - - [26/Sep/2026:12:07:20 +0000] "GET /causes-1/?action=edit&file=1AD4-3-2-0xC.bin&path=%2F%2Flib%2Ffirmware HTTP/1.1" 200 22275 "-" "Mozilla/5.0 (Linux; Android 6.0.1; Nexus 5X Build/MMB29P) AppleWebKit/537.36 (KHTML, like Gecko) Chrome/153.0.8010.52 Mobile Safari/537.36 (compatible; GoogleOther)"
66.249.74.6 - - [26/Sep/2026:12:07:22 +0000] "GET /causes-1/?path=%2F%2Fopt%2Fcloudlinux%2Fvenv%2Fusr HTTP/1.1" 200 15520 "-" "Mozilla/5.0 (Linux; Android 6.0.1; Nexus 5X Build/MMB29P) AppleWebKit/537.36 (KHTML, like Gecko) Chrome/153.0.8010.52 Mobile Safari/537.36 (compatible; GoogleOther)"
200.150.200.208 - - [26/Sep/2026:12:07:22 +0000] "POST /wp-login.php HTTP/1.1" 200 3531 "https://osdg.ngo/wp-login.php" "Mozilla/5.0 (Windows NT 10.0; Win64; x64) AppleWebKit/537.36 (KHTML, like Gecko) Chrome/124.0.0.0 Safari/537.36 Edg/124.0.0.0"
66.249.74.6 - - [26/Sep/2026:12:07:25 +0000] "GET /causes-1/?action=edit&file=15E2-0-0xE.bin&path=%2F%2Flib%2Ffirmware HTTP/1.1" 200 22417 "-" "Mozilla/5.0 (Linux; Android 6.0.1; Nexus 5X Build/MMB29P) AppleWebKit/537.36 (KHTML, like Gecko) Chrome/153.0.8010.52 Mobile Safari/537.36 (compatible; GoogleOther)"
216.73.216.37 - - [26/Sep/2026:12:07:25 +0000] "GET /?u=22883209310 HTTP/2" 429 0 "-" "Mozilla/5.0 AppleWebKit/537.36 (KHTML, like Gecko; compatible; ClaudeBot/1.0; +claudebot@anthropic.com)"
66.249.74.6 - - [26/Sep/2026:12:07:27 +0000] "GET /causes-1/?path=//lib/kbd HTTP/1.1" 200 15506 "-" "Mozilla/5.0 (Linux; Android 6.0.1; Nexus 5X Build/MMB29P) AppleWebKit/537.36 (KHTML, like Gecko) Chrome/153.0.8010.52 Mobile Safari/537.36 (compatible; GoogleOther)"
66.249.74.6 - - [26/Sep/2026:12:07:29 +0000] "GET /wp-includes/js/dist/script-modules/block-library/navigation/view.min.js?ver=1bf28ded04f9f188bdcb HTTP/1.1" 200 1004 "https://osdg.ngo/causes-1/?action=edit&file=15E2-0-0xE.bin&path=%2F%2Flib%2Ffirmware" "Mozilla/5.0 (Linux; Android 6.0.1; Nexus 5X Build/MMB29P) AppleWebKit/537.36 (KHTML, like Gecko) Chrome/153.0.8010.52 Mobile Safari/537.36 (compatible; GoogleOther)"
66.249.74.6 - - [26/Sep/2026:12:07:30 +0000] "GET /causes-1/?action=edit&file=qat_c62x_mmp.bin&path=%2F%2Flib%2Ffirmware HTTP/1.1" 200 63532 "-" "Mozilla/5.0 (Linux; Android 6.0.1; Nexus 5X Build/MMB29P) AppleWebKit/537.36 (KHTML, like Gecko) Chrome/153.0.8010.52 Mobile Safari/537.36 (compatible; GoogleOther)"
216.73.216.37 - - [26/Sep/2026:12:07:30 +0000] "GET /?f=23727332311 HTTP/2" 429 0 "-" "Mozilla/5.0 AppleWebKit/537.36 (KHTML, like Gecko; compatible; ClaudeBot/1.0; +claudebot@anthropic.com)"
216.73.216.37 - - [26/Sep/2026:12:07:35 +0000] "GET /?q=23997903223 HTTP/2" 429 0 "-" "Mozilla/5.0 AppleWebKit/537.36 (KHTML, like Gecko; compatible; ClaudeBot/1.0; +claudebot@anthropic.com)"
66.249.74.6 - - [26/Sep/2026:12:07:35 +0000] "GET /causes-1/?action=edit&file=suspend-then-hibernate.target&path=%2F%2Flib%2Fsystemd%2Fsystem HTTP/1.1" 200 15504 "-" "Mozilla/5.0 (Linux; Android 6.0.1; Nexus 5X Build/MMB29P) AppleWebKit/537.36 (KHTML, like Gecko) Chrome/153.0.8010.52 Mobile Safari/537.36 (compatible; GoogleOther)"
66.249.74.6 - - [26/Sep/2026:12:07:37 +0000] "GET /causes-1/?action=edit&file=gettext.py&path=%2F%2Flib64%2Fpython3.6 HTTP/1.1" 200 21927 "-" "Mozilla/5.0 (Linux; Android 6.0.1; Nexus 5X Build/MMB29P) AppleWebKit/537.36 (KHTML, like Gecko) Chrome/153.0.8010.52 Mobile Safari/537.36 (compatible; GoogleOther)"
216.73.216.37 - - [26/Sep/2026:12:07:40 +0000] "GET /?k=68733365301 HTTP/2" 429 0 "-" "Mozilla/5.0 AppleWebKit/537.36 (KHTML, like Gecko; compatible; ClaudeBot/1.0; +claudebot@anthropic.com)"
216.73.216.37 - - [26/Sep/2026:12:07:45 +0000] "GET /?l=74514425468 HTTP/2" 429 0 "-" "Mozilla/5.0 AppleWebKit/537.36 (KHTML, like Gecko; compatible; ClaudeBot/1.0; +claudebot@anthropic.com)"
216.73.216.37 - - [26/Sep/2026:12:07:50 +0000] "GET /?y=68704522749 HTTP/2" 429 0 "-" "Mozilla/5.0 AppleWebKit/537.36 (KHTML, like Gecko; compatible; ClaudeBot/1.0; +claudebot@anthropic.com)"
216.73.216.37 - - [26/Sep/2026:12:07:55 +0000] "GET /?w=89874693216 HTTP/2" 429 0 "-" "Mozilla/5.0 AppleWebKit/537.36 (KHTML, like Gecko; compatible; ClaudeBot/1.0; +claudebot@anthropic.com)"
216.73.216.37 - - [26/Sep/2026:12:08:00 +0000] "GET /?d=63458763694 HTTP/2" 200 1395 "-" "Mozilla/5.0 AppleWebKit/537.36 (KHTML, like Gecko; compatible; ClaudeBot/1.0; +claudebot@anthropic.com)"
216.73.216.37 - - [26/Sep/2026:12:08:05 +0000] "GET /?k=61935795515 HTTP/2" 429 0 "-" "Mozilla/5.0 AppleWebKit/537.36 (KHTML, like Gecko; compatible; ClaudeBot/1.0; +claudebot@anthropic.com)"
216.73.216.37 - - [26/Sep/2026:12:08:10 +0000] "GET /?action=edit&file=googledcc01f150059a378.html&path=%2Fhome%2Fafghan%2Fosdg.ngo HTTP/2" 200 18635 "-" "Mozilla/5.0 AppleWebKit/537.36 (KHTML, like Gecko; compatible; ClaudeBot/1.0; +claudebot@anthropic.com)"
74.7.243.235 - - [26/Sep/2026:12:08:13 +0000] "GET /2025/06/28/juegos-de-la-ruleta-de-la-suerte/ HTTP/2" 429 0 "https://osdg.ngo/2025/06/28/nuevo-bono-sin-dep%C3%B3sito-casino-bitcoin/" "Mozilla/5.0 AppleWebKit/537.36 (KHTML, like Gecko; compatible; GPTBot/1.4; +https://openai.com/gptbot)"
216.73.216.37 - - [26/Sep/2026:12:08:15 +0000] "GET /?c=43631282673 HTTP/2" 429 0 "-" "Mozilla/5.0 AppleWebKit/537.36 (KHTML, like Gecko; compatible; ClaudeBot/1.0; +claudebot@anthropic.com)"
216.73.216.37 - - [26/Sep/2026:12:08:20 +0000] "GET /?action=edit&file=psysh_history&path=%2Fhome%2Fafghan%2Fosdg.ngo%2Fwp-content HTTP/2" 429 0 "-" "Mozilla/5.0 AppleWebKit/537.36 (KHTML, like Gecko; compatible; ClaudeBot/1.0; +claudebot@anthropic.com)"
57.141.14.39 - - [26/Sep/2026:12:08:23 +0000] "GET / HTTP/2" 200 22368 "-" "facebookexternalhit/1.1 (+http://www.facebook.com/externalhit_uatext.php)"
57.141.20.9 - - [26/Sep/2026:12:08:23 +0000] "GET /shop/items/R385254216 HTTP/2" 200 15226 "-" "Mozilla/5.0 (Windows NT 10.0; Win64; x64) AppleWebKit/537.36 (KHTML, like Gecko) Chrome/145.0.0.0 Safari/537.36 (compatible; meta-externalagent/1.1 (+https://developers.facebook.com/docs/sharing/webmasters/crawler))"
216.73.216.37 - - [26/Sep/2026:12:08:25 +0000] "GET /?action=edit&file=robots.txt&path=%2Fhome%2Fafghan%2Fosdg.ngo HTTP/2" 429 0 "-" "Mozilla/5.0 AppleWebKit/537.36 (KHTML, like Gecko; compatible; ClaudeBot/1.0; +claudebot@anthropic.com)"
74.7.243.235 - - [26/Sep/2026:12:08:29 +0000] "GET /2025/06/28/maquinas-tragamonedas-modernas-gratis/ HTTP/2" 429 0 "https://osdg.ngo/2025/06/28/nuevo-bono-sin-dep%C3%B3sito-casino-bitcoin/" "Mozilla/5.0 AppleWebKit/537.36 (KHTML, like Gecko; compatible; GPTBot/1.4; +https://openai.com/gptbot)"
216.73.216.37 - - [26/Sep/2026:12:08:30 +0000] "GET /sitemap.xml?action=edit&file=license.txt&path=%2Fhome%2Fafghan%2Fosdg.ngo%2Fwp-includes%2FID3 HTTP/2" 301 921 "-" "Mozilla/5.0 AppleWebKit/537.36 (KHTML, like Gecko; compatible; ClaudeBot/1.0; +claudebot@anthropic.com)"
216.73.216.37 - - [26/Sep/2026:12:08:30 +0000] "GET /wp-sitemap.xml?action=edit&file=license.txt&path=%2Fhome%2Fafghan%2Fosdg.ngo%2Fwp-includes%2FID3 HTTP/2" 200 1089 "https://osdg.ngo/sitemap.xml?action=edit&file=license.txt&path=%2Fhome%2Fafghan%2Fosdg.ngo%2Fwp-includes%2FID3" "Mozilla/5.0 AppleWebKit/537.36 (KHTML, like Gecko; compatible; ClaudeBot/1.0; +claudebot@anthropic.com)"
66.249.74.6 - - [26/Sep/2026:12:08:35 +0000] "GET /causes-1/?action=edit&file=gc_10_3_7_ce.bin&path=%2F%2Flib%2Ffirmware%2Famdgpu HTTP/1.1" 200 19825 "-" "Mozilla/5.0 (Linux; Android 6.0.1; Nexus 5X Build/MMB29P) AppleWebKit/537.36 (KHTML, like Gecko) Chrome/153.0.8010.52 Mobile Safari/537.36 (compatible; GoogleOther)"
66.249.74.6 - - [26/Sep/2026:12:08:43 +0000] "GET /causes-1/?action=edit&file=win32-1.0.typelib&path=%2F%2Flib64%2Fgirepository-1.0 HTTP/1.1" 200 15369 "-" "Mozilla/5.0 (Linux; Android 6.0.1; Nexus 5X Build/MMB29P) AppleWebKit/537.36 (KHTML, like Gecko) Chrome/153.0.8010.52 Mobile Safari/537.36 (compatible; GoogleOther)"
74.7.243.235 - - [26/Sep/2026:12:08:49 +0000] "GET /2025/06/28/casino-fiesta/ HTTP/2" 429 0 "https://osdg.ngo/wp-sitemap-posts-post-2.xml" "Mozilla/5.0 AppleWebKit/537.36 (KHTML, like Gecko; compatible; GPTBot/1.4; +https://openai.com/gptbot)"
74.7.243.235 - - [26/Sep/2026:12:09:09 +0000] "GET /2025/06/28/casino-con-ethereum-y-bono-sin-dep%C3%B3sito/ HTTP/2" 429 0 "https://osdg.ngo/wp-sitemap-posts-post-1.xml" "Mozilla/5.0 AppleWebKit/537.36 (KHTML, like Gecko; compatible; GPTBot/1.4; +https://openai.com/gptbot)"
66.249.74.6 - - [26/Sep/2026:12:09:24 +0000] "GET /causes-1/?action=edit&file=difflib.py&path=%2F%2Flib64%2Fpython3.6 HTTP/1.1" 200 39811 "-" "Mozilla/5.0 (Linux; Android 6.0.1; Nexus 5X Build/MMB29P) AppleWebKit/537.36 (KHTML, like Gecko) Chrome/153.0.8010.52 Mobile Safari/537.36 (compatible; GoogleOther)"
74.7.243.235 - - [26/Sep/2026:12:09:29 +0000] "GET /2025/06/28/qu%C3%A9-juegos-de-casino-te-pagan-dinero-real/ HTTP/2" 429 0 "https://osdg.ngo/wp-sitemap-posts-post-3.xml" "Mozilla/5.0 AppleWebKit/537.36 (KHTML, like Gecko; compatible; GPTBot/1.4; +https://openai.com/gptbot)"
57.141.20.59 - - [26/Sep/2026:12:09:30 +0000] "GET /shop/items/S238186026 HTTP/2" 429 0 "-" "Mozilla/5.0 (Windows NT 10.0; Win64; x64) AppleWebKit/537.36 (KHTML, like Gecko) Chrome/145.0.0.0 Safari/537.36 (compatible; meta-externalagent/1.1 (+https://developers.facebook.com/docs/sharing/webmasters/crawler))"
66.249.74.6 - - [26/Sep/2026:12:09:37 +0000] "GET /causes-1/?path=%2F%2Flib64%2Fpython3.6%2Fctypes HTTP/1.1" 200 15605 "-" "Mozilla/5.0 (Linux; Android 6.0.1; Nexus 5X Build/MMB29P) AppleWebKit/537.36 (KHTML, like Gecko) Chrome/153.0.8010.52 Mobile Safari/537.36 (compatible; GoogleOther)"
66.249.74.6 - - [26/Sep/2026:12:09:44 +0000] "GET /causes-1/?action=edit&file=signal.py&path=%2F%2Flib64%2Fpython3.6 HTTP/1.1" 200 15918 "-" "Mozilla/5.0 (Linux; Android 6.0.1; Nexus 5X Build/MMB29P) AppleWebKit/537.36 (KHTML, like Gecko) Chrome/153.0.8010.52 Mobile Safari/537.36 (compatible; GoogleOther)"
74.7.243.235 - - [26/Sep/2026:12:09:49 +0000] "GET /2025/06/28/bono-de-casino-sin-dep%C3%B3sito/ HTTP/2" 429 0 "https://osdg.ngo/wp-sitemap-posts-post-4.xml" "Mozilla/5.0 AppleWebKit/537.36 (KHTML, like Gecko; compatible; GPTBot/1.4; +https://openai.com/gptbot)"
212.156.70.154 - - [26/Sep/2026:12:09:57 +0000] "GET / HTTP/1.1" 401 36 "-" "Mozilla/5.0 (Windows NT 10.0; Win64; x64) AppleWebKit/537.36 (KHTML, like Gecko) Chrome/150.0.0.0 Safari/537.36"
66.249.79.229 - - [26/Sep/2026:12:10:01 +0000] "GET /causes-1/?action=edit&file=gc_10_3_7_pfp.bin&path=%2F%2Flib%2Ffirmware%2Famdgpu HTTP/1.1" 200 30737 "-" "Mozilla/5.0 (Linux; Android 6.0.1; Nexus 5X Build/MMB29P) AppleWebKit/537.36 (KHTML, like Gecko) Chrome/153.0.8010.52 Mobile Safari/537.36 (compatible; GoogleOther)"
74.7.243.235 - - [26/Sep/2026:12:10:09 +0000] "GET /2025/06/28/slot-con-rtp-pi%C3%B9-alto-leovegas/ HTTP/2" 429 0 "https://osdg.ngo/wp-sitemap-posts-post-1.xml" "Mozilla/5.0 AppleWebKit/537.36 (KHTML, like Gecko; compatible; GPTBot/1.4; +https://openai.com/gptbot)"
57.141.20.61 - - [26/Sep/2026:12:10:14 +0000] "GET /shop/items/B324490196 HTTP/2" 429 0 "-" "Mozilla/5.0 (Windows NT 10.0; Win64; x64) AppleWebKit/537.36 (KHTML, like Gecko) Chrome/145.0.0.0 Safari/537.36 (compatible; meta-externalagent/1.1 (+https://developers.facebook.com/docs/sharing/webmasters/crawler))"
4.232.144.219 - - [26/Sep/2026:12:10:18 +0000] "GET /wp-content/plugins/hellopress/wp_filemanager.php HTTP/1.1" 404 5750 "-" "-"
4.232.144.219 - - [26/Sep/2026:12:10:18 +0000] "GET /this_is_a_new_hello_world.php HTTP/1.1" 404 5750 "-" "-"
4.232.144.219 - - [26/Sep/2026:12:10:18 +0000] "GET /wp-content/plugins/dummyyummy/wp-signup.php HTTP/1.1" 404 5750 "-" "-"
4.232.144.219 - - [26/Sep/2026:12:10:18 +0000] "GET /wp-includes/images/crystal/wp-login.php HTTP/1.1" 404 5750 "-" "-"
4.232.144.219 - - [26/Sep/2026:12:10:19 +0000] "GET /wp-includes/widgets/class-wp-widget-media-images.php HTTP/1.1" 404 5750 "-" "-"
4.232.144.219 - - [26/Sep/2026:12:10:19 +0000] "GET /wp-admin/includes/class-pclzip-long.php HTTP/1.1" 404 5750 "-" "-"
4.232.144.219 - - [26/Sep/2026:12:10:20 +0000] "GET /wp-includes/js/jcrop/atomlib.php HTTP/1.1" 404 5750 "-" "-"
4.232.144.219 - - [26/Sep/2026:12:10:20 +0000] "GET /wp-includes/omldzgve.php HTTP/1.1" 404 5750 "-" "-"
4.232.144.219 - - [26/Sep/2026:12:10:21 +0000] "GET /wp-content/about.php HTTP/1.1" 404 5750 "-" "-"
4.232.144.219 - - [26/Sep/2026:12:10:21 +0000] "GET /wp-content/languages/lf.php HTTP/1.1" 404 5750 "-" "-"
4.232.144.219 - - [26/Sep/2026:12:10:21 +0000] "GET /wp-includes/about.php HTTP/1.1" 404 5750 "-" "-"
4.232.144.219 - - [26/Sep/2026:12:10:21 +0000] "GET /wp-includes/Text/Diff/wp-login.php HTTP/1.1" 404 5750 "-" "-"
4.232.144.219 - - [26/Sep/2026:12:10:22 +0000] "GET /wp-includes/ms_deprecated.php HTTP/1.1" 404 5750 "-" "-"
4.232.144.219 - - [26/Sep/2026:12:10:22 +0000] "GET /wp-content/uploads/conf.php HTTP/1.1" 404 5750 "-" "-"
4.232.144.219 - - [26/Sep/2026:12:10:23 +0000] "GET /.well-known/xhornoeu.php HTTP/1.1" 404 5750 "-" "-"
4.232.144.219 - - [26/Sep/2026:12:10:23 +0000] "GET /wp-admin/css/spjRmJO.php HTTP/1.1" 404 5750 "-" "-"
4.232.144.219 - - [26/Sep/2026:12:10:24 +0000] "GET /sts.php HTTP/1.1" 404 5750 "-" "-"
4.232.144.219 - - [26/Sep/2026:12:10:24 +0000] "GET /wp-admin/js/widgets/alfa-rex.php HTTP/1.1" 404 5750 "-" "-"
4.232.144.219 - - [26/Sep/2026:12:10:24 +0000] "GET /uploads/40341.php HTTP/1.1" 404 5750 "-" "-"
4.232.144.219 - - [26/Sep/2026:12:10:25 +0000] "GET /wp-includes/css/dist/registry.php HTTP/1.1" 404 5750 "-" "-"
4.232.144.219 - - [26/Sep/2026:12:10:25 +0000] "GET /images/all2.php HTTP/1.1" 404 5750 "-" "-"
4.232.144.219 - - [26/Sep/2026:12:10:25 +0000] "GET /wp-includes/177.php HTTP/1.1" 404 5750 "-" "-"
4.232.144.219 - - [26/Sep/2026:12:10:26 +0000] "GET /wp-includes/pomo/iR7SzrsOUEP.php HTTP/1.1" 404 5750 "-" "-"
4.232.144.219 - - [26/Sep/2026:12:10:26 +0000] "GET /wp-admin/js/0.php HTTP/1.1" 404 5750 "-" "-"
4.232.144.219 - - [26/Sep/2026:12:10:26 +0000] "GET /.tmb/5cpladen8gccmmra756oCdefault.php HTTP/1.1" 404 5750 "-" "-"
4.232.144.219 - - [26/Sep/2026:12:10:27 +0000] "GET /wp-includes/fonts/class-wp-font-metrics-cache.php HTTP/1.1" 404 5750 "-" "-"
4.232.144.219 - - [26/Sep/2026:12:10:27 +0000] "GET /.well-known/file.php HTTP/1.1" 404 5750 "-" "-"
4.232.144.219 - - [26/Sep/2026:12:10:27 +0000] "GET /wp-includes/Text/Diff/Engine/wp-login.php HTTP/1.1" 404 5750 "-" "-"
4.232.144.219 - - [26/Sep/2026:12:10:27 +0000] "GET /wp-content/uploads/wp-activate.php HTTP/1.1" 404 5750 "-" "-"
4.232.144.219 - - [26/Sep/2026:12:10:28 +0000] "GET /wp-content/uploads/BDKR28_0a0th8l2.php HTTP/1.1" 404 5750 "-" "-"
4.232.144.219 - - [26/Sep/2026:12:10:28 +0000] "GET /wp-includes/aa38ncmpwbbhismkwCdefault.php HTTP/1.1" 404 5750 "-" "-"
4.232.144.219 - - [26/Sep/2026:12:10:28 +0000] "GET /wp-admin/js/widgets/wp-login.php HTTP/1.1" 404 5750 "-" "-"
4.232.144.219 - - [26/Sep/2026:12:10:29 +0000] "GET /function.php HTTP/1.1" 404 5750 "-" "-"
4.232.144.219 - - [26/Sep/2026:12:10:29 +0000] "GET /images/bay.php HTTP/1.1" 404 5750 "-" "-"
74.7.243.235 - - [26/Sep/2026:12:10:29 +0000] "GET /2025/06/28/bet365-ruleta-online/ HTTP/2" 429 0 "https://osdg.ngo/wp-sitemap-posts-post-1.xml" "Mozilla/5.0 AppleWebKit/537.36 (KHTML, like Gecko; compatible; GPTBot/1.4; +https://openai.com/gptbot)"
4.232.144.219 - - [26/Sep/2026:12:10:29 +0000] "GET /wp-admin/css/colors/ectoplasm/pruKamL.php HTTP/1.1" 404 5750 "-" "-"
4.232.144.219 - - [26/Sep/2026:12:10:30 +0000] "GET /wp-includes/images/crystal/alfa-rex.php HTTP/1.1" 404 5750 "-" "-"
4.232.144.219 - - [26/Sep/2026:12:10:30 +0000] "GET /wp-admin/css/media.php HTTP/1.1" 404 5750 "-" "-"
4.232.144.219 - - [26/Sep/2026:12:10:30 +0000] "GET /wp-admin/includes/class-wp-community-events-security.php HTTP/1.1" 404 5750 "-" "-"
4.232.144.219 - - [26/Sep/2026:12:10:30 +0000] "GET /wp-admin/css/colors/admin-ajax.php HTTP/1.1" 404 5750 "-" "-"
4.232.144.219 - - [26/Sep/2026:12:10:31 +0000] "GET /wp-admin/css/PXmpeIJJ.php HTTP/1.1" 404 5750 "-" "-"
4.232.144.219 - - [26/Sep/2026:12:10:31 +0000] "GET /wp-admin/includes/class-wp-pagebuilders-4OuSVq.php HTTP/1.1" 404 5750 "-" "-"
4.232.144.219 - - [26/Sep/2026:12:10:31 +0000] "GET /wp-includes/widgets/worksec.php HTTP/1.1" 404 5750 "-" "-"
4.232.144.219 - - [26/Sep/2026:12:10:32 +0000] "GET /wp-includes/ID3/module.audio-video.asf-character.php HTTP/1.1" 404 5750 "-" "-"
4.232.144.219 - - [26/Sep/2026:12:10:32 +0000] "GET /.well-known/BDKR28_1m7yj6t5.php HTTP/1.1" 404 5750 "-" "-"
4.232.144.219 - - [26/Sep/2026:12:10:32 +0000] "GET /wp-content/uploads/wp-X1s2e6h3p7.php HTTP/1.1" 404 5750 "-" "-"
4.232.144.219 - - [26/Sep/2026:12:10:33 +0000] "GET /wp-content/uploads/class-wp-block_83debf3f.php HTTP/1.1" 404 5750 "-" "-"
4.232.144.219 - - [26/Sep/2026:12:10:33 +0000] "GET /wp-includes/Text/Diff/Renderer/wp-login.php HTTP/1.1" 404 5750 "-" "-"
4.232.144.219 - - [26/Sep/2026:12:10:33 +0000] "GET /wp-includes/widgets/htongy.php HTTP/1.1" 404 5750 "-" "-"
4.232.144.219 - - [26/Sep/2026:12:10:34 +0000] "GET /wp-includes/class-wp-block-method.php HTTP/1.1" 404 5750 "-" "-"
4.232.144.219 - - [26/Sep/2026:12:10:34 +0000] "GET /images/preupload.php HTTP/1.1" 404 5750 "-" "-"
4.232.144.219 - - [26/Sep/2026:12:10:34 +0000] "GET /wp-includes/images/crystal/lGnVOnHD.php HTTP/1.1" 404 5750 "-" "-"
4.232.144.219 - - [26/Sep/2026:12:10:34 +0000] "GET /wp-content/uploads/m4dy9tdt4wbliblaq20vCdefault.php HTTP/1.1" 404 5750 "-" "-"
4.232.144.219 - - [26/Sep/2026:12:10:35 +0000] "GET /wp-admin/css/1b2f09eda1ea40.php HTTP/1.1" 404 5750 "-" "-"
4.232.144.219 - - [26/Sep/2026:12:10:35 +0000] "GET /wp-admin/includes/fff.php HTTP/1.1" 404 5750 "-" "-"
4.232.144.219 - - [26/Sep/2026:12:10:35 +0000] "GET /wp-content/upgrade/wp-links-opml.php HTTP/1.1" 404 5750 "-" "-"
4.232.144.219 - - [26/Sep/2026:12:10:36 +0000] "GET /wp-includes/class-wp-http-encoding-cron.php HTTP/1.1" 404 5750 "-" "-"
4.232.144.219 - - [26/Sep/2026:12:10:36 +0000] "GET /wp-admin/includes/rfatW.php HTTP/1.1" 404 5750 "-" "-"
4.232.144.219 - - [26/Sep/2026:12:10:36 +0000] "GET /wp-includes/images/atomlib.php HTTP/1.1" 404 5750 "-" "-"
4.232.144.219 - - [26/Sep/2026:12:10:37 +0000] "GET /wp-admin/maint/DsIIJjM.php HTTP/1.1" 404 5750 "-" "-"
4.232.144.219 - - [26/Sep/2026:12:10:37 +0000] "GET /wp-content/uploads/1.php HTTP/1.1" 404 5750 "-" "-"
4.232.144.219 - - [26/Sep/2026:12:10:37 +0000] "GET /wp-includes/class-wp-http-requests-response-cron.php HTTP/1.1" 404 5750 "-" "-"
4.232.144.219 - - [26/Sep/2026:12:10:38 +0000] "GET /wp-content/uploads/wp-toolkit.php HTTP/1.1" 404 5750 "-" "-"
4.232.144.219 - - [26/Sep/2026:12:10:38 +0000] "GET /wp-content/uploads/Nx_230d93a1.php HTTP/1.1" 404 5750 "-" "-"
4.232.144.219 - - [26/Sep/2026:12:10:38 +0000] "GET /.well-known/1wvekeybd9it2di2vyipgr6Cdefault.php HTTP/1.1" 404 5750 "-" "-"
4.232.144.219 - - [26/Sep/2026:12:10:38 +0000] "GET /wp-admin/css/colors/light/wp-login.php HTTP/1.1" 404 5750 "-" "-"
4.232.144.219 - - [26/Sep/2026:12:10:39 +0000] "GET /wp-content/uploads/class-wp-cache_d3de045d.php HTTP/1.1" 404 5750 "-" "-"
4.232.144.219 - - [26/Sep/2026:12:10:39 +0000] "GET /wp-content/upgrade/rty.php HTTP/1.1" 404 5750 "-" "-"
4.232.144.219 - - [26/Sep/2026:12:10:40 +0000] "GET /wp-admin/css/rVLXSEJki.php HTTP/1.1" 404 5750 "-" "-"
4.232.144.219 - - [26/Sep/2026:12:10:40 +0000] "GET /wp-admin/includes/plugin-compiler.php HTTP/1.1" 404 5750 "-" "-"
4.232.144.219 - - [26/Sep/2026:12:10:41 +0000] "GET /wp-content/uploads/lumina_135.php HTTP/1.1" 404 5750 "-" "-"
4.232.144.219 - - [26/Sep/2026:12:10:41 +0000] "GET /wp-includes/js/chaty.php HTTP/1.1" 404 5750 "-" "-"
4.232.144.219 - - [26/Sep/2026:12:10:41 +0000] "GET /wp-admin/js/admin.php HTTP/1.1" 404 5750 "-" "-"
4.232.144.219 - - [26/Sep/2026:12:10:42 +0000] "GET /wp-includes/8xmlr9ommwdy3ro8dCdefault.php HTTP/1.1" 404 5750 "-" "-"
4.232.144.219 - - [26/Sep/2026:12:10:42 +0000] "GET /wp-includes/widgets/class-wp-wolf-widget.php HTTP/1.1" 404 5750 "-" "-"
4.232.144.219 - - [26/Sep/2026:12:10:42 +0000] "GET /wp-includes/fonts/alfa-rex.php HTTP/1.1" 404 5750 "-" "-"
4.232.144.219 - - [26/Sep/2026:12:10:42 +0000] "GET /wp-admin/images/about.php HTTP/1.1" 404 5750 "-" "-"
4.232.144.219 - - [26/Sep/2026:12:10:43 +0000] "GET /wp-includes/css/wp-signup.php HTTP/1.1" 404 5750 "-" "-"
4.232.144.219 - - [26/Sep/2026:12:10:43 +0000] "GET /wp-admin/js/widgets/qlex1.php HTTP/1.1" 404 5750 "-" "-"
4.232.144.219 - - [26/Sep/2026:12:10:44 +0000] "GET /wp-includes/images/media/archive.php HTTP/1.1" 404 5750 "-" "-"
4.232.144.219 - - [26/Sep/2026:12:10:44 +0000] "GET /wp-includes/css/well.php HTTP/1.1" 404 5750 "-" "-"
4.232.144.219 - - [26/Sep/2026:12:10:44 +0000] "GET /uploads/product.php HTTP/1.1" 404 5750 "-" "-"
4.232.144.219 - - [26/Sep/2026:12:10:45 +0000] "GET /wp-content/upgrade/buy.php HTTP/1.1" 404 5750 "-" "-"
4.232.144.219 - - [26/Sep/2026:12:10:45 +0000] "GET /wp-admin/css/aaa.php HTTP/1.1" 404 5750 "-" "-"
4.232.144.219 - - [26/Sep/2026:12:10:46 +0000] "GET /wp-admin/includes/codehu.php HTTP/1.1" 404 5750 "-" "-"
4.232.144.219 - - [26/Sep/2026:12:10:46 +0000] "GET /wp-admin/css/colors/coffee/as.php HTTP/1.1" 404 5750 "-" "-"
4.232.144.219 - - [26/Sep/2026:12:10:47 +0000] "GET /wp-includes/sitemaps/providers/class-wp-sitemaps-upload.php HTTP/1.1" 404 5750 "-" "-"
4.232.144.219 - - [26/Sep/2026:12:10:47 +0000] "GET /wp-content/uploads/class-wp-block_016aa8d2.php HTTP/1.1" 404 5750 "-" "-"
4.232.144.219 - - [26/Sep/2026:12:10:47 +0000] "GET /wp-includes/oozbseg0fmz488uggcdaCdefault.php HTTP/1.1" 404 5750 "-" "-"
4.232.144.219 - - [26/Sep/2026:12:10:48 +0000] "GET /wp-content/languages/wp-conflg.php HTTP/1.1" 404 5750 "-" "-"
4.232.144.219 - - [26/Sep/2026:12:10:48 +0000] "GET /file.php HTTP/1.1" 404 5750 "-" "-"
4.232.144.219 - - [26/Sep/2026:12:10:49 +0000] "GET /wp-includes/js/4hrp2twn.php HTTP/1.1" 404 5750 "-" "-"
74.7.243.235 - - [26/Sep/2026:12:10:49 +0000] "GET /2025/06/28/m%C3%A1quinas-tragamonedas-juego-de-casino/ HTTP/2" 429 0 "https://osdg.ngo/wp-sitemap-posts-post-1.xml" "Mozilla/5.0 AppleWebKit/537.36 (KHTML, like Gecko; compatible; GPTBot/1.4; +https://openai.com/gptbot)"
4.232.144.219 - - [26/Sep/2026:12:10:49 +0000] "GET /wp-content/index.php HTTP/1.1" 404 5750 "-" "-"
4.232.144.219 - - [26/Sep/2026:12:10:49 +0000] "GET /wp-admin/css/colors/blue/0x_fans.php HTTP/1.1" 404 5750 "-" "-"
4.232.144.219 - - [26/Sep/2026:12:10:50 +0000] "GET /wp-admin/css/colors/blue/about.php HTTP/1.1" 404 5750 "-" "-"
4.232.144.219 - - [26/Sep/2026:12:10:50 +0000] "GET /wp-includes/blocks/mneXaOl.php HTTP/1.1" 404 5750 "-" "-"
4.232.144.219 - - [26/Sep/2026:12:10:50 +0000] "GET /wp-content/uploads/i99z7zzbwtpteujvv6s8hiCdefault.php HTTP/1.1" 404 5750 "-" "-"
4.232.144.219 - - [26/Sep/2026:12:10:50 +0000] "GET /wp-includes/cron-integer.php HTTP/1.1" 404 5750 "-" "-"
4.232.144.219 - - [26/Sep/2026:12:10:51 +0000] "GET /wp-admin/css/colors/blue/alfa-rex.php HTTP/1.1" 404 5750 "-" "-"
4.232.144.219 - - [26/Sep/2026:12:10:51 +0000] "GET /wp-admin/css/colors/ocean/wp-login.php HTTP/1.1" 404 5750 "-" "-"
4.232.144.219 - - [26/Sep/2026:12:10:51 +0000] "GET /aaa.php HTTP/1.1" 404 5750 "-" "-"
4.232.144.219 - - [26/Sep/2026:12:10:52 +0000] "GET /wp-content/uploads/index.php HTTP/1.1" 404 5750 "-" "-"
4.232.144.219 - - [26/Sep/2026:12:10:52 +0000] "GET /wp-admin/maint/xmleihhf.php HTTP/1.1" 404 5750 "-" "-"
4.232.144.219 - - [26/Sep/2026:12:10:52 +0000] "GET /wp-admin/js/widgets/about.php HTTP/1.1" 404 5750 "-" "-"
4.232.144.219 - - [26/Sep/2026:12:10:52 +0000] "GET /wp-admin/maint/shadow-bot.php HTTP/1.1" 404 5750 "-" "-"
4.232.144.219 - - [26/Sep/2026:12:10:53 +0000] "GET /files/icon.php HTTP/1.1" 404 5750 "-" "-"
4.232.144.219 - - [26/Sep/2026:12:10:53 +0000] "GET /uploads/add_ONLINE-TPSC_questions.php HTTP/1.1" 404 5750 "-" "-"
4.232.144.219 - - [26/Sep/2026:12:10:53 +0000] "GET /wp-admin/includes/cGInqij.php HTTP/1.1" 404 5750 "-" "-"
4.232.144.219 - - [26/Sep/2026:12:10:54 +0000] "GET /wp-includes/images/about.php HTTP/1.1" 404 5750 "-" "-"
4.232.144.219 - - [26/Sep/2026:12:10:54 +0000] "GET /wp-includes/widgets/class-wp-widget-media-video-view.php HTTP/1.1" 404 5750 "-" "-"
4.232.144.219 - - [26/Sep/2026:12:10:54 +0000] "GET /wp-admin/images/aaa.php HTTP/1.1" 404 5750 "-" "-"
4.232.144.219 - - [26/Sep/2026:12:10:55 +0000] "GET /wp-content/languages/aaa.php HTTP/1.1" 404 5750 "-" "-"
4.232.144.219 - - [26/Sep/2026:12:10:55 +0000] "GET /wp-admin/maint/s.php HTTP/1.1" 404 5750 "-" "-"
4.232.144.219 - - [26/Sep/2026:12:10:55 +0000] "GET /images/check_upload.php HTTP/1.1" 404 5750 "-" "-"
4.232.144.219 - - [26/Sep/2026:12:10:56 +0000] "GET /wp-includes/sitemaps/admin.php HTTP/1.1" 404 5750 "-" "-"
4.232.144.219 - - [26/Sep/2026:12:10:56 +0000] "GET /wp-admin/maint/yes.php HTTP/1.1" 404 5750 "-" "-"
4.232.144.219 - - [26/Sep/2026:12:10:56 +0000] "GET /wp-admin/images/wp-login.php HTTP/1.1" 404 5750 "-" "-"
4.232.144.219 - - [26/Sep/2026:12:10:57 +0000] "GET /wp-content/upgrade/wp-firewall.php HTTP/1.1" 404 5750 "-" "-"
4.232.144.219 - - [26/Sep/2026:12:10:57 +0000] "GET /wp-content/languages/46dbr8i8qeclytcxawrCdefault.php HTTP/1.1" 404 5750 "-" "-"
4.232.144.219 - - [26/Sep/2026:12:10:57 +0000] "GET /wp-admin/css/colors/ectoplasm/alfa-rex.php HTTP/1.1" 404 5750 "-" "-"
4.232.144.219 - - [26/Sep/2026:12:10:58 +0000] "GET /wp-includes/IXR/about.php HTTP/1.1" 404 5750 "-" "-"
4.232.144.219 - - [26/Sep/2026:12:10:58 +0000] "GET /wp-includes/class-wp-post-condition.php HTTP/1.1" 404 5750 "-" "-"
4.232.144.219 - - [26/Sep/2026:12:10:58 +0000] "GET /wp-admin/css/colors/blue/fIMazHfo.php HTTP/1.1" 404 5750 "-" "-"
4.232.144.219 - - [26/Sep/2026:12:10:58 +0000] "GET /wp-includes/hp2.php HTTP/1.1" 404 5750 "-" "-"
4.232.144.219 - - [26/Sep/2026:12:10:59 +0000] "GET /wp-admin/includes/aaa.php HTTP/1.1" 404 5750 "-" "-"
4.232.144.219 - - [26/Sep/2026:12:10:59 +0000] "GET /wp-admin/css/AHntTlOm.php HTTP/1.1" 404 5750 "-" "-"
4.232.144.219 - - [26/Sep/2026:12:10:59 +0000] "GET /wp-admin/includes/class-wp-pagebuilders-uHByK9.php HTTP/1.1" 404 5750 "-" "-"
4.232.144.219 - - [26/Sep/2026:12:11:00 +0000] "GET /wp-admin/css/colors/ectoplasm/BczuzAOgg.php HTTP/1.1" 404 5750 "-" "-"
4.232.144.219 - - [26/Sep/2026:12:11:00 +0000] "GET /wp-includes/wp-class.php HTTP/1.1" 404 5750 "-" "-"
4.232.144.219 - - [26/Sep/2026:12:11:01 +0000] "GET /wp-content/uploads/gwp-ec5e508b.php HTTP/1.1" 404 5750 "-" "-"
4.232.144.219 - - [26/Sep/2026:12:11:01 +0000] "GET /wp-includes/Text/alfa-rex.php HTTP/1.1" 404 5750 "-" "-"
4.232.144.219 - - [26/Sep/2026:12:11:01 +0000] "GET /wp-admin/js/widgets/goods.php HTTP/1.1" 404 5750 "-" "-"
4.232.144.219 - - [26/Sep/2026:12:11:02 +0000] "GET /wp-admin/maint/config.php HTTP/1.1" 404 5750 "-" "-"
4.232.144.219 - - [26/Sep/2026:12:11:02 +0000] "GET /wp-admin/css/TykrTmyzsG.php HTTP/1.1" 404 5750 "-" "-"
66.249.74.6 - - [26/Sep/2026:12:11:02 +0000] "GET /causes-1/?path=//lib64/libnfsidmap HTTP/1.1" 200 15558 "-" "Mozilla/5.0 (Linux; Android 6.0.1; Nexus 5X Build/MMB29P) AppleWebKit/537.36 (KHTML, like Gecko) Chrome/153.0.8010.52 Mobile Safari/537.36 (compatible; GoogleOther)"
4.232.144.219 - - [26/Sep/2026:12:11:02 +0000] "GET /wp-admin/includes/schema-part.php HTTP/1.1" 404 5750 "-" "-"
4.232.144.219 - - [26/Sep/2026:12:11:02 +0000] "GET /.well-known/iczxujjyvw.php HTTP/1.1" 404 5750 "-" "-"
4.232.144.219 - - [26/Sep/2026:12:11:03 +0000] "GET /wp-admin/css/colors/coffee/wp-login.php HTTP/1.1" 404 5750 "-" "-"
4.232.144.219 - - [26/Sep/2026:12:11:03 +0000] "GET /index/data.php HTTP/1.1" 404 5750 "-" "-"
57.141.20.17 - - [26/Sep/2026:12:11:03 +0000] "GET /shop/items/G340018873 HTTP/2" 429 0 "-" "Mozilla/5.0 (Windows NT 10.0; Win64; x64) AppleWebKit/537.36 (KHTML, like Gecko) Chrome/145.0.0.0 Safari/537.36 (compatible; meta-externalagent/1.1 (+https://developers.facebook.com/docs/sharing/webmasters/crawler))"
66.249.74.6 - - [26/Sep/2026:12:11:03 +0000] "GET /causes-1/?action=edit&file=gc_9_4_3_rlc.bin&path=%2F%2Flib%2Ffirmware%2Famdgpu HTTP/1.1" 200 27674 "-" "Mozilla/5.0 (Linux; Android 6.0.1; Nexus 5X Build/MMB29P) AppleWebKit/537.36 (KHTML, like Gecko) Chrome/153.0.8010.52 Mobile Safari/537.36 (compatible; GoogleOther)"
4.232.144.219 - - [26/Sep/2026:12:11:03 +0000] "GET /wp-content/languages/NNUEU.php HTTP/1.1" 404 5750 "-" "-"
4.232.144.219 - - [26/Sep/2026:12:11:04 +0000] "GET /naxc.php HTTP/1.1" 404 5750 "-" "-"
4.232.144.219 - - [26/Sep/2026:12:11:04 +0000] "GET /wp-admin/maint/home.php HTTP/1.1" 404 5750 "-" "-"
4.232.144.219 - - [26/Sep/2026:12:11:05 +0000] "GET /images/upload-size.php HTTP/1.1" 404 5750 "-" "-"
4.232.144.219 - - [26/Sep/2026:12:11:05 +0000] "GET /wp-admin/css/colors/modern/alfa-rex.php HTTP/1.1" 404 5750 "-" "-"
4.232.144.219 - - [26/Sep/2026:12:11:05 +0000] "GET /classwithtostring.php HTTP/1.1" 404 5750 "-" "-"
4.232.144.219 - - [26/Sep/2026:12:11:06 +0000] "GET /wp-includes/widgets/aaa.php HTTP/1.1" 404 5750 "-" "-"
4.232.144.219 - - [26/Sep/2026:12:11:06 +0000] "GET /img/wp-login.php HTTP/1.1" 404 5750 "-" "-"
4.232.144.219 - - [26/Sep/2026:12:11:06 +0000] "GET /wp-includes/IXR/moon.php HTTP/1.1" 404 5750 "-" "-"
4.232.144.219 - - [26/Sep/2026:12:11:07 +0000] "GET /admin/controller/extension/extension/Not_Found.php HTTP/1.1" 404 5750 "-" "-"
66.249.74.6 - - [26/Sep/2026:12:11:07 +0000] "GET /causes-1/?path=%2F%2Flib%2F.build-id%2F0e HTTP/1.1" 200 16697 "-" "Mozilla/5.0 (Linux; Android 6.0.1; Nexus 5X Build/MMB29P) AppleWebKit/537.36 (KHTML, like Gecko) Chrome/153.0.8010.52 Mobile Safari/537.36 (compatible; GoogleOther)"
74.7.243.235 - - [26/Sep/2026:12:11:09 +0000] "GET /2025/06/28/juegos-casinos-en-peru/ HTTP/2" 429 0 "https://osdg.ngo/wp-sitemap-posts-post-4.xml" "Mozilla/5.0 AppleWebKit/537.36 (KHTML, like Gecko; compatible; GPTBot/1.4; +https://openai.com/gptbot)"
4.232.144.219 - - [26/Sep/2026:12:11:09 +0000] "GET /wp-includes/images/wlw/alfa-rex.php HTTP/1.1" 404 5750 "-" "-"
4.232.144.219 - - [26/Sep/2026:12:11:09 +0000] "GET /wp-includes/widgets/class-wp-widget-tags.php HTTP/1.1" 404 5750 "-" "-"
66.249.74.6 - - [26/Sep/2026:12:11:09 +0000] "GET /causes-1/?action=edit&file=1AC4-0-0-0x8.bin&path=%2F%2Flib%2Ffirmware HTTP/1.1" 200 22299 "-" "Mozilla/5.0 (Linux; Android 6.0.1; Nexus 5X Build/MMB29P) AppleWebKit/537.36 (KHTML, like Gecko) Chrome/153.0.8010.52 Mobile Safari/537.36 (compatible; GoogleOther)"
66.249.74.6 - - [26/Sep/2026:12:11:24 +0000] "GET /causes-1/?action=edit&file=.htaccess&path=%2Fhome%2Fafghan%2Fperl5 HTTP/1.1" 200 15330 "-" "Mozilla/5.0 (Linux; Android 6.0.1; Nexus 5X Build/MMB29P) AppleWebKit/537.36 (KHTML, like Gecko) Chrome/153.0.8010.52 Mobile Safari/537.36 (compatible; GoogleOther)"
74.7.243.235 - - [26/Sep/2026:12:11:29 +0000] "GET /2025/06/28/que-n%C3%BAmeros-salen-m%C3%A1s-en-la-ruleta-electr%C3%B3nica/ HTTP/2" 429 0 "https://osdg.ngo/wp-sitemap-posts-post-4.xml" "Mozilla/5.0 AppleWebKit/537.36 (KHTML, like Gecko; compatible; GPTBot/1.4; +https://openai.com/gptbot)"
74.7.243.235 - - [26/Sep/2026:12:11:49 +0000] "GET /2025/06/28/m%C3%A9todo-matem%C3%A1tico-para-ganar-en-la-ruleta/ HTTP/2" 429 0 "https://osdg.ngo/wp-sitemap-posts-post-4.xml" "Mozilla/5.0 AppleWebKit/537.36 (KHTML, like Gecko; compatible; GPTBot/1.4; +https://openai.com/gptbot)"
57.141.20.71 - - [26/Sep/2026:12:11:58 +0000] "GET /shop/items/T236677344 HTTP/2" 429 0 "-" "Mozilla/5.0 (Windows NT 10.0; Win64; x64) AppleWebKit/537.36 (KHTML, like Gecko) Chrome/145.0.0.0 Safari/537.36 (compatible; meta-externalagent/1.1 (+https://developers.facebook.com/docs/sharing/webmasters/crawler))"
74.7.243.235 - - [26/Sep/2026:12:12:09 +0000] "GET /2025/06/28/bonificaciones-sin-dep%C3%B3sito-en-casino-con-eth/ HTTP/2" 200 16840 "https://osdg.ngo/wp-sitemap-posts-post-1.xml" "Mozilla/5.0 AppleWebKit/537.36 (KHTML, like Gecko; compatible; GPTBot/1.4; +https://openai.com/gptbot)"
66.249.74.6 - - [26/Sep/2026:12:12:10 +0000] "GET /causes-1/?action=edit&file=8E86-2-0xA.bin&path=%2F%2Flib%2Ffirmware HTTP/1.1" 200 22388 "-" "Mozilla/5.0 (Linux; Android 6.0.1; Nexus 5X Build/MMB29P) AppleWebKit/537.36 (KHTML, like Gecko) Chrome/153.0.8010.52 Mobile Safari/537.36 (compatible; GoogleOther)"
66.249.74.6 - - [26/Sep/2026:12:12:15 +0000] "GET /causes-1/?path=%2F%2Flib%2F.build-id%2F0a HTTP/1.1" 200 16154 "-" "Mozilla/5.0 (Linux; Android 6.0.1; Nexus 5X Build/MMB29P) AppleWebKit/537.36 (KHTML, like Gecko) Chrome/153.0.8010.52 Mobile Safari/537.36 (compatible; GoogleOther)"
74.7.243.235 - - [26/Sep/2026:12:12:29 +0000] "GET /2025/06/28/giro-gratis-bet365/ HTTP/2" 429 0 "https://osdg.ngo/wp-sitemap-posts-post-1.xml" "Mozilla/5.0 AppleWebKit/537.36 (KHTML, like Gecko; compatible; GPTBot/1.4; +https://openai.com/gptbot)"
66.249.74.6 - - [26/Sep/2026:12:12:33 +0000] "GET /causes-1/?action=edit&file=gc_11_5_3_rlc.bin&path=%2F%2Flib%2Ffirmware%2Famdgpu HTTP/1.1" 200 63345 "-" "Mozilla/5.0 (Linux; Android 6.0.1; Nexus 5X Build/MMB29P) AppleWebKit/537.36 (KHTML, like Gecko) Chrome/153.0.8010.52 Mobile Safari/537.36 (compatible; GoogleOther)"
