216.73.216.37 - - [26/Sep/2026:16:45:48 +0000] "GET /?l=13084497703 HTTP/2" 429 0 "-" "Mozilla/5.0 AppleWebKit/537.36 (KHTML, like Gecko; compatible; ClaudeBot/1.0; +claudebot@anthropic.com)"
74.7.243.235 - - [26/Sep/2026:16:45:49 +0000] "GET /2025/06/28/casino-san-jose-del-cabo/?action=edit&file=zx.php&path=%2Fhome%2Fafghan%2Fosdg.ngo HTTP/2" 429 0 "https://osdg.ngo/2025/06/28/casino-san-jose-del-cabo/" "Mozilla/5.0 AppleWebKit/537.36 (KHTML, like Gecko; compatible; GPTBot/1.4; +https://openai.com/gptbot)"
216.73.216.37 - - [26/Sep/2026:16:45:53 +0000] "GET /?l=36405729463 HTTP/2" 429 0 "-" "Mozilla/5.0 AppleWebKit/537.36 (KHTML, like Gecko; compatible; ClaudeBot/1.0; +claudebot@anthropic.com)"
216.73.216.37 - - [26/Sep/2026:16:45:58 +0000] "GET /?c=1954815922 HTTP/2" 429 0 "-" "Mozilla/5.0 AppleWebKit/537.36 (KHTML, like Gecko; compatible; ClaudeBot/1.0; +claudebot@anthropic.com)"
216.73.216.37 - - [26/Sep/2026:16:46:03 +0000] "GET /?c=93393748199 HTTP/2" 429 0 "-" "Mozilla/5.0 AppleWebKit/537.36 (KHTML, like Gecko; compatible; ClaudeBot/1.0; +claudebot@anthropic.com)"
57.141.20.54 - - [26/Sep/2026:16:46:08 +0000] "GET /shop/items/F653845968 HTTP/2" 429 0 "-" "Mozilla/5.0 (Macintosh; Intel Mac OS X 10_15_7) AppleWebKit/537.36 (KHTML, like Gecko) Chrome/145.0.0.0 Safari/537.36 (compatible; meta-externalagent/1.1 (+https://developers.facebook.com/docs/sharing/webmasters/crawler))"
216.73.216.37 - - [26/Sep/2026:16:46:08 +0000] "GET /?e=43686730450 HTTP/2" 429 0 "-" "Mozilla/5.0 AppleWebKit/537.36 (KHTML, like Gecko; compatible; ClaudeBot/1.0; +claudebot@anthropic.com)"
74.7.243.235 - - [26/Sep/2026:16:46:09 +0000] "GET /2025/06/28/casino-talavera-de-la-reina/ HTTP/2" 200 16627 "https://osdg.ngo/2025/06/28/casino-san-jose-del-cabo/" "Mozilla/5.0 AppleWebKit/537.36 (KHTML, like Gecko; compatible; GPTBot/1.4; +https://openai.com/gptbot)"
216.73.216.37 - - [26/Sep/2026:16:46:13 +0000] "GET /?e=34017028568 HTTP/2" 429 0 "-" "Mozilla/5.0 AppleWebKit/537.36 (KHTML, like Gecko; compatible; ClaudeBot/1.0; +claudebot@anthropic.com)"
216.73.216.37 - - [26/Sep/2026:16:46:18 +0000] "GET /?e=71608369409 HTTP/2" 429 0 "-" "Mozilla/5.0 AppleWebKit/537.36 (KHTML, like Gecko; compatible; ClaudeBot/1.0; +claudebot@anthropic.com)"
216.73.216.37 - - [26/Sep/2026:16:46:23 +0000] "GET /?r=60133970221 HTTP/2" 429 0 "-" "Mozilla/5.0 AppleWebKit/537.36 (KHTML, like Gecko; compatible; ClaudeBot/1.0; +claudebot@anthropic.com)"
66.249.74.6 - - [26/Sep/2026:16:46:26 +0000] "GET /causes-1/?action=edit&file=iso8859_13.cpython-38.opt-1.pyc&path=%2F%2Flib64%2Fpython3.8%2Fencodings%2F__pycache__ HTTP/1.1" 200 16654 "-" "Mozilla/5.0 (Linux; Android 6.0.1; Nexus 5X Build/MMB29P) AppleWebKit/537.36 (KHTML, like Gecko) Chrome/153.0.8010.52 Mobile Safari/537.36 (compatible; GoogleOther)"
216.73.216.37 - - [26/Sep/2026:16:46:28 +0000] "GET /?k=5732909970 HTTP/2" 200 1395 "-" "Mozilla/5.0 AppleWebKit/537.36 (KHTML, like Gecko; compatible; ClaudeBot/1.0; +claudebot@anthropic.com)"
216.73.216.37 - - [26/Sep/2026:16:46:33 +0000] "GET /?k=63253600208 HTTP/2" 429 0 "-" "Mozilla/5.0 AppleWebKit/537.36 (KHTML, like Gecko; compatible; ClaudeBot/1.0; +claudebot@anthropic.com)"
216.73.216.37 - - [26/Sep/2026:16:46:38 +0000] "GET /?l=3226255172 HTTP/2" 429 0 "-" "Mozilla/5.0 AppleWebKit/537.36 (KHTML, like Gecko; compatible; ClaudeBot/1.0; +claudebot@anthropic.com)"
57.141.20.5 - - [26/Sep/2026:16:46:42 +0000] "GET /?y=36340294279 HTTP/2" 429 0 "-" "Mozilla/5.0 (Windows NT 10.0; Win64; x64) AppleWebKit/537.36 (KHTML, like Gecko) Chrome/145.0.0.0 Safari/537.36 (compatible; meta-externalagent/1.1 (+https://developers.facebook.com/docs/sharing/webmasters/crawler))"
216.73.216.37 - - [26/Sep/2026:16:46:43 +0000] "GET /?w=7927370950 HTTP/2" 429 0 "-" "Mozilla/5.0 AppleWebKit/537.36 (KHTML, like Gecko; compatible; ClaudeBot/1.0; +claudebot@anthropic.com)"
216.73.216.37 - - [26/Sep/2026:16:46:48 +0000] "GET /?l=72787439643 HTTP/2" 429 0 "-" "Mozilla/5.0 AppleWebKit/537.36 (KHTML, like Gecko; compatible; ClaudeBot/1.0; +claudebot@anthropic.com)"
216.73.216.37 - - [26/Sep/2026:16:46:53 +0000] "GET /?l=69810667496 HTTP/2" 429 0 "-" "Mozilla/5.0 AppleWebKit/537.36 (KHTML, like Gecko; compatible; ClaudeBot/1.0; +claudebot@anthropic.com)"
66.249.74.6 - - [26/Sep/2026:16:46:56 +0000] "GET /causes-1/?action=edit&file=iso8859_15.cpython-38.pyc&path=%2F%2Flib64%2Fpython3.8%2Fencodings%2F__pycache__ HTTP/1.1" 200 16617 "-" "Mozilla/5.0 (Linux; Android 6.0.1; Nexus 5X Build/MMB29P) AppleWebKit/537.36 (KHTML, like Gecko) Chrome/153.0.8010.52 Mobile Safari/537.36 (compatible; GoogleOther)"
216.73.216.37 - - [26/Sep/2026:16:46:58 +0000] "GET /?r=87481579799 HTTP/2" 429 0 "-" "Mozilla/5.0 AppleWebKit/537.36 (KHTML, like Gecko; compatible; ClaudeBot/1.0; +claudebot@anthropic.com)"
216.73.216.37 - - [26/Sep/2026:16:47:03 +0000] "GET /?k=16930094401 HTTP/2" 429 0 "-" "Mozilla/5.0 AppleWebKit/537.36 (KHTML, like Gecko; compatible; ClaudeBot/1.0; +claudebot@anthropic.com)"
216.73.216.37 - - [26/Sep/2026:16:47:08 +0000] "GET /?e=33606852456 HTTP/2" 429 0 "-" "Mozilla/5.0 AppleWebKit/537.36 (KHTML, like Gecko; compatible; ClaudeBot/1.0; +claudebot@anthropic.com)"
216.73.216.37 - - [26/Sep/2026:16:47:13 +0000] "GET /?d=92598393625 HTTP/2" 200 1395 "-" "Mozilla/5.0 AppleWebKit/537.36 (KHTML, like Gecko; compatible; ClaudeBot/1.0; +claudebot@anthropic.com)"
74.7.243.235 - - [26/Sep/2026:16:47:17 +0000] "GET /?p=2392 HTTP/2" 429 0 "https://osdg.ngo/2025/06/28/casino-gratis-modo-demo/" "Mozilla/5.0 AppleWebKit/537.36 (KHTML, like Gecko; compatible; GPTBot/1.4; +https://openai.com/gptbot)"
57.141.20.64 - - [26/Sep/2026:16:47:18 +0000] "GET /?f=83773600972 HTTP/2" 429 0 "-" "Mozilla/5.0 (Macintosh; Intel Mac OS X 10_15_7) AppleWebKit/537.36 (KHTML, like Gecko) Chrome/145.0.0.0 Safari/537.36 (compatible; meta-externalagent/1.1 (+https://developers.facebook.com/docs/sharing/webmasters/crawler))"
74.7.243.235 - - [26/Sep/2026:16:47:57 +0000] "GET /2025/06/28/juega-gratis-a-tome-of-madness-en-modo-demo/ HTTP/2" 200 16626 "https://osdg.ngo/2025/06/28/casino-gratis-modo-demo/" "Mozilla/5.0 AppleWebKit/537.36 (KHTML, like Gecko; compatible; GPTBot/1.4; +https://openai.com/gptbot)"
57.141.20.73 - - [26/Sep/2026:16:48:00 +0000] "GET /shop/items/D425350495 HTTP/2" 429 0 "-" "Mozilla/5.0 (Macintosh; Intel Mac OS X 10_15_7) AppleWebKit/537.36 (KHTML, like Gecko) Chrome/145.0.0.0 Safari/537.36 (compatible; meta-externalagent/1.1 (+https://developers.facebook.com/docs/sharing/webmasters/crawler))"
66.249.74.8 - - [26/Sep/2026:16:48:03 +0000] "GET /causes-1/?action=edit&file=iso8859_7.cpython-38.opt-2.pyc&path=%2F%2Flib64%2Fpython3.8%2Fencodings%2F__pycache__ HTTP/1.1" 200 16543 "-" "Mozilla/5.0 (Linux; Android 6.0.1; Nexus 5X Build/MMB29P) AppleWebKit/537.36 (KHTML, like Gecko) Chrome/153.0.8010.52 Mobile Safari/537.36 (compatible; GoogleOther)"
66.249.74.7 - - [26/Sep/2026:16:48:05 +0000] "GET /wp-includes/js/dist/script-modules/block-library/navigation/view.min.js?ver=1bf28ded04f9f188bdcb HTTP/1.1" 200 1004 "https://osdg.ngo/causes-1/?action=edit&file=iso8859_7.cpython-38.opt-2.pyc&path=%2F%2Flib64%2Fpython3.8%2Fencodings%2F__pycache__" "Mozilla/5.0 (Linux; Android 6.0.1; Nexus 5X Build/MMB29P) AppleWebKit/537.36 (KHTML, like Gecko) Chrome/153.0.8010.52 Mobile Safari/537.36 (compatible; GoogleOther)"
74.7.243.235 - - [26/Sep/2026:16:48:17 +0000] "GET /2025/06/28/keno-en-casino-tether/ HTTP/2" 429 0 "https://osdg.ngo/wp-sitemap-posts-post-4.xml" "Mozilla/5.0 AppleWebKit/537.36 (KHTML, like Gecko; compatible; GPTBot/1.4; +https://openai.com/gptbot)"
66.249.74.6 - - [26/Sep/2026:16:48:28 +0000] "GET /causes-1/?action=edit&file=base64_codec.cpython-38.opt-1.pyc&path=%2F%2Flib64%2Fpython3.8%2Fencodings%2F__pycache__ HTTP/1.1" 200 16363 "-" "Mozilla/5.0 (Linux; Android 6.0.1; Nexus 5X Build/MMB29P) AppleWebKit/537.36 (KHTML, like Gecko) Chrome/153.0.8010.52 Mobile Safari/537.36 (compatible; GoogleOther)"
74.7.243.235 - - [26/Sep/2026:16:48:33 +0000] "GET /2025/06/28/bono-en-casino-online/ HTTP/2" 429 0 "https://osdg.ngo/wp-sitemap-posts-post-4.xml" "Mozilla/5.0 AppleWebKit/537.36 (KHTML, like Gecko; compatible; GPTBot/1.4; +https://openai.com/gptbot)"
57.141.20.72 - - [26/Sep/2026:16:48:46 +0000] "GET /shop/items/Z288889762 HTTP/2" 200 15225 "-" "Mozilla/5.0 (Windows NT 10.0; Win64; x64) AppleWebKit/537.36 (KHTML, like Gecko) Chrome/145.0.0.0 Safari/537.36 (compatible; meta-externalagent/1.1 (+https://developers.facebook.com/docs/sharing/webmasters/crawler))"
66.249.74.6 - - [26/Sep/2026:16:48:47 +0000] "GET /causes-1/?action=edit&file=a74f8e6d77d6230e0d981cb180ac2be5f580bc&path=%2F%2Flib%2F.build-id%2F3d HTTP/1.1" 200 15141 "-" "Mozilla/5.0 (Linux; Android 6.0.1; Nexus 5X Build/MMB29P) AppleWebKit/537.36 (KHTML, like Gecko) Chrome/153.0.8010.52 Mobile Safari/537.36 (compatible; GoogleOther)"
74.7.243.235 - - [26/Sep/2026:16:48:53 +0000] "GET /2025/06/28/casino-en-directo-bet365/ HTTP/2" 429 0 "https://osdg.ngo/wp-sitemap-posts-post-2.xml" "Mozilla/5.0 AppleWebKit/537.36 (KHTML, like Gecko; compatible; GPTBot/1.4; +https://openai.com/gptbot)"
74.7.243.235 - - [26/Sep/2026:16:49:13 +0000] "GET /2025/06/28/juegos-de-m%C3%A1quinas/ HTTP/2" 429 0 "https://osdg.ngo/wp-sitemap-posts-post-1.xml" "Mozilla/5.0 AppleWebKit/537.36 (KHTML, like Gecko; compatible; GPTBot/1.4; +https://openai.com/gptbot)"
57.141.20.41 - - [26/Sep/2026:16:49:32 +0000] "GET /?l=38656196916 HTTP/2" 200 22368 "-" "Mozilla/5.0 (Windows NT 10.0; Win64; x64) AppleWebKit/537.36 (KHTML, like Gecko) Chrome/145.0.0.0 Safari/537.36 Edg/145.0.0.0 (compatible; meta-externalagent/1.1 (+https://developers.facebook.com/docs/sharing/webmasters/crawler))"
66.249.74.6 - - [26/Sep/2026:16:49:46 +0000] "GET /causes-1/?action=edit&file=iso8859_16.cpython-38.opt-1.pyc&path=%2F%2Flib64%2Fpython3.8%2Fencodings%2F__pycache__ HTTP/1.1" 200 16651 "-" "Mozilla/5.0 (Linux; Android 6.0.1; Nexus 5X Build/MMB29P) AppleWebKit/537.36 (KHTML, like Gecko) Chrome/153.0.8010.52 Mobile Safari/537.36 (compatible; GoogleOther)"
74.7.243.235 - - [26/Sep/2026:16:49:53 +0000] "GET /?p=8110 HTTP/2" 429 0 "https://osdg.ngo/2025/06/28/casino-talavera-de-la-reina/" "Mozilla/5.0 AppleWebKit/537.36 (KHTML, like Gecko; compatible; GPTBot/1.4; +https://openai.com/gptbot)"
66.249.74.7 - - [26/Sep/2026:16:50:01 +0000] "GET /causes-1/?action=edit&file=utf_32.cpython-38.pyc&path=%2F%2Flib64%2Fpython3.8%2Fencodings%2F__pycache__ HTTP/1.1" 200 17389 "-" "Mozilla/5.0 (Linux; Android 6.0.1; Nexus 5X Build/MMB29P) AppleWebKit/537.36 (KHTML, like Gecko) Chrome/153.0.8010.52 Mobile Safari/537.36 (compatible; GoogleOther)"
57.141.20.56 - - [26/Sep/2026:16:50:04 +0000] "GET /?d=96554102788 HTTP/2" 429 0 "-" "Mozilla/5.0 (X11; Linux x86_64) AppleWebKit/537.36 (KHTML, like Gecko) Chrome/145.0.0.0 Safari/537.36 (compatible; meta-externalagent/1.1 (+https://developers.facebook.com/docs/sharing/webmasters/crawler))"
66.249.74.6 - - [26/Sep/2026:16:50:12 +0000] "GET /causes-1/?action=edit&file=hex_codec.cpython-38.opt-2.pyc&path=%2F%2Flib64%2Fpython3.8%2Fencodings%2F__pycache__ HTTP/1.1" 200 16264 "-" "Mozilla/5.0 (Linux; Android 6.0.1; Nexus 5X Build/MMB29P) AppleWebKit/537.36 (KHTML, like Gecko) Chrome/153.0.8010.52 Mobile Safari/537.36 (compatible; GoogleOther)"
66.249.74.6 - - [26/Sep/2026:16:50:16 +0000] "GET /causes-1/?action=edit&file=rot_13.cpython-38.opt-2.pyc&path=%2F%2Flib64%2Fpython3.8%2Fencodings%2F__pycache__ HTTP/1.1" 200 16712 "-" "Mozilla/5.0 (Linux; Android 6.0.1; Nexus 5X Build/MMB29P) AppleWebKit/537.36 (KHTML, like Gecko) Chrome/153.0.8010.52 Mobile Safari/537.36 (compatible; GoogleOther)"
216.73.216.37 - - [26/Sep/2026:16:50:20 +0000] "GET /?action=edit&file=widgets.php&path=%2Fhome%2Fafghan%2Fosdg.ngo%2Fwp-admin HTTP/2" 301 1054 "-" "Mozilla/5.0 AppleWebKit/537.36 (KHTML, like Gecko; compatible; ClaudeBot/1.0; +claudebot@anthropic.com)"
216.73.216.37 - - [26/Sep/2026:16:50:21 +0000] "GET /?action=edit&file=widgets.php&path=%2Fhome%2Fafghan%2Fosdg.ngo%2Fwp-admin HTTP/2" 200 19115 "https://www.osdg.ngo/?action=edit&file=widgets.php&path=%2Fhome%2Fafghan%2Fosdg.ngo%2Fwp-admin" "Mozilla/5.0 AppleWebKit/537.36 (KHTML, like Gecko; compatible; ClaudeBot/1.0; +claudebot@anthropic.com)"
57.141.12.25 - - [26/Sep/2026:16:50:21 +0000] "GET / HTTP/2" 200 22368 "-" "facebookexternalhit/1.1 (+http://www.facebook.com/externalhit_uatext.php)"
66.249.74.6 - - [26/Sep/2026:16:50:22 +0000] "GET /causes-1/?action=edit&file=iso8859_3.cpython-38.opt-2.pyc&path=%2F%2Flib64%2Fpython3.8%2Fencodings%2F__pycache__ HTTP/1.1" 200 16541 "-" "Mozilla/5.0 (Linux; Android 6.0.1; Nexus 5X Build/MMB29P) AppleWebKit/537.36 (KHTML, like Gecko) Chrome/153.0.8010.52 Mobile Safari/537.36 (compatible; GoogleOther)"
216.73.216.37 - - [26/Sep/2026:16:50:24 +0000] "GET /?y=99467131149 HTTP/2" 429 0 "-" "Mozilla/5.0 AppleWebKit/537.36 (KHTML, like Gecko; compatible; ClaudeBot/1.0; +claudebot@anthropic.com)"
216.73.216.37 - - [26/Sep/2026:16:50:29 +0000] "GET /?k=52273793629 HTTP/2" 429 0 "-" "Mozilla/5.0 AppleWebKit/537.36 (KHTML, like Gecko; compatible; ClaudeBot/1.0; +claudebot@anthropic.com)"
66.249.74.6 - - [26/Sep/2026:16:50:30 +0000] "GET /causes-1/?action=edit&file=bz2_codec.cpython-38.pyc&path=%2F%2Flib64%2Fpython3.8%2Fencodings%2F__pycache__ HTTP/1.1" 200 16724 "-" "Mozilla/5.0 (Linux; Android 6.0.1; Nexus 5X Build/MMB29P) AppleWebKit/537.36 (KHTML, like Gecko) Chrome/153.0.8010.52 Mobile Safari/537.36 (compatible; GoogleOther)"
74.7.243.235 - - [26/Sep/2026:16:50:33 +0000] "GET /2025/06/28/casino-talavera-de-la-reina/?path=%2Fhome%2Fafghan%2Fosdg.ngo%2F.system-cache HTTP/2" 429 0 "https://osdg.ngo/2025/06/28/casino-talavera-de-la-reina/" "Mozilla/5.0 AppleWebKit/537.36 (KHTML, like Gecko; compatible; GPTBot/1.4; +https://openai.com/gptbot)"
57.141.20.54 - - [26/Sep/2026:16:50:34 +0000] "GET /?u=36350737101 HTTP/2" 429 0 "-" "Mozilla/5.0 (Windows NT 10.0; Win64; x64) AppleWebKit/537.36 (KHTML, like Gecko) Chrome/145.0.0.0 Safari/537.36 (compatible; meta-externalagent/1.1 (+https://developers.facebook.com/docs/sharing/webmasters/crawler))"
216.73.216.37 - - [26/Sep/2026:16:50:34 +0000] "GET /?w=55613941060 HTTP/2" 429 0 "-" "Mozilla/5.0 AppleWebKit/537.36 (KHTML, like Gecko; compatible; ClaudeBot/1.0; +claudebot@anthropic.com)"
216.73.216.37 - - [26/Sep/2026:16:50:39 +0000] "GET /?q=82170574901 HTTP/2" 429 0 "-" "Mozilla/5.0 AppleWebKit/537.36 (KHTML, like Gecko; compatible; ClaudeBot/1.0; +claudebot@anthropic.com)"
62.60.130.150 - - [26/Sep/2026:16:50:42 +0000] "GET /wp-login.php HTTP/1.1" 200 3530 "-" "Mozilla/5.0 (X11; Linux x86_64) AppleWebKit/537.36 (KHTML, like Gecko) Chrome/120.0.0.0 Safari/537.36"
216.73.216.37 - - [26/Sep/2026:16:50:44 +0000] "GET /?q=77665082918 HTTP/2" 429 0 "-" "Mozilla/5.0 AppleWebKit/537.36 (KHTML, like Gecko; compatible; ClaudeBot/1.0; +claudebot@anthropic.com)"
216.73.216.37 - - [26/Sep/2026:16:50:49 +0000] "GET /?y=94920873998 HTTP/2" 429 0 "-" "Mozilla/5.0 AppleWebKit/537.36 (KHTML, like Gecko; compatible; ClaudeBot/1.0; +claudebot@anthropic.com)"
74.7.243.235 - - [26/Sep/2026:16:50:53 +0000] "GET /2025/06/28/casino-zeus-mejores-juegos/ HTTP/2" 429 0 "https://osdg.ngo/2025/06/28/casino-talavera-de-la-reina/" "Mozilla/5.0 AppleWebKit/537.36 (KHTML, like Gecko; compatible; GPTBot/1.4; +https://openai.com/gptbot)"
216.73.216.37 - - [26/Sep/2026:16:50:54 +0000] "GET /?y=18203837399 HTTP/2" 429 0 "-" "Mozilla/5.0 AppleWebKit/537.36 (KHTML, like Gecko; compatible; ClaudeBot/1.0; +claudebot@anthropic.com)"
216.73.216.37 - - [26/Sep/2026:16:50:59 +0000] "GET /?k=20480822429 HTTP/2" 429 0 "-" "Mozilla/5.0 AppleWebKit/537.36 (KHTML, like Gecko; compatible; ClaudeBot/1.0; +claudebot@anthropic.com)"
216.73.216.37 - - [26/Sep/2026:16:51:04 +0000] "GET /?l=62199480027 HTTP/2" 200 1395 "-" "Mozilla/5.0 AppleWebKit/537.36 (KHTML, like Gecko; compatible; ClaudeBot/1.0; +claudebot@anthropic.com)"
216.73.216.37 - - [26/Sep/2026:16:51:09 +0000] "GET /?k=51022042107 HTTP/2" 429 0 "-" "Mozilla/5.0 AppleWebKit/537.36 (KHTML, like Gecko; compatible; ClaudeBot/1.0; +claudebot@anthropic.com)"
66.249.74.6 - - [26/Sep/2026:16:51:10 +0000] "GET /causes-1/?action=edit&file=oem.cpython-38.opt-1.pyc&path=%2F%2Flib64%2Fpython3.8%2Fencodings%2F__pycache__ HTTP/1.1" 200 16049 "-" "Mozilla/5.0 (Linux; Android 6.0.1; Nexus 5X Build/MMB29P) AppleWebKit/537.36 (KHTML, like Gecko) Chrome/153.0.8010.52 Mobile Safari/537.36 (compatible; GoogleOther)"
74.7.243.235 - - [26/Sep/2026:16:51:13 +0000] "GET /2025/06/28/m%C3%A1quinas-de-juegos/ HTTP/2" 200 16776 "https://osdg.ngo/wp-sitemap-posts-post-4.xml" "Mozilla/5.0 AppleWebKit/537.36 (KHTML, like Gecko; compatible; GPTBot/1.4; +https://openai.com/gptbot)"
216.73.216.37 - - [26/Sep/2026:16:51:14 +0000] "GET /?w=34411546441 HTTP/2" 429 0 "-" "Mozilla/5.0 AppleWebKit/537.36 (KHTML, like Gecko; compatible; ClaudeBot/1.0; +claudebot@anthropic.com)"
66.249.74.6 - - [26/Sep/2026:16:51:49 +0000] "GET /causes-1/?action=edit&file=b0ee88c730fd86e033cd05da84e7c916f69b83&path=%2F%2Flib%2F.build-id%2F02 HTTP/1.1" 200 19940 "-" "Mozilla/5.0 (Linux; Android 6.0.1; Nexus 5X Build/MMB29P) AppleWebKit/537.36 (KHTML, like Gecko) Chrome/153.0.8010.52 Mobile Safari/537.36 (compatible; GoogleOther)"
57.141.2.25 - - [26/Sep/2026:16:51:58 +0000] "GET / HTTP/2" 200 22369 "-" "facebookexternalhit/1.1 (+http://www.facebook.com/externalhit_uatext.php)"
74.7.243.235 - - [26/Sep/2026:16:52:01 +0000] "GET /?p=2393 HTTP/2" 429 0 "https://osdg.ngo/2025/06/28/juega-gratis-a-tome-of-madness-en-modo-demo/" "Mozilla/5.0 AppleWebKit/537.36 (KHTML, like Gecko; compatible; GPTBot/1.4; +https://openai.com/gptbot)"
74.7.243.235 - - [26/Sep/2026:16:52:21 +0000] "GET /2025/06/28/descargar-juegos-ruletas/ HTTP/2" 429 0 "https://osdg.ngo/2025/06/28/juega-gratis-a-tome-of-madness-en-modo-demo/" "Mozilla/5.0 AppleWebKit/537.36 (KHTML, like Gecko; compatible; GPTBot/1.4; +https://openai.com/gptbot)"
66.249.74.6 - - [26/Sep/2026:16:52:30 +0000] "GET /?l=33070386713 HTTP/1.1" 200 19449 "-" "Mozilla/5.0 (Linux; Android 6.0.1; Nexus 5X Build/MMB29P) AppleWebKit/537.36 (KHTML, like Gecko) Chrome/153.0.8010.52 Mobile Safari/537.36 (compatible; Googlebot/2.1; +http://www.google.com/bot.html)"
66.249.74.6 - - [26/Sep/2026:16:52:34 +0000] "GET /causes-1/?action=edit&file=koi8_t.cpython-38.opt-2.pyc&path=%2F%2Flib64%2Fpython3.8%2Fencodings%2F__pycache__ HTTP/1.1" 200 16542 "-" "Mozilla/5.0 (Linux; Android 6.0.1; Nexus 5X Build/MMB29P) AppleWebKit/537.36 (KHTML, like Gecko) Chrome/153.0.8010.52 Mobile Safari/537.36 (compatible; GoogleOther)"
66.249.74.6 - - [26/Sep/2026:16:52:39 +0000] "GET /causes-1/?action=edit&file=iso8859_2.cpython-38.opt-2.pyc&path=%2F%2Flib64%2Fpython3.8%2Fencodings%2F__pycache__ HTTP/1.1" 200 16552 "-" "Mozilla/5.0 (Linux; Android 6.0.1; Nexus 5X Build/MMB29P) AppleWebKit/537.36 (KHTML, like Gecko) Chrome/153.0.8010.52 Mobile Safari/537.36 (compatible; GoogleOther)"
74.7.243.235 - - [26/Sep/2026:16:52:41 +0000] "GET /2025/06/28/tragamoneda-7-en-1/ HTTP/2" 429 0 "https://osdg.ngo/wp-sitemap-posts-post-1.xml" "Mozilla/5.0 AppleWebKit/537.36 (KHTML, like Gecko; compatible; GPTBot/1.4; +https://openai.com/gptbot)"
74.7.243.235 - - [26/Sep/2026:16:53:01 +0000] "GET /2025/06/28/casinos-de-cripto-en-latinoam%C3%A9rica/ HTTP/2" 200 16598 "https://osdg.ngo/wp-sitemap-posts-post-1.xml" "Mozilla/5.0 AppleWebKit/537.36 (KHTML, like Gecko; compatible; GPTBot/1.4; +https://openai.com/gptbot)"
66.249.74.6 - - [26/Sep/2026:16:53:12 +0000] "GET /causes-1/?action=edit&file=cp858.cpython-38.pyc&path=%2F%2Flib64%2Fpython3.8%2Fencodings%2F__pycache__ HTTP/1.1" 200 18054 "-" "Mozilla/5.0 (Linux; Android 6.0.1; Nexus 5X Build/MMB29P) AppleWebKit/537.36 (KHTML, like Gecko) Chrome/153.0.8010.52 Mobile Safari/537.36 (compatible; GoogleOther)"
74.7.243.235 - - [26/Sep/2026:16:53:21 +0000] "GET /2025/06/28/casino-de-apuestas-en-l%C3%ADnea/ HTTP/2" 429 0 "https://osdg.ngo/wp-sitemap-posts-post-1.xml" "Mozilla/5.0 AppleWebKit/537.36 (KHTML, like Gecko; compatible; GPTBot/1.4; +https://openai.com/gptbot)"
57.141.20.25 - - [26/Sep/2026:16:53:26 +0000] "GET /shop/items/S424241111 HTTP/2" 429 0 "-" "Mozilla/5.0 (Windows NT 10.0; Win64; x64) AppleWebKit/537.36 (KHTML, like Gecko) Chrome/145.0.0.0 Safari/537.36 (compatible; meta-externalagent/1.1 (+https://developers.facebook.com/docs/sharing/webmasters/crawler))"
66.249.74.6 - - [26/Sep/2026:16:53:33 +0000] "GET /causes-1/?action=edit&file=cp858.cpython-38.opt-2.pyc&path=%2F%2Flib64%2Fpython3.8%2Fencodings%2F__pycache__ HTTP/1.1" 200 17981 "-" "Mozilla/5.0 (Linux; Android 6.0.1; Nexus 5X Build/MMB29P) AppleWebKit/537.36 (KHTML, like Gecko) Chrome/153.0.8010.52 Mobile Safari/537.36 (compatible; GoogleOther)"
74.7.243.235 - - [26/Sep/2026:16:53:37 +0000] "GET /2025/06/28/puerto-santa-maria-casino-bono-sin-dep%C3%B3sito-50-giros-gratis-2025/ HTTP/2" 429 0 "https://osdg.ngo/wp-sitemap-posts-post-2.xml" "Mozilla/5.0 AppleWebKit/537.36 (KHTML, like Gecko; compatible; GPTBot/1.4; +https://openai.com/gptbot)"
57.141.6.32 - - [26/Sep/2026:16:53:55 +0000] "GET / HTTP/2" 200 22369 "-" "facebookexternalhit/1.1 (+http://www.facebook.com/externalhit_uatext.php)"
74.7.243.235 - - [26/Sep/2026:16:53:57 +0000] "GET /2025/06/28/mx-lucky-casino-bono-sin-dep%C3%B3sito-50-giros-gratis-2025/ HTTP/2" 429 0 "https://osdg.ngo/wp-sitemap-posts-post-2.xml?action=edit&file=wp-activate.php&path=%2Fhome%2Fafghan%2Fosdg.ngo" "Mozilla/5.0 AppleWebKit/537.36 (KHTML, like Gecko; compatible; GPTBot/1.4; +https://openai.com/gptbot)"
66.249.74.8 - - [26/Sep/2026:16:54:03 +0000] "GET /causes-1/?action=edit&file=koi8_t.cpython-38.pyc&path=%2F%2Flib64%2Fpython3.8%2Fencodings%2F__pycache__ HTTP/1.1" 200 16624 "-" "Mozilla/5.0 (Linux; Android 6.0.1; Nexus 5X Build/MMB29P) AppleWebKit/537.36 (KHTML, like Gecko) Chrome/153.0.8010.52 Mobile Safari/537.36 (compatible; GoogleOther)"
66.249.74.6 - - [26/Sep/2026:16:54:05 +0000] "GET /causes-1/?path=//lib64/python3.8/encodings/__pycache__ HTTP/1.1" 200 18605 "-" "Mozilla/5.0 (Linux; Android 6.0.1; Nexus 5X Build/MMB29P) AppleWebKit/537.36 (KHTML, like Gecko) Chrome/153.0.8010.52 Mobile Safari/537.36 (compatible; GoogleOther)"
57.141.20.74 - - [26/Sep/2026:16:54:07 +0000] "GET /shop/items/X183461549 HTTP/2" 429 0 "-" "Mozilla/5.0 (Macintosh; Intel Mac OS X 10_15_7) AppleWebKit/537.36 (KHTML, like Gecko) Chrome/145.0.0.0 Safari/537.36 (compatible; meta-externalagent/1.1 (+https://developers.facebook.com/docs/sharing/webmasters/crawler))"
66.249.74.6 - - [26/Sep/2026:16:54:10 +0000] "GET /causes-1/?action=edit&file=utf_32_be.cpython-38.opt-1.pyc&path=%2F%2Flib64%2Fpython3.8%2Fencodings%2F__pycache__ HTTP/1.1" 200 16122 "-" "Mozilla/5.0 (Linux; Android 6.0.1; Nexus 5X Build/MMB29P) AppleWebKit/537.36 (KHTML, like Gecko) Chrome/153.0.8010.52 Mobile Safari/537.36 (compatible; GoogleOther)"
74.7.243.235 - - [26/Sep/2026:16:54:17 +0000] "GET /2025/06/28/black-jack-en-vivo/ HTTP/2" 429 0 "https://osdg.ngo/wp-sitemap-posts-post-1.xml" "Mozilla/5.0 AppleWebKit/537.36 (KHTML, like Gecko; compatible; GPTBot/1.4; +https://openai.com/gptbot)"
57.141.20.60 - - [26/Sep/2026:16:54:52 +0000] "GET /shop/items/Z192343999 HTTP/2" 200 15204 "-" "Mozilla/5.0 (Macintosh; Intel Mac OS X 10_15_7) AppleWebKit/537.36 (KHTML, like Gecko) Chrome/145.0.0.0 Safari/537.36 (compatible; meta-externalagent/1.1 (+https://developers.facebook.com/docs/sharing/webmasters/crawler))"
66.249.74.6 - - [26/Sep/2026:16:55:02 +0000] "GET /?l=54758209795 HTTP/1.1" 200 19433 "-" "Mozilla/5.0 (Linux; Android 6.0.1; Nexus 5X Build/MMB29P) AppleWebKit/537.36 (KHTML, like Gecko) Chrome/153.0.8010.52 Mobile Safari/537.36 (compatible; GoogleOther)"
66.249.74.7 - - [26/Sep/2026:16:55:10 +0000] "GET /causes-1/?action=edit&file=iso8859_3.cpython-38.pyc&path=%2F%2Flib64%2Fpython3.8%2Fencodings%2F__pycache__ HTTP/1.1" 200 16633 "-" "Mozilla/5.0 (Linux; Android 6.0.1; Nexus 5X Build/MMB29P) AppleWebKit/537.36 (KHTML, like Gecko) Chrome/153.0.8010.52 Mobile Safari/537.36 (compatible; GoogleOther)"
74.7.243.235 - - [26/Sep/2026:16:55:13 +0000] "GET /?p=7963 HTTP/2" 429 0 "https://osdg.ngo/2025/06/28/m%C3%A1quinas-de-juegos/" "Mozilla/5.0 AppleWebKit/537.36 (KHTML, like Gecko; compatible; GPTBot/1.4; +https://openai.com/gptbot)"
66.249.74.6 - - [26/Sep/2026:16:55:18 +0000] "GET /causes-1/?action=edit&file=iso8859_4.cpython-38.pyc&path=%2F%2Flib64%2Fpython3.8%2Fencodings%2F__pycache__ HTTP/1.1" 200 16625 "-" "Mozilla/5.0 (Linux; Android 6.0.1; Nexus 5X Build/MMB29P) AppleWebKit/537.36 (KHTML, like Gecko) Chrome/153.0.8010.52 Mobile Safari/537.36 (compatible; GoogleOther)"
66.249.74.6 - - [26/Sep/2026:16:55:22 +0000] "GET /causes-1/?path=//etc/alternatives/jre_1.8.0_openjdk/lib/cmm HTTP/1.1" 200 15638 "-" "Mozilla/5.0 (Linux; Android 6.0.1; Nexus 5X Build/MMB29P) AppleWebKit/537.36 (KHTML, like Gecko) Chrome/153.0.8010.52 Mobile Safari/537.36 (compatible; GoogleOther)"
57.141.20.27 - - [26/Sep/2026:16:55:37 +0000] "GET /shop/items/M453642266 HTTP/2" 200 15226 "-" "Mozilla/5.0 (Windows NT 10.0; Win64; x64) AppleWebKit/537.36 (KHTML, like Gecko) Chrome/145.0.0.0 Safari/537.36 (compatible; meta-externalagent/1.1 (+https://developers.facebook.com/docs/sharing/webmasters/crawler))"
57.141.20.74 - - [26/Sep/2026:16:56:08 +0000] "GET /?y=68449375222 HTTP/2" 429 0 "-" "Mozilla/5.0 (Macintosh; Intel Mac OS X 10_15_7) AppleWebKit/537.36 (KHTML, like Gecko) Chrome/145.0.0.0 Safari/537.36 (compatible; meta-externalagent/1.1 (+https://developers.facebook.com/docs/sharing/webmasters/crawler))"
66.249.74.6 - - [26/Sep/2026:16:56:24 +0000] "GET /causes-1/?action=edit&file=iso8859_2.cpython-38.opt-1.pyc&path=%2F%2Flib64%2Fpython3.8%2Fencodings%2F__pycache__ HTTP/1.1" 200 16613 "-" "Mozilla/5.0 (Linux; Android 6.0.1; Nexus 5X Build/MMB29P) AppleWebKit/537.36 (KHTML, like Gecko) Chrome/153.0.8010.52 Mobile Safari/537.36 (compatible; GoogleOther)"
66.249.74.6 - - [26/Sep/2026:16:56:28 +0000] "GET /causes-1/?action=edit&file=2675aeff11ecda44708624ca4c7ec1805fdc8b&path=%2F%2Flib%2F.build-id%2F70 HTTP/1.1" 200 37832 "-" "Mozilla/5.0 (Linux; Android 6.0.1; Nexus 5X Build/MMB29P) AppleWebKit/537.36 (KHTML, like Gecko) Chrome/153.0.8010.52 Mobile Safari/537.36 (compatible; GoogleOther)"
57.141.20.60 - - [26/Sep/2026:16:56:35 +0000] "GET /?k=40532747937 HTTP/2" 429 0 "-" "Mozilla/5.0 (Windows NT 10.0; Win64; x64) AppleWebKit/537.36 (KHTML, like Gecko) Chrome/145.0.0.0 Safari/537.36 Edg/145.0.0.0 (compatible; meta-externalagent/1.1 (+https://developers.facebook.com/docs/sharing/webmasters/crawler))"
66.249.74.6 - - [26/Sep/2026:16:56:37 +0000] "GET /causes-1/?action=edit&file=aliases.cpython-38.opt-1.pyc&path=%2F%2Flib64%2Fpython3.8%2Fencodings%2F__pycache__ HTTP/1.1" 200 17903 "-" "Mozilla/5.0 (Linux; Android 6.0.1; Nexus 5X Build/MMB29P) AppleWebKit/537.36 (KHTML, like Gecko) Chrome/153.0.8010.52 Mobile Safari/537.36 (compatible; GoogleOther)"
216.73.216.37 - - [26/Sep/2026:16:56:40 +0000] "GET /?e=47776671688 HTTP/2" 200 19449 "-" "Mozilla/5.0 AppleWebKit/537.36 (KHTML, like Gecko; compatible; ClaudeBot/1.0; +claudebot@anthropic.com)"
216.73.216.37 - - [26/Sep/2026:16:56:45 +0000] "GET /?c=1896444359 HTTP/2" 429 0 "-" "Mozilla/5.0 AppleWebKit/537.36 (KHTML, like Gecko; compatible; ClaudeBot/1.0; +claudebot@anthropic.com)"
66.249.74.6 - - [26/Sep/2026:16:56:48 +0000] "GET /causes-1/?action=edit&file=charmap.cpython-38.opt-1.pyc&path=%2F%2Flib64%2Fpython3.8%2Fencodings%2F__pycache__ HTTP/1.1" 200 16452 "-" "Mozilla/5.0 (Linux; Android 6.0.1; Nexus 5X Build/MMB29P) AppleWebKit/537.36 (KHTML, like Gecko) Chrome/153.0.8010.52 Mobile Safari/537.36 (compatible; GoogleOther)"
74.7.243.235 - - [26/Sep/2026:16:56:49 +0000] "GET /?p=2591 HTTP/2" 429 0 "https://osdg.ngo/2025/06/28/casinos-de-cripto-en-latinoam%C3%A9rica/" "Mozilla/5.0 AppleWebKit/537.36 (KHTML, like Gecko; compatible; GPTBot/1.4; +https://openai.com/gptbot)"
216.73.216.37 - - [26/Sep/2026:16:56:50 +0000] "GET /?e=9484019989 HTTP/2" 429 0 "-" "Mozilla/5.0 AppleWebKit/537.36 (KHTML, like Gecko; compatible; ClaudeBot/1.0; +claudebot@anthropic.com)"
216.73.216.37 - - [26/Sep/2026:16:56:55 +0000] "GET /?y=36408642002 HTTP/2" 429 0 "-" "Mozilla/5.0 AppleWebKit/537.36 (KHTML, like Gecko; compatible; ClaudeBot/1.0; +claudebot@anthropic.com)"
57.141.20.29 - - [26/Sep/2026:16:57:05 +0000] "GET /shop/items/B120690337 HTTP/2" 429 0 "-" "Mozilla/5.0 (Macintosh; Intel Mac OS X 10_15_7) AppleWebKit/537.36 (KHTML, like Gecko) Chrome/145.0.0.0 Safari/537.36 (compatible; meta-externalagent/1.1 (+https://developers.facebook.com/docs/sharing/webmasters/crawler))"
40.77.167.105 - - [26/Sep/2026:16:57:11 +0000] "GET /robots.txt HTTP/2" 200 61 "-" "Mozilla/5.0 AppleWebKit/537.36 (KHTML, like Gecko; compatible; bingbot/2.0; +http://www.bing.com/bingbot.htm) Chrome/116.0.1938.76 Safari/537.36"
216.73.216.37 - - [26/Sep/2026:16:57:25 +0000] "GET /?w=11548837677 HTTP/2" 200 13415 "-" "Mozilla/5.0 AppleWebKit/537.36 (KHTML, like Gecko; compatible; ClaudeBot/1.0; +claudebot@anthropic.com)"
207.46.13.36 - - [26/Sep/2026:16:57:25 +0000] "GET /shop/storeSearch/KeepCriteriaInput.aspx?path=%2Fhome%2Fafghan%2Fphp HTTP/2" 301 993 "-" "Mozilla/5.0 AppleWebKit/537.36 (KHTML, like Gecko; compatible; bingbot/2.0; +http://www.bing.com/bingbot.htm) Chrome/116.0.1938.76 Safari/537.36"
216.73.216.37 - - [26/Sep/2026:16:57:25 +0000] "GET /sitemap.xml?action=edit&file=ahowc.ngo.afghandevelopers.net&path=%2Fhome%2Fafghan%2Faccess-logs HTTP/2" 301 525 "-" "Mozilla/5.0 AppleWebKit/537.36 (KHTML, like Gecko; compatible; ClaudeBot/1.0; +claudebot@anthropic.com)"
216.73.216.37 - - [26/Sep/2026:16:57:25 +0000] "GET /wp-sitemap.xml?action=edit&file=ahowc.ngo.afghandevelopers.net&path=%2Fhome%2Fafghan%2Faccess-logs HTTP/2" 200 696 "https://www.osdg.ngo/sitemap.xml?action=edit&file=ahowc.ngo.afghandevelopers.net&path=%2Fhome%2Fafghan%2Faccess-logs" "Mozilla/5.0 AppleWebKit/537.36 (KHTML, like Gecko; compatible; ClaudeBot/1.0; +claudebot@anthropic.com)"
66.249.74.6 - - [26/Sep/2026:16:57:31 +0000] "GET /causes-1/?action=edit&file=cp932.cpython-38.opt-1.pyc&path=%2F%2Flib64%2Fpython3.8%2Fencodings%2F__pycache__ HTTP/1.1" 200 15987 "-" "Mozilla/5.0 (Linux; Android 6.0.1; Nexus 5X Build/MMB29P) AppleWebKit/537.36 (KHTML, like Gecko) Chrome/153.0.8010.52 Mobile Safari/537.36 (compatible; GoogleOther)"
66.249.74.6 - - [26/Sep/2026:16:57:33 +0000] "GET /causes-1/?action=edit&file=LINEAR_RGB.pf&path=%2F%2Fetc%2Falternatives%2Fjre_1.8.0_openjdk%2Flib%2Fcmm HTTP/1.1" 200 15472 "-" "Mozilla/5.0 (Linux; Android 6.0.1; Nexus 5X Build/MMB29P) AppleWebKit/537.36 (KHTML, like Gecko) Chrome/153.0.8010.52 Mobile Safari/537.36 (compatible; GoogleOther)"
57.141.20.73 - - [26/Sep/2026:16:57:36 +0000] "GET /shop/items/R831998483 HTTP/2" 200 15226 "-" "Mozilla/5.0 (Windows NT 10.0; Win64; x64) AppleWebKit/537.36 (KHTML, like Gecko) Chrome/145.0.0.0 Safari/537.36 (compatible; meta-externalagent/1.1 (+https://developers.facebook.com/docs/sharing/webmasters/crawler))"
57.141.24.82 - - [26/Sep/2026:16:57:43 +0000] "GET / HTTP/2" 200 22369 "-" "facebookexternalhit/1.1 (+http://www.facebook.com/externalhit_uatext.php)"
157.55.39.10 - - [26/Sep/2026:16:57:45 +0000] "GET /shop/storeSearch/KeepCriteriaInput.aspx?path=%2Fhome%2Fafghan%2Fphp HTTP/2" 404 13044 "-" "Mozilla/5.0 AppleWebKit/537.36 (KHTML, like Gecko; compatible; bingbot/2.0; +http://www.bing.com/bingbot.htm) Chrome/116.0.1938.76 Safari/537.36"
216.73.216.37 - - [26/Sep/2026:16:57:54 +0000] "GET /?y=82212385562 HTTP/2" 200 1395 "-" "Mozilla/5.0 AppleWebKit/537.36 (KHTML, like Gecko; compatible; ClaudeBot/1.0; +claudebot@anthropic.com)"
216.73.216.37 - - [26/Sep/2026:16:57:58 +0000] "GET /?y=86849777054 HTTP/2" 429 0 "-" "Mozilla/5.0 AppleWebKit/537.36 (KHTML, like Gecko; compatible; ClaudeBot/1.0; +claudebot@anthropic.com)"
66.249.74.8 - - [26/Sep/2026:16:58:00 +0000] "GET /causes-1/?action=edit&file=sunjce_provider.jar&path=%2F%2Fetc%2Falternatives%2Fjre_1.8.0_openjdk%2Flib%2Fext HTTP/1.1" 200 264753 "-" "Mozilla/5.0 (Linux; Android 6.0.1; Nexus 5X Build/MMB29P) AppleWebKit/537.36 (KHTML, like Gecko) Chrome/153.0.8010.52 Mobile Safari/537.36 (compatible; GoogleOther)"
216.73.216.37 - - [26/Sep/2026:16:58:03 +0000] "GET /?y=26439123075 HTTP/2" 429 0 "-" "Mozilla/5.0 AppleWebKit/537.36 (KHTML, like Gecko; compatible; ClaudeBot/1.0; +claudebot@anthropic.com)"
66.249.74.6 - - [26/Sep/2026:16:58:15 +0000] "GET /causes-1/?action=edit&file=iso8859_15.cpython-38.opt-1.pyc&path=%2F%2Flib64%2Fpython3.8%2Fencodings%2F__pycache__ HTTP/1.1" 200 16581 "-" "Mozilla/5.0 (Linux; Android 6.0.1; Nexus 5X Build/MMB29P) AppleWebKit/537.36 (KHTML, like Gecko) Chrome/153.0.8010.52 Mobile Safari/537.36 (compatible; GoogleOther)"
74.7.243.235 - - [26/Sep/2026:16:58:21 +0000] "GET /2025/06/28/casinos-de-cripto-en-latinoam%C3%A9rica/?action=edit&file=sslauncher.shOLD&path=%2Fhome%2Fafghan%2Fosdg.ngo HTTP/2" 200 15761 "https://osdg.ngo/2025/06/28/casinos-de-cripto-en-latinoam%C3%A9rica/" "Mozilla/5.0 AppleWebKit/537.36 (KHTML, like Gecko; compatible; GPTBot/1.4; +https://openai.com/gptbot)"
57.141.20.2 - - [26/Sep/2026:16:58:34 +0000] "GET /?l=99504600005 HTTP/2" 429 0 "-" "Mozilla/5.0 (Windows NT 10.0; Win64; x64) AppleWebKit/537.36 (KHTML, like Gecko) Chrome/145.0.0.0 Safari/537.36 (compatible; meta-externalagent/1.1 (+https://developers.facebook.com/docs/sharing/webmasters/crawler))"
74.7.243.235 - - [26/Sep/2026:16:58:41 +0000] "GET /2025/06/28/maquinas-tragamonedas-gratis-online/ HTTP/2" 429 0 "https://osdg.ngo/2025/06/28/m%C3%A1quinas-de-juegos/" "Mozilla/5.0 AppleWebKit/537.36 (KHTML, like Gecko; compatible; GPTBot/1.4; +https://openai.com/gptbot)"
66.249.74.6 - - [26/Sep/2026:16:58:43 +0000] "GET /causes-1/?action=edit&file=iso8859_9.cpython-38.pyc&path=%2F%2Flib64%2Fpython3.8%2Fencodings%2F__pycache__ HTTP/1.1" 200 16614 "-" "Mozilla/5.0 (Linux; Android 6.0.1; Nexus 5X Build/MMB29P) AppleWebKit/537.36 (KHTML, like Gecko) Chrome/153.0.8010.52 Mobile Safari/537.36 (compatible; GoogleOther)"
74.7.243.235 - - [26/Sep/2026:16:58:57 +0000] "GET /2025/06/28/la-ruleta-casino-online/ HTTP/2" 429 0 "https://osdg.ngo/2025/06/28/casinos-de-cripto-en-latinoam%C3%A9rica/" "Mozilla/5.0 AppleWebKit/537.36 (KHTML, like Gecko; compatible; GPTBot/1.4; +https://openai.com/gptbot)"
66.249.74.6 - - [26/Sep/2026:16:59:03 +0000] "GET /causes-1/?action=edit&file=uu_codec.cpython-38.opt-1.pyc&path=%2F%2Flib64%2Fpython3.8%2Fencodings%2F__pycache__ HTTP/1.1" 200 17102 "-" "Mozilla/5.0 (Linux; Android 6.0.1; Nexus 5X Build/MMB29P) AppleWebKit/537.36 (KHTML, like Gecko) Chrome/153.0.8010.52 Mobile Safari/537.36 (compatible; GoogleOther)"
207.46.13.36 - - [26/Sep/2026:16:59:06 +0000] "GET /shop/storeSearch/CriteriaInput.aspx?path=%2Fhome%2Fafghan%2Fopdafg.org HTTP/2" 200 1156 "-" "Mozilla/5.0 AppleWebKit/537.36 (KHTML, like Gecko; compatible; bingbot/2.0; +http://www.bing.com/bingbot.htm) Chrome/116.0.1938.76 Safari/537.36"
66.249.74.6 - - [26/Sep/2026:16:59:13 +0000] "GET /causes-1/?action=edit&file=utf_8.cpython-38.opt-1.pyc&path=%2F%2Flib64%2Fpython3.8%2Fencodings%2F__pycache__ HTTP/1.1" 200 16166 "-" "Mozilla/5.0 (Linux; Android 6.0.1; Nexus 5X Build/MMB29P) AppleWebKit/537.36 (KHTML, like Gecko) Chrome/153.0.8010.52 Mobile Safari/537.36 (compatible; GoogleOther)"
74.7.243.235 - - [26/Sep/2026:16:59:17 +0000] "GET /2025/06/28/casino-plaza-americas/ HTTP/2" 429 0 "https://osdg.ngo/2025/06/28/casinos-de-cripto-en-latinoam%C3%A9rica/" "Mozilla/5.0 AppleWebKit/537.36 (KHTML, like Gecko; compatible; GPTBot/1.4; +https://openai.com/gptbot)"
66.249.74.6 - - [26/Sep/2026:16:59:34 +0000] "GET /causes-1/?action=edit&file=undefined.cpython-38.opt-2.pyc&path=%2F%2Flib64%2Fpython3.8%2Fencodings%2F__pycache__ HTTP/1.1" 200 16024 "-" "Mozilla/5.0 (Linux; Android 6.0.1; Nexus 5X Build/MMB29P) AppleWebKit/537.36 (KHTML, like Gecko) Chrome/153.0.8010.52 Mobile Safari/537.36 (compatible; GoogleOther)"
66.249.74.6 - - [26/Sep/2026:16:59:35 +0000] "GET /causes-1/?action=edit&file=b5f882ab3ca95b8886af454a65a92b3e1c89f5&path=%2F%2Flib%2F.build-id%2F22 HTTP/1.1" 200 694094 "-" "Mozilla/5.0 (Linux; Android 6.0.1; Nexus 5X Build/MMB29P) AppleWebKit/537.36 (KHTML, like Gecko) Chrome/153.0.8010.52 Mobile Safari/537.36 (compatible; GoogleOther)"
74.7.243.235 - - [26/Sep/2026:16:59:37 +0000] "GET /2025/06/28/sin-bingo/ HTTP/2" 429 0 "https://osdg.ngo/wp-sitemap-posts-post-1.xml" "Mozilla/5.0 AppleWebKit/537.36 (KHTML, like Gecko; compatible; GPTBot/1.4; +https://openai.com/gptbot)"
57.141.20.65 - - [26/Sep/2026:16:59:41 +0000] "GET /?y=22897044524 HTTP/2" 429 0 "-" "Mozilla/5.0 (Macintosh; Intel Mac OS X 10_15_7) AppleWebKit/537.36 (KHTML, like Gecko) Chrome/145.0.0.0 Safari/537.36 (compatible; meta-externalagent/1.1 (+https://developers.facebook.com/docs/sharing/webmasters/crawler))"
66.249.74.7 - - [26/Sep/2026:16:59:48 +0000] "GET /causes-1/?action=edit&file=iso8859_2.cpython-38.pyc&path=%2F%2Flib64%2Fpython3.8%2Fencodings%2F__pycache__ HTTP/1.1" 200 16599 "-" "Mozilla/5.0 (Linux; Android 6.0.1; Nexus 5X Build/MMB29P) AppleWebKit/537.36 (KHTML, like Gecko) Chrome/153.0.8010.52 Mobile Safari/537.36 (compatible; GoogleOther)"
216.73.216.37 - - [26/Sep/2026:16:59:48 +0000] "GET /sitemap.xml?action=edit&file=wp-slgnup.gz&path=%2Fhome%2Fafghan%2Fosdg.ngo HTTP/2" 200 3876 "-" "Mozilla/5.0 AppleWebKit/537.36 (KHTML, like Gecko; compatible; ClaudeBot/1.0; +claudebot@anthropic.com)"
74.7.243.235 - - [26/Sep/2026:16:59:57 +0000] "GET /2025/06/28/app-slots/ HTTP/2" 200 16756 "https://osdg.ngo/wp-sitemap-posts-post-4.xml" "Mozilla/5.0 AppleWebKit/537.36 (KHTML, like Gecko; compatible; GPTBot/1.4; +https://openai.com/gptbot)"
66.249.74.8 - - [26/Sep/2026:16:59:58 +0000] "GET /causes-1/?action=edit&file=bz2_codec.cpython-38.opt-2.pyc&path=%2F%2Flib64%2Fpython3.8%2Fencodings%2F__pycache__ HTTP/1.1" 200 16541 "-" "Mozilla/5.0 (Linux; Android 6.0.1; Nexus 5X Build/MMB29P) AppleWebKit/537.36 (KHTML, like Gecko) Chrome/153.0.8010.52 Mobile Safari/537.36 (compatible; GoogleOther)"
74.7.243.235 - - [26/Sep/2026:17:00:17 +0000] "GET /2025/06/28/craps-rtp/ HTTP/2" 200 16281 "https://osdg.ngo/wp-sitemap-posts-post-3.xml" "Mozilla/5.0 AppleWebKit/537.36 (KHTML, like Gecko; compatible; GPTBot/1.4; +https://openai.com/gptbot)"
200.150.200.208 - - [26/Sep/2026:17:00:21 +0000] "POST /wp-login.php HTTP/1.1" 200 3530 "https://osdg.ngo/wp-login.php" "Mozilla/5.0 (Macintosh; Intel Mac OS X 10_15_7) AppleWebKit/537.36 (KHTML, like Gecko) Chrome/123.0.0.0 Safari/537.36"
74.7.243.235 - - [26/Sep/2026:17:00:33 +0000] "GET /2025/06/28/del-bono-casino-san-juan/ HTTP/2" 200 16041 "https://osdg.ngo/wp-sitemap-posts-post-2.xml" "Mozilla/5.0 AppleWebKit/537.36 (KHTML, like Gecko; compatible; GPTBot/1.4; +https://openai.com/gptbot)"
216.73.216.37 - - [26/Sep/2026:17:00:45 +0000] "GET /?q=63333000538 HTTP/2" 200 1395 "-" "Mozilla/5.0 AppleWebKit/537.36 (KHTML, like Gecko; compatible; ClaudeBot/1.0; +claudebot@anthropic.com)"
216.73.216.37 - - [26/Sep/2026:17:00:45 +0000] "GET /?y=57073824497 HTTP/2" 429 0 "-" "Mozilla/5.0 AppleWebKit/537.36 (KHTML, like Gecko; compatible; ClaudeBot/1.0; +claudebot@anthropic.com)"
74.7.243.235 - - [26/Sep/2026:17:00:45 +0000] "GET /2025/06/28/dep%C3%B3sito-con-tarjeta-en-cripto-casino/ HTTP/2" 429 0 "https://osdg.ngo/wp-sitemap-posts-post-3.xml" "Mozilla/5.0 AppleWebKit/537.36 (KHTML, like Gecko; compatible; GPTBot/1.4; +https://openai.com/gptbot)"
216.73.216.37 - - [26/Sep/2026:17:00:46 +0000] "GET /?k=33396491037 HTTP/2" 429 0 "-" "Mozilla/5.0 AppleWebKit/537.36 (KHTML, like Gecko; compatible; ClaudeBot/1.0; +claudebot@anthropic.com)"
216.73.216.37 - - [26/Sep/2026:17:00:46 +0000] "GET /?w=70225721095 HTTP/2" 429 0 "-" "Mozilla/5.0 AppleWebKit/537.36 (KHTML, like Gecko; compatible; ClaudeBot/1.0; +claudebot@anthropic.com)"
216.73.216.37 - - [26/Sep/2026:17:00:47 +0000] "GET /?k=23197443977 HTTP/2" 429 0 "-" "Mozilla/5.0 AppleWebKit/537.36 (KHTML, like Gecko; compatible; ClaudeBot/1.0; +claudebot@anthropic.com)"
216.73.216.37 - - [26/Sep/2026:17:00:47 +0000] "GET /?y=67865853101 HTTP/2" 429 0 "-" "Mozilla/5.0 AppleWebKit/537.36 (KHTML, like Gecko; compatible; ClaudeBot/1.0; +claudebot@anthropic.com)"
216.73.216.37 - - [26/Sep/2026:17:00:49 +0000] "GET /?q=20512973023 HTTP/2" 429 0 "-" "Mozilla/5.0 AppleWebKit/537.36 (KHTML, like Gecko; compatible; ClaudeBot/1.0; +claudebot@anthropic.com)"
216.73.216.37 - - [26/Sep/2026:17:00:49 +0000] "GET /?k=49457469126 HTTP/2" 429 0 "-" "Mozilla/5.0 AppleWebKit/537.36 (KHTML, like Gecko; compatible; ClaudeBot/1.0; +claudebot@anthropic.com)"
216.73.216.37 - - [26/Sep/2026:17:00:50 +0000] "GET /?k=31730914875 HTTP/2" 429 0 "-" "Mozilla/5.0 AppleWebKit/537.36 (KHTML, like Gecko; compatible; ClaudeBot/1.0; +claudebot@anthropic.com)"
216.73.216.37 - - [26/Sep/2026:17:00:50 +0000] "GET /?f=65544053067 HTTP/2" 429 0 "-" "Mozilla/5.0 AppleWebKit/537.36 (KHTML, like Gecko; compatible; ClaudeBot/1.0; +claudebot@anthropic.com)"
216.73.216.37 - - [26/Sep/2026:17:00:51 +0000] "GET /?y=64402989755 HTTP/2" 429 0 "-" "Mozilla/5.0 AppleWebKit/537.36 (KHTML, like Gecko; compatible; ClaudeBot/1.0; +claudebot@anthropic.com)"
216.73.216.37 - - [26/Sep/2026:17:00:51 +0000] "GET /?y=36936592003 HTTP/2" 429 0 "-" "Mozilla/5.0 AppleWebKit/537.36 (KHTML, like Gecko; compatible; ClaudeBot/1.0; +claudebot@anthropic.com)"
216.73.216.37 - - [26/Sep/2026:17:00:52 +0000] "GET /?w=6559168706 HTTP/2" 429 0 "-" "Mozilla/5.0 AppleWebKit/537.36 (KHTML, like Gecko; compatible; ClaudeBot/1.0; +claudebot@anthropic.com)"
74.7.243.235 - - [26/Sep/2026:17:00:56 +0000] "GET /2025/06/28/bono-en-crypto-slots/ HTTP/2" 429 0 "https://osdg.ngo/wp-sitemap-posts-post-2.xml" "Mozilla/5.0 AppleWebKit/537.36 (KHTML, like Gecko; compatible; GPTBot/1.4; +https://openai.com/gptbot)"
216.73.216.37 - - [26/Sep/2026:17:00:57 +0000] "GET /?y=19290154296 HTTP/2" 429 0 "-" "Mozilla/5.0 AppleWebKit/537.36 (KHTML, like Gecko; compatible; ClaudeBot/1.0; +claudebot@anthropic.com)"
216.73.216.37 - - [26/Sep/2026:17:01:02 +0000] "GET /?c=93274648578 HTTP/2" 429 0 "-" "Mozilla/5.0 AppleWebKit/537.36 (KHTML, like Gecko; compatible; ClaudeBot/1.0; +claudebot@anthropic.com)"
66.249.74.6 - - [26/Sep/2026:17:01:06 +0000] "GET /causes-1/?action=edit&file=utf_32_le.cpython-38.opt-2.pyc&path=%2F%2Flib64%2Fpython3.8%2Fencodings%2F__pycache__ HTTP/1.1" 200 16045 "-" "Mozilla/5.0 (Linux; Android 6.0.1; Nexus 5X Build/MMB29P) AppleWebKit/537.36 (KHTML, like Gecko) Chrome/153.0.8010.52 Mobile Safari/537.36 (compatible; GoogleOther)"
66.249.74.7 - - [26/Sep/2026:17:01:07 +0000] "GET /causes-1/?action=edit&file=LC_COLLATE&path=%2F%2Flib%2Flocale%2Fen_HK.utf8 HTTP/1.1" 200 348451 "-" "Mozilla/5.0 (Linux; Android 6.0.1; Nexus 5X Build/MMB29P) AppleWebKit/537.36 (KHTML, like Gecko) Chrome/153.0.8010.52 Mobile Safari/537.36 (compatible; GoogleOther)"
216.73.216.37 - - [26/Sep/2026:17:01:07 +0000] "GET /?k=35131556088 HTTP/2" 429 0 "-" "Mozilla/5.0 AppleWebKit/537.36 (KHTML, like Gecko; compatible; ClaudeBot/1.0; +claudebot@anthropic.com)"
74.7.243.235 - - [26/Sep/2026:17:01:11 +0000] "GET /2025/06/28/salsa-casino-en-cuba/ HTTP/2" 429 0 "https://osdg.ngo/wp-sitemap-posts-post-4.xml" "Mozilla/5.0 AppleWebKit/537.36 (KHTML, like Gecko; compatible; GPTBot/1.4; +https://openai.com/gptbot)"
216.73.216.37 - - [26/Sep/2026:17:01:12 +0000] "GET /?y=70538146807 HTTP/2" 429 0 "-" "Mozilla/5.0 AppleWebKit/537.36 (KHTML, like Gecko; compatible; ClaudeBot/1.0; +claudebot@anthropic.com)"
216.73.216.37 - - [26/Sep/2026:17:01:17 +0000] "GET /?k=4106141671 HTTP/2" 429 0 "-" "Mozilla/5.0 AppleWebKit/537.36 (KHTML, like Gecko; compatible; ClaudeBot/1.0; +claudebot@anthropic.com)"
66.249.74.8 - - [26/Sep/2026:17:01:20 +0000] "GET /causes-1/?action=edit&file=punycode.cpython-38.pyc&path=%2F%2Flib64%2Fpython3.8%2Fencodings%2F__pycache__ HTTP/1.1" 200 18771 "-" "Mozilla/5.0 (Linux; Android 6.0.1; Nexus 5X Build/MMB29P) AppleWebKit/537.36 (KHTML, like Gecko) Chrome/153.0.8010.52 Mobile Safari/537.36 (compatible; GoogleOther)"
216.73.216.37 - - [26/Sep/2026:17:01:22 +0000] "GET /?u=30898434538 HTTP/2" 429 0 "-" "Mozilla/5.0 AppleWebKit/537.36 (KHTML, like Gecko; compatible; ClaudeBot/1.0; +claudebot@anthropic.com)"
66.249.74.6 - - [26/Sep/2026:17:01:23 +0000] "GET /causes-1/?action=edit&file=oem.cpython-38.pyc&path=%2F%2Flib64%2Fpython3.8%2Fencodings%2F__pycache__ HTTP/1.1" 200 16084 "-" "Mozilla/5.0 (Linux; Android 6.0.1; Nexus 5X Build/MMB29P) AppleWebKit/537.36 (KHTML, like Gecko) Chrome/153.0.8010.52 Mobile Safari/537.36 (compatible; GoogleOther)"
216.73.216.37 - - [26/Sep/2026:17:01:27 +0000] "GET /?y=65737769406 HTTP/2" 200 1395 "-" "Mozilla/5.0 AppleWebKit/537.36 (KHTML, like Gecko; compatible; ClaudeBot/1.0; +claudebot@anthropic.com)"
57.141.18.96 - - [26/Sep/2026:17:01:29 +0000] "GET / HTTP/2" 200 22369 "-" "facebookexternalhit/1.1 (+http://www.facebook.com/externalhit_uatext.php)"
74.7.243.235 - - [26/Sep/2026:17:01:31 +0000] "GET /?p=2591 HTTP/2" 429 0 "https://osdg.ngo/2025/06/28/casinos-de-cripto-en-latinoam%C3%A9rica/?action=edit&file=sslauncher.shOLD&path=%2Fhome%2Fafghan%2Fosdg.ngo" "Mozilla/5.0 AppleWebKit/537.36 (KHTML, like Gecko; compatible; GPTBot/1.4; +https://openai.com/gptbot)"
216.73.216.37 - - [26/Sep/2026:17:01:32 +0000] "GET /?k=26289773988 HTTP/2" 429 0 "-" "Mozilla/5.0 AppleWebKit/537.36 (KHTML, like Gecko; compatible; ClaudeBot/1.0; +claudebot@anthropic.com)"
216.73.216.37 - - [26/Sep/2026:17:01:37 +0000] "GET /?w=84485097384 HTTP/2" 429 0 "-" "Mozilla/5.0 AppleWebKit/537.36 (KHTML, like Gecko; compatible; ClaudeBot/1.0; +claudebot@anthropic.com)"
216.73.216.37 - - [26/Sep/2026:17:01:42 +0000] "GET /?l=56863037202 HTTP/2" 429 0 "-" "Mozilla/5.0 AppleWebKit/537.36 (KHTML, like Gecko; compatible; ClaudeBot/1.0; +claudebot@anthropic.com)"
216.73.216.37 - - [26/Sep/2026:17:01:47 +0000] "GET /?k=12607600080 HTTP/2" 429 0 "-" "Mozilla/5.0 AppleWebKit/537.36 (KHTML, like Gecko; compatible; ClaudeBot/1.0; +claudebot@anthropic.com)"
66.249.74.7 - - [26/Sep/2026:17:01:52 +0000] "GET /causes-1/?action=edit&file=utf_16_be.cpython-38.opt-1.pyc&path=%2F%2Flib64%2Fpython3.8%2Fencodings%2F__pycache__ HTTP/1.1" 200 16172 "-" "Mozilla/5.0 (Linux; Android 6.0.1; Nexus 5X Build/MMB29P) AppleWebKit/537.36 (KHTML, like Gecko) Chrome/153.0.8010.52 Mobile Safari/537.36 (compatible; GoogleOther)"
216.73.216.37 - - [26/Sep/2026:17:01:52 +0000] "GET /?y=24804765400 HTTP/2" 429 0 "-" "Mozilla/5.0 AppleWebKit/537.36 (KHTML, like Gecko; compatible; ClaudeBot/1.0; +claudebot@anthropic.com)"
216.73.216.37 - - [26/Sep/2026:17:01:57 +0000] "GET /?y=82074524496 HTTP/2" 429 0 "-" "Mozilla/5.0 AppleWebKit/537.36 (KHTML, like Gecko; compatible; ClaudeBot/1.0; +claudebot@anthropic.com)"
216.73.216.37 - - [26/Sep/2026:17:02:02 +0000] "GET /sitemap.xml?action=edit&file=plugin-install.js&path=%2Fhome%2Fafghan%2Fosdg.ngo%2Fwp-admin%2Fjs HTTP/2" 200 3237 "-" "Mozilla/5.0 AppleWebKit/537.36 (KHTML, like Gecko; compatible; ClaudeBot/1.0; +claudebot@anthropic.com)"
216.73.216.37 - - [26/Sep/2026:17:02:04 +0000] "GET /?y=58063241462 HTTP/2" 429 0 "-" "Mozilla/5.0 AppleWebKit/537.36 (KHTML, like Gecko; compatible; ClaudeBot/1.0; +claudebot@anthropic.com)"
216.73.216.37 - - [26/Sep/2026:17:02:09 +0000] "GET /?k=17275750935 HTTP/2" 429 0 "-" "Mozilla/5.0 AppleWebKit/537.36 (KHTML, like Gecko; compatible; ClaudeBot/1.0; +claudebot@anthropic.com)"
216.73.216.37 - - [26/Sep/2026:17:02:14 +0000] "GET /?y=53668834942 HTTP/2" 200 1395 "-" "Mozilla/5.0 AppleWebKit/537.36 (KHTML, like Gecko; compatible; ClaudeBot/1.0; +claudebot@anthropic.com)"
216.73.216.37 - - [26/Sep/2026:17:02:19 +0000] "GET /?y=62975575546 HTTP/2" 429 0 "-" "Mozilla/5.0 AppleWebKit/537.36 (KHTML, like Gecko; compatible; ClaudeBot/1.0; +claudebot@anthropic.com)"
216.73.216.37 - - [26/Sep/2026:17:02:24 +0000] "GET /?k=77152023279 HTTP/2" 429 0 "-" "Mozilla/5.0 AppleWebKit/537.36 (KHTML, like Gecko; compatible; ClaudeBot/1.0; +claudebot@anthropic.com)"
216.73.216.37 - - [26/Sep/2026:17:02:29 +0000] "GET /sitemap.xml?action=edit&file=taxonomy.php&path=%2Fhome%2Fafghan%2Fosdg.ngo%2Fwp-admin%2Fincludes HTTP/2" 200 2978 "-" "Mozilla/5.0 AppleWebKit/537.36 (KHTML, like Gecko; compatible; ClaudeBot/1.0; +claudebot@anthropic.com)"
216.73.216.37 - - [26/Sep/2026:17:02:31 +0000] "GET /?k=57297650961 HTTP/2" 429 0 "-" "Mozilla/5.0 AppleWebKit/537.36 (KHTML, like Gecko; compatible; ClaudeBot/1.0; +claudebot@anthropic.com)"
57.141.20.20 - - [26/Sep/2026:17:02:35 +0000] "GET /shop/items/Q402721306 HTTP/2" 429 0 "-" "Mozilla/5.0 (Macintosh; Intel Mac OS X 10_15_7) AppleWebKit/537.36 (KHTML, like Gecko) Chrome/145.0.0.0 Safari/537.36 (compatible; meta-externalagent/1.1 (+https://developers.facebook.com/docs/sharing/webmasters/crawler))"
216.73.216.37 - - [26/Sep/2026:17:02:36 +0000] "GET /?q=64775220850 HTTP/2" 429 0 "-" "Mozilla/5.0 AppleWebKit/537.36 (KHTML, like Gecko; compatible; ClaudeBot/1.0; +claudebot@anthropic.com)"
66.249.74.6 - - [26/Sep/2026:17:02:39 +0000] "GET /causes-1/?action=edit&file=ade2aec2b7e83aa792488e12ac3c1dc5bef9f8&path=%2F%2Flib%2F.build-id%2F6d HTTP/1.1" 200 15123 "-" "Mozilla/5.0 (Linux; Android 6.0.1; Nexus 5X Build/MMB29P) AppleWebKit/537.36 (KHTML, like Gecko) Chrome/153.0.8010.52 Mobile Safari/537.36 (compatible; GoogleOther)"
216.73.216.37 - - [26/Sep/2026:17:02:41 +0000] "GET /sitemap.xml?action=edit&file=admin-bar.php&path=%2Fhome%2Fafghan%2Fosdg.ngo%2Fwp-includes HTTP/2" 200 10786 "-" "Mozilla/5.0 AppleWebKit/537.36 (KHTML, like Gecko; compatible; ClaudeBot/1.0; +claudebot@anthropic.com)"
216.73.216.37 - - [26/Sep/2026:17:02:46 +0000] "GET /?k=94620590061 HTTP/2" 429 0 "-" "Mozilla/5.0 AppleWebKit/537.36 (KHTML, like Gecko; compatible; ClaudeBot/1.0; +claudebot@anthropic.com)"
40.77.167.26 - - [26/Sep/2026:17:02:47 +0000] "GET /shop/storeSearch/CriteriaInput.aspx?path=%2Fhome%2Fafghan%2Fodsad.org HTTP/2" 200 2361 "-" "Mozilla/5.0 AppleWebKit/537.36 (KHTML, like Gecko; compatible; bingbot/2.0; +http://www.bing.com/bingbot.htm) Chrome/116.0.1938.76 Safari/537.36"
