74.7.243.235 - - [26/Sep/2026:15:43:49 +0000] "GET /2025/06/28/bono-sin-dep%C3%B3sito-en-cripto-casino-en-l%C3%ADnea/?action=edit&file=wp-activate.php&path=%2Fhome%2Fafghan%2Fosdg.ngo HTTP/2" 429 0 "https://osdg.ngo/2025/06/28/bono-sin-dep%C3%B3sito-en-cripto-casino-en-l%C3%ADnea/" "Mozilla/5.0 AppleWebKit/537.36 (KHTML, like Gecko; compatible; GPTBot/1.4; +https://openai.com/gptbot)"
74.7.243.235 - - [26/Sep/2026:15:44:09 +0000] "GET /2025/06/28/888-casino-bono/ HTTP/2" 200 16582 "https://osdg.ngo/wp-sitemap-posts-post-2.xml" "Mozilla/5.0 AppleWebKit/537.36 (KHTML, like Gecko; compatible; GPTBot/1.4; +https://openai.com/gptbot)"
57.141.20.18 - - [26/Sep/2026:15:44:25 +0000] "GET /?l=46300233864 HTTP/2" 200 22369 "-" "Mozilla/5.0 (Macintosh; Intel Mac OS X 10_15_7) AppleWebKit/537.36 (KHTML, like Gecko) Chrome/145.0.0.0 Safari/537.36 (compatible; meta-externalagent/1.1 (+https://developers.facebook.com/docs/sharing/webmasters/crawler))"
74.7.243.235 - - [26/Sep/2026:15:44:29 +0000] "GET /2025/06/28/casino-en-ovalle/ HTTP/2" 429 0 "https://osdg.ngo/wp-sitemap-posts-post-3.xml" "Mozilla/5.0 AppleWebKit/537.36 (KHTML, like Gecko; compatible; GPTBot/1.4; +https://openai.com/gptbot)"
74.7.243.235 - - [26/Sep/2026:15:44:45 +0000] "GET /2025/06/28/casino-en-juarez/ HTTP/2" 429 0 "https://osdg.ngo/wp-sitemap-posts-post-1.xml" "Mozilla/5.0 AppleWebKit/537.36 (KHTML, like Gecko; compatible; GPTBot/1.4; +https://openai.com/gptbot)"
66.249.74.6 - - [26/Sep/2026:15:44:50 +0000] "GET /causes-1/?action=edit&file=test&path=%2F%2Fusr%2Fbin HTTP/1.1" 200 36982 "-" "Mozilla/5.0 (Linux; Android 6.0.1; Nexus 5X Build/MMB29P) AppleWebKit/537.36 (KHTML, like Gecko) Chrome/153.0.8010.52 Mobile Safari/537.36 (compatible; GoogleOther)"
57.141.20.34 - - [26/Sep/2026:15:45:04 +0000] "GET /?f=44841344218 HTTP/2" 429 0 "-" "Mozilla/5.0 (Windows NT 10.0; Win64; x64) AppleWebKit/537.36 (KHTML, like Gecko) Chrome/145.0.0.0 Safari/537.36 (compatible; meta-externalagent/1.1 (+https://developers.facebook.com/docs/sharing/webmasters/crawler))"
74.7.243.235 - - [26/Sep/2026:15:45:05 +0000] "GET /2025/06/28/casino-en-juegos/ HTTP/2" 429 0 "https://osdg.ngo/wp-sitemap-posts-post-1.xml" "Mozilla/5.0 AppleWebKit/537.36 (KHTML, like Gecko; compatible; GPTBot/1.4; +https://openai.com/gptbot)"
74.7.243.235 - - [26/Sep/2026:15:45:25 +0000] "GET /2025/06/28/casinos-en-chile/ HTTP/2" 429 0 "https://osdg.ngo/wp-sitemap-posts-post-2.xml" "Mozilla/5.0 AppleWebKit/537.36 (KHTML, like Gecko; compatible; GPTBot/1.4; +https://openai.com/gptbot)"
103.179.240.24 - - [26/Sep/2026:15:45:25 +0000] "POST /xmlrpc.php HTTP/1.1" 403 1242 "-" "Mozilla/5.0 (Windows NT 6.3; arm64) AppleWebKit/537.36 (KHTML, like Gecko) Edge/100.0.0.0 Safari/537.36"
57.141.20.3 - - [26/Sep/2026:15:45:34 +0000] "GET /shop/items/V468102528 HTTP/2" 429 0 "-" "Mozilla/5.0 (Windows NT 10.0; Win64; x64) AppleWebKit/537.36 (KHTML, like Gecko) Chrome/145.0.0.0 Safari/537.36 Edg/145.0.0.0 (compatible; meta-externalagent/1.1 (+https://developers.facebook.com/docs/sharing/webmasters/crawler))"
74.7.243.235 - - [26/Sep/2026:15:45:45 +0000] "GET /2025/06/28/casino-en-belice/ HTTP/2" 429 0 "https://osdg.ngo/wp-sitemap-posts-post-3.xml" "Mozilla/5.0 AppleWebKit/537.36 (KHTML, like Gecko; compatible; GPTBot/1.4; +https://openai.com/gptbot)"
66.249.74.6 - - [26/Sep/2026:15:45:45 +0000] "GET /causes-1/?action=edit&file=LC_CTYPE&path=%2F%2Flib%2Flocale%2Fen_US HTTP/1.1" 200 46811 "-" "Mozilla/5.0 (Linux; Android 6.0.1; Nexus 5X Build/MMB29P) AppleWebKit/537.36 (KHTML, like Gecko) Chrome/153.0.8010.52 Mobile Safari/537.36 (compatible; GoogleOther)"
216.73.216.37 - - [26/Sep/2026:15:46:02 +0000] "GET /?q=68051349000 HTTP/2" 429 0 "-" "Mozilla/5.0 AppleWebKit/537.36 (KHTML, like Gecko; compatible; ClaudeBot/1.0; +claudebot@anthropic.com)"
74.7.243.235 - - [26/Sep/2026:15:46:05 +0000] "GET /2025/06/28/casinos-en-pesos/ HTTP/2" 429 0 "https://osdg.ngo/wp-sitemap-posts-post-2.xml" "Mozilla/5.0 AppleWebKit/537.36 (KHTML, like Gecko; compatible; GPTBot/1.4; +https://openai.com/gptbot)"
216.73.216.37 - - [26/Sep/2026:15:46:06 +0000] "GET /?l=5218001387 HTTP/2" 200 19423 "-" "Mozilla/5.0 AppleWebKit/537.36 (KHTML, like Gecko; compatible; ClaudeBot/1.0; +claudebot@anthropic.com)"
57.141.20.31 - - [26/Sep/2026:15:46:08 +0000] "GET /shop/items/S770979343 HTTP/2" 429 0 "-" "Mozilla/5.0 (Macintosh; Intel Mac OS X 10_15_7) AppleWebKit/537.36 (KHTML, like Gecko) Chrome/145.0.0.0 Safari/537.36 (compatible; meta-externalagent/1.1 (+https://developers.facebook.com/docs/sharing/webmasters/crawler))"
216.73.216.37 - - [26/Sep/2026:15:46:11 +0000] "GET /?k=21405998551 HTTP/2" 429 0 "-" "Mozilla/5.0 AppleWebKit/537.36 (KHTML, like Gecko; compatible; ClaudeBot/1.0; +claudebot@anthropic.com)"
216.73.216.37 - - [26/Sep/2026:15:46:16 +0000] "GET /?y=70726750589 HTTP/2" 429 0 "-" "Mozilla/5.0 AppleWebKit/537.36 (KHTML, like Gecko; compatible; ClaudeBot/1.0; +claudebot@anthropic.com)"
216.73.216.37 - - [26/Sep/2026:15:46:21 +0000] "GET /?c=86844166220 HTTP/2" 429 0 "-" "Mozilla/5.0 AppleWebKit/537.36 (KHTML, like Gecko; compatible; ClaudeBot/1.0; +claudebot@anthropic.com)"
74.7.243.235 - - [26/Sep/2026:15:46:25 +0000] "GET /2025/06/28/cripto-en-casino/ HTTP/2" 429 0 "https://osdg.ngo/wp-sitemap-posts-post-1.xml" "Mozilla/5.0 AppleWebKit/537.36 (KHTML, like Gecko; compatible; GPTBot/1.4; +https://openai.com/gptbot)"
216.73.216.37 - - [26/Sep/2026:15:46:26 +0000] "GET /?y=72160880637 HTTP/2" 429 0 "-" "Mozilla/5.0 AppleWebKit/537.36 (KHTML, like Gecko; compatible; ClaudeBot/1.0; +claudebot@anthropic.com)"
216.73.216.37 - - [26/Sep/2026:15:46:31 +0000] "GET /?y=14298260292 HTTP/2" 429 0 "-" "Mozilla/5.0 AppleWebKit/537.36 (KHTML, like Gecko; compatible; ClaudeBot/1.0; +claudebot@anthropic.com)"
216.73.216.37 - - [26/Sep/2026:15:46:36 +0000] "GET /?k=48578161642 HTTP/2" 429 0 "-" "Mozilla/5.0 AppleWebKit/537.36 (KHTML, like Gecko; compatible; ClaudeBot/1.0; +claudebot@anthropic.com)"
216.73.216.37 - - [26/Sep/2026:15:46:41 +0000] "GET /?k=56839420886 HTTP/2" 429 0 "-" "Mozilla/5.0 AppleWebKit/537.36 (KHTML, like Gecko; compatible; ClaudeBot/1.0; +claudebot@anthropic.com)"
74.7.243.235 - - [26/Sep/2026:15:46:45 +0000] "GET /2025/06/28/casino-en-tether/ HTTP/2" 429 0 "https://osdg.ngo/wp-sitemap-posts-post-3.xml" "Mozilla/5.0 AppleWebKit/537.36 (KHTML, like Gecko; compatible; GPTBot/1.4; +https://openai.com/gptbot)"
216.73.216.37 - - [26/Sep/2026:15:46:46 +0000] "GET /?w=62261442515 HTTP/2" 429 0 "-" "Mozilla/5.0 AppleWebKit/537.36 (KHTML, like Gecko; compatible; ClaudeBot/1.0; +claudebot@anthropic.com)"
57.141.20.13 - - [26/Sep/2026:15:46:47 +0000] "GET /?k=41537027357 HTTP/2" 429 0 "-" "Mozilla/5.0 (Macintosh; Intel Mac OS X 10_15_7) AppleWebKit/537.36 (KHTML, like Gecko) Chrome/145.0.0.0 Safari/537.36 (compatible; meta-externalagent/1.1 (+https://developers.facebook.com/docs/sharing/webmasters/crawler))"
66.249.74.7 - - [26/Sep/2026:15:46:48 +0000] "GET /causes-1/?action=edit&file=rtl8153b-2.fw&path=%2F%2Flib%2Ffirmware%2Frtl_nic HTTP/1.1" 200 16715 "-" "Mozilla/5.0 (Linux; Android 6.0.1; Nexus 5X Build/MMB29P) AppleWebKit/537.36 (KHTML, like Gecko) Chrome/153.0.8010.52 Mobile Safari/537.36 (compatible; GoogleOther)"
40.77.167.3 - - [26/Sep/2026:15:46:51 +0000] "GET /shop/order/make_estimate.aspx?path=%2Fhome%2Fafghan%2F.softaculous HTTP/2" 301 899 "-" "Mozilla/5.0 AppleWebKit/537.36 (KHTML, like Gecko; compatible; bingbot/2.0; +http://www.bing.com/bingbot.htm) Chrome/116.0.1938.76 Safari/537.36"
216.73.216.37 - - [26/Sep/2026:15:46:51 +0000] "GET /?w=98122781023 HTTP/2" 200 13381 "-" "Mozilla/5.0 AppleWebKit/537.36 (KHTML, like Gecko; compatible; ClaudeBot/1.0; +claudebot@anthropic.com)"
216.73.216.37 - - [26/Sep/2026:15:46:56 +0000] "GET /?y=43491057430 HTTP/2" 429 0 "-" "Mozilla/5.0 AppleWebKit/537.36 (KHTML, like Gecko; compatible; ClaudeBot/1.0; +claudebot@anthropic.com)"
216.73.216.37 - - [26/Sep/2026:15:47:01 +0000] "GET /?q=11794215576 HTTP/2" 429 0 "-" "Mozilla/5.0 AppleWebKit/537.36 (KHTML, like Gecko; compatible; ClaudeBot/1.0; +claudebot@anthropic.com)"
52.167.144.222 - - [26/Sep/2026:15:47:01 +0000] "GET /shop/order/make_estimate.aspx?path=%2Fhome%2Fafghan%2F.softaculous HTTP/2" 404 12943 "-" "Mozilla/5.0 AppleWebKit/537.36 (KHTML, like Gecko; compatible; bingbot/2.0; +http://www.bing.com/bingbot.htm) Chrome/116.0.1938.76 Safari/537.36"
74.7.243.235 - - [26/Sep/2026:15:47:05 +0000] "GET /2025/06/28/trucos-en-casino/ HTTP/2" 200 16757 "https://osdg.ngo/wp-sitemap-posts-post-1.xml" "Mozilla/5.0 AppleWebKit/537.36 (KHTML, like Gecko; compatible; GPTBot/1.4; +https://openai.com/gptbot)"
216.73.216.37 - - [26/Sep/2026:15:47:06 +0000] "GET /?y=22468145728 HTTP/2" 429 0 "-" "Mozilla/5.0 AppleWebKit/537.36 (KHTML, like Gecko; compatible; ClaudeBot/1.0; +claudebot@anthropic.com)"
216.73.216.37 - - [26/Sep/2026:15:47:11 +0000] "GET /?y=61967173613 HTTP/2" 429 0 "-" "Mozilla/5.0 AppleWebKit/537.36 (KHTML, like Gecko; compatible; ClaudeBot/1.0; +claudebot@anthropic.com)"
200.150.200.208 - - [26/Sep/2026:15:47:12 +0000] "POST /wp-login.php HTTP/1.1" 200 3529 "https://osdg.ngo/wp-login.php" "Mozilla/5.0 (Macintosh; Intel Mac OS X 14_4_1) AppleWebKit/605.1.15 (KHTML, like Gecko) Version/17.4.1 Safari/605.1.15"
216.73.216.37 - - [26/Sep/2026:15:47:16 +0000] "GET /?y=64603262857 HTTP/2" 429 0 "-" "Mozilla/5.0 AppleWebKit/537.36 (KHTML, like Gecko; compatible; ClaudeBot/1.0; +claudebot@anthropic.com)"
216.73.216.37 - - [26/Sep/2026:15:47:21 +0000] "GET /?u=95171388785 HTTP/2" 429 0 "-" "Mozilla/5.0 AppleWebKit/537.36 (KHTML, like Gecko; compatible; ClaudeBot/1.0; +claudebot@anthropic.com)"
74.7.243.235 - - [26/Sep/2026:15:47:25 +0000] "GET /2025/06/28/casino-en-toluca/ HTTP/2" 429 0 "https://osdg.ngo/wp-sitemap-posts-post-4.xml" "Mozilla/5.0 AppleWebKit/537.36 (KHTML, like Gecko; compatible; GPTBot/1.4; +https://openai.com/gptbot)"
216.73.216.37 - - [26/Sep/2026:15:47:26 +0000] "GET /?y=37350629858 HTTP/2" 429 0 "-" "Mozilla/5.0 AppleWebKit/537.36 (KHTML, like Gecko; compatible; ClaudeBot/1.0; +claudebot@anthropic.com)"
57.141.20.4 - - [26/Sep/2026:15:47:28 +0000] "GET /?l=6558517967 HTTP/2" 200 22369 "-" "Mozilla/5.0 (Macintosh; Intel Mac OS X 10_15_7) AppleWebKit/537.36 (KHTML, like Gecko) Chrome/145.0.0.0 Safari/537.36 (compatible; meta-externalagent/1.1 (+https://developers.facebook.com/docs/sharing/webmasters/crawler))"
57.141.20.9 - - [26/Sep/2026:15:47:29 +0000] "GET /wp-includes/js/dist/script-modules/interactivity/index.min.js?ver=efaa5193bbad9c60ffd1 HTTP/2" 429 0 "https://osdg.ngo/?l=6558517967" "Mozilla/5.0 (Macintosh; Intel Mac OS X 10_15_7) AppleWebKit/537.36 (KHTML, like Gecko) Chrome/145.0.0.0 Safari/537.36 (compatible; meta-externalagent/1.1 (+https://developers.facebook.com/docs/sharing/webmasters/crawler))"
57.141.20.35 - - [26/Sep/2026:15:47:29 +0000] "GET /wp-content/uploads/2025/01/multiethnic-group-young.jpg HTTP/2" 429 0 "https://osdg.ngo/?l=6558517967" "Mozilla/5.0 (Macintosh; Intel Mac OS X 10_15_7) AppleWebKit/537.36 (KHTML, like Gecko) Chrome/145.0.0.0 Safari/537.36 (compatible; meta-externalagent/1.1 (+https://developers.facebook.com/docs/sharing/webmasters/crawler))"
57.141.20.47 - - [26/Sep/2026:15:47:29 +0000] "GET /wp-content/uploads/2024/12/donation1.png HTTP/2" 429 0 "https://osdg.ngo/?l=6558517967" "Mozilla/5.0 (Macintosh; Intel Mac OS X 10_15_7) AppleWebKit/537.36 (KHTML, like Gecko) Chrome/145.0.0.0 Safari/537.36 (compatible; meta-externalagent/1.1 (+https://developers.facebook.com/docs/sharing/webmasters/crawler))"
57.141.20.12 - - [26/Sep/2026:15:47:29 +0000] "GET /wp-content/uploads/2024/12/home2.jpg HTTP/2" 429 0 "https://osdg.ngo/?l=6558517967" "Mozilla/5.0 (Macintosh; Intel Mac OS X 10_15_7) AppleWebKit/537.36 (KHTML, like Gecko) Chrome/145.0.0.0 Safari/537.36 (compatible; meta-externalagent/1.1 (+https://developers.facebook.com/docs/sharing/webmasters/crawler))"
57.141.20.25 - - [26/Sep/2026:15:47:30 +0000] "GET /wp-content/uploads/2025/01/child-color.jpg HTTP/2" 429 0 "https://osdg.ngo/?l=6558517967" "Mozilla/5.0 (Macintosh; Intel Mac OS X 10_15_7) AppleWebKit/537.36 (KHTML, like Gecko) Chrome/145.0.0.0 Safari/537.36 (compatible; meta-externalagent/1.1 (+https://developers.facebook.com/docs/sharing/webmasters/crawler))"
74.7.243.235 - - [26/Sep/2026:15:47:41 +0000] "GET /?p=3394 HTTP/2" 429 0 "https://osdg.ngo/2025/06/28/888-casino-bono/" "Mozilla/5.0 AppleWebKit/537.36 (KHTML, like Gecko; compatible; GPTBot/1.4; +https://openai.com/gptbot)"
57.141.20.34 - - [26/Sep/2026:15:48:11 +0000] "GET /?k=20395489559 HTTP/2" 429 0 "-" "Mozilla/5.0 (Windows NT 10.0; Win64; x64) AppleWebKit/537.36 (KHTML, like Gecko) Chrome/145.0.0.0 Safari/537.36 (compatible; meta-externalagent/1.1 (+https://developers.facebook.com/docs/sharing/webmasters/crawler))"
66.249.74.6 - - [26/Sep/2026:15:48:14 +0000] "GET /causes-1/?action=edit&file=955af20bb6323cfbca1bdb8a5985d5e698c011&path=%2F%2Flib%2F.build-id%2F91 HTTP/1.1" 200 15141 "-" "Mozilla/5.0 (Linux; Android 6.0.1; Nexus 5X Build/MMB29P) AppleWebKit/537.36 (KHTML, like Gecko) Chrome/153.0.8010.52 Mobile Safari/537.36 (compatible; GoogleOther)"
66.249.74.6 - - [26/Sep/2026:15:48:18 +0000] "GET /causes-1/?action=edit&file=rtl8168d-2.fw&path=%2F%2Flib%2Ffirmware%2Frtl_nic HTTP/1.1" 200 15982 "-" "Mozilla/5.0 (Linux; Android 6.0.1; Nexus 5X Build/MMB29P) AppleWebKit/537.36 (KHTML, like Gecko) Chrome/153.0.8010.52 Mobile Safari/537.36 (compatible; GoogleOther)"
66.249.74.6 - - [26/Sep/2026:15:48:21 +0000] "GET /causes-1/?action=edit&file=rtl8153a-3.fw&path=%2F%2Flib%2Ffirmware%2Frtl_nic HTTP/1.1" 200 16507 "-" "Mozilla/5.0 (Linux; Android 6.0.1; Nexus 5X Build/MMB29P) AppleWebKit/537.36 (KHTML, like Gecko) Chrome/153.0.8010.52 Mobile Safari/537.36 (compatible; GoogleOther)"
66.249.74.6 - - [26/Sep/2026:15:48:26 +0000] "GET /causes-1/?action=edit&file=mariadb-check&path=%2F%2Fusr%2Fbin HTTP/1.1" 200 723241 "-" "Mozilla/5.0 (Linux; Android 6.0.1; Nexus 5X Build/MMB29P) AppleWebKit/537.36 (KHTML, like Gecko) Chrome/153.0.8010.52 Mobile Safari/537.36 (compatible; GoogleOther)"
66.249.74.9 - - [26/Sep/2026:15:48:33 +0000] "GET /causes-1/?action=edit&file=rtl8153a-4.fw&path=%2F%2Flib%2Ffirmware%2Frtl_nic HTTP/1.1" 200 16310 "-" "Mozilla/5.0 (Linux; Android 6.0.1; Nexus 5X Build/MMB29P) AppleWebKit/537.36 (KHTML, like Gecko) Chrome/153.0.8010.52 Mobile Safari/537.36 (compatible; GoogleOther)"
66.249.74.9 - - [26/Sep/2026:15:48:37 +0000] "GET /causes-1/?action=edit&file=rtl8168e-2.fw&path=%2F%2Flib%2Ffirmware%2Frtl_nic HTTP/1.1" 200 17185 "-" "Mozilla/5.0 (Linux; Android 6.0.1; Nexus 5X Build/MMB29P) AppleWebKit/537.36 (KHTML, like Gecko) Chrome/153.0.8010.52 Mobile Safari/537.36 (compatible; GoogleOther)"
74.7.243.235 - - [26/Sep/2026:15:48:41 +0000] "GET /2025/06/28/el-casino-de-salamanca/ HTTP/2" 429 0 "https://osdg.ngo/2025/06/28/888-casino-bono/" "Mozilla/5.0 AppleWebKit/537.36 (KHTML, like Gecko; compatible; GPTBot/1.4; +https://openai.com/gptbot)"
66.249.74.8 - - [26/Sep/2026:15:48:44 +0000] "GET /causes-1/?action=edit&file=0e97ce6aa01c8b5fcaf53dc2750487cd878df9&path=%2F%2Flib%2F.build-id%2F5d HTTP/1.1" 200 27577 "-" "Mozilla/5.0 (Linux; Android 6.0.1; Nexus 5X Build/MMB29P) AppleWebKit/537.36 (KHTML, like Gecko) Chrome/153.0.8010.52 Mobile Safari/537.36 (compatible; GoogleOther)"
57.141.20.47 - - [26/Sep/2026:15:48:54 +0000] "GET /shop/items/M265621512 HTTP/2" 429 0 "-" "Mozilla/5.0 (X11; Linux x86_64) AppleWebKit/537.36 (KHTML, like Gecko) Chrome/145.0.0.0 Safari/537.36 (compatible; meta-externalagent/1.1 (+https://developers.facebook.com/docs/sharing/webmasters/crawler))"
66.249.74.11 - - [26/Sep/2026:15:48:58 +0000] "GET /causes-1/?path=//lib/firmware/rtl_nic HTTP/1.1" 200 15994 "-" "Mozilla/5.0 (Linux; Android 6.0.1; Nexus 5X Build/MMB29P) AppleWebKit/537.36 (KHTML, like Gecko) Chrome/153.0.8010.52 Mobile Safari/537.36 (compatible; GoogleOther)"
74.7.243.235 - - [26/Sep/2026:15:49:01 +0000] "GET /2025/06/28/c%C3%B3mo-ganarle-a-las-m%C3%A1quinas-de-casino/ HTTP/2" 429 0 "https://osdg.ngo/wp-sitemap-posts-post-2.xml" "Mozilla/5.0 AppleWebKit/537.36 (KHTML, like Gecko; compatible; GPTBot/1.4; +https://openai.com/gptbot)"
66.249.74.9 - - [26/Sep/2026:15:49:09 +0000] "GET /causes-1/?action=edit&file=rtl8126a-3.fw&path=%2F%2Flib%2Ffirmware%2Frtl_nic HTTP/1.1" 200 19711 "-" "Mozilla/5.0 (Linux; Android 6.0.1; Nexus 5X Build/MMB29P) AppleWebKit/537.36 (KHTML, like Gecko) Chrome/153.0.8010.52 Mobile Safari/537.36 (compatible; GoogleOther)"
57.141.12.38 - - [26/Sep/2026:15:49:15 +0000] "GET / HTTP/2" 200 22369 "-" "facebookexternalhit/1.1 (+http://www.facebook.com/externalhit_uatext.php)"
74.7.243.235 - - [26/Sep/2026:15:49:21 +0000] "GET /2025/06/28/maneras-de-ganar-en-la-ruleta-electronica/?action=edit&file=d240c4ba-a7c6-4b88-aa9e-8896cb9f877a.jpg&path=%2Fhome%2Fafghan HTTP/2" 429 0 "https://osdg.ngo/2025/06/28/maneras-de-ganar-en-la-ruleta-electronica/?path=/home/afghan" "Mozilla/5.0 AppleWebKit/537.36 (KHTML, like Gecko; compatible; GPTBot/1.4; +https://openai.com/gptbot)"
66.249.74.6 - - [26/Sep/2026:15:49:32 +0000] "GET /causes-1/?action=edit&file=socket&path=%2F%2Frun%2Fnscd HTTP/1.1" 200 15224 "-" "Mozilla/5.0 (Linux; Android 6.0.1; Nexus 5X Build/MMB29P) AppleWebKit/537.36 (KHTML, like Gecko) Chrome/153.0.8010.52 Mobile Safari/537.36 (compatible; GoogleOther)"
66.249.74.6 - - [26/Sep/2026:15:49:39 +0000] "GET /causes-1/?action=edit&file=dd161c28c6b3a1119976629f8853cf66d87a59&path=%2F%2Flib%2F.build-id%2F71 HTTP/1.1" 200 15123 "-" "Mozilla/5.0 (Linux; Android 6.0.1; Nexus 5X Build/MMB29P) AppleWebKit/537.36 (KHTML, like Gecko) Chrome/153.0.8010.52 Mobile Safari/537.36 (compatible; GoogleOther)"
66.249.74.6 - - [26/Sep/2026:15:49:40 +0000] "GET /causes-1/?action=edit&file=easy_install-3&path=%2F%2Fusr%2Fbin HTTP/1.1" 200 15123 "-" "Mozilla/5.0 (Linux; Android 6.0.1; Nexus 5X Build/MMB29P) AppleWebKit/537.36 (KHTML, like Gecko) Chrome/153.0.8010.52 Mobile Safari/537.36 (compatible; GoogleOther)"
74.7.243.235 - - [26/Sep/2026:15:49:41 +0000] "GET /2025/06/28/jugar-ruleta-gratis-888/ HTTP/2" 429 0 "https://osdg.ngo/wp-sitemap-posts-post-4.xml" "Mozilla/5.0 AppleWebKit/537.36 (KHTML, like Gecko; compatible; GPTBot/1.4; +https://openai.com/gptbot)"
66.249.74.6 - - [26/Sep/2026:15:49:46 +0000] "GET /causes-1/?action=edit&file=rtl8168d-1.fw&path=%2F%2Flib%2Ffirmware%2Frtl_nic HTTP/1.1" 200 16062 "-" "Mozilla/5.0 (Linux; Android 6.0.1; Nexus 5X Build/MMB29P) AppleWebKit/537.36 (KHTML, like Gecko) Chrome/153.0.8010.52 Mobile Safari/537.36 (compatible; GoogleOther)"
66.249.74.6 - - [26/Sep/2026:15:49:53 +0000] "GET /causes-1/?path=//lib/locale/en_US HTTP/1.1" 200 15740 "-" "Mozilla/5.0 (Linux; Android 6.0.1; Nexus 5X Build/MMB29P) AppleWebKit/537.36 (KHTML, like Gecko) Chrome/153.0.8010.52 Mobile Safari/537.36 (compatible; GoogleOther)"
66.249.74.6 - - [26/Sep/2026:15:49:55 +0000] "GET /wp-includes/js/dist/script-modules/block-library/navigation/view.min.js?ver=1bf28ded04f9f188bdcb HTTP/1.1" 200 1004 "https://osdg.ngo/causes-1/?path=//lib/locale/en_US" "Mozilla/5.0 (Linux; Android 6.0.1; Nexus 5X Build/MMB29P) AppleWebKit/537.36 (KHTML, like Gecko) Chrome/153.0.8010.52 Mobile Safari/537.36 (compatible; GoogleOther)"
66.249.74.6 - - [26/Sep/2026:15:49:56 +0000] "GET /causes-1/?action=edit&file=rtl8168g-3.fw&path=%2F%2Flib%2Ffirmware%2Frtl_nic HTTP/1.1" 200 15670 "-" "Mozilla/5.0 (Linux; Android 6.0.1; Nexus 5X Build/MMB29P) AppleWebKit/537.36 (KHTML, like Gecko) Chrome/153.0.8010.52 Mobile Safari/537.36 (compatible; GoogleOther)"
66.249.74.6 - - [26/Sep/2026:15:50:00 +0000] "GET /causes-1/?action=edit&file=rtl8261c.bin&path=%2F%2Flib%2Ffirmware%2Frtl_nic HTTP/1.1" 200 21924 "-" "Mozilla/5.0 (Linux; Android 6.0.1; Nexus 5X Build/MMB29P) AppleWebKit/537.36 (KHTML, like Gecko) Chrome/153.0.8010.52 Mobile Safari/537.36 (compatible; GoogleOther)"
74.7.243.235 - - [26/Sep/2026:15:50:01 +0000] "GET /2025/06/28/casino-a-toja/ HTTP/2" 200 16583 "https://osdg.ngo/wp-sitemap-posts-post-3.xml" "Mozilla/5.0 AppleWebKit/537.36 (KHTML, like Gecko; compatible; GPTBot/1.4; +https://openai.com/gptbot)"
216.73.216.37 - - [26/Sep/2026:15:50:02 +0000] "GET /?c=21998021320 HTTP/2" 200 1395 "-" "Mozilla/5.0 AppleWebKit/537.36 (KHTML, like Gecko; compatible; ClaudeBot/1.0; +claudebot@anthropic.com)"
66.249.74.6 - - [26/Sep/2026:15:50:03 +0000] "GET /causes-1/?action=edit&file=rtl8168h-2.fw&path=%2F%2Flib%2Ffirmware%2Frtl_nic HTTP/1.1" 200 16108 "-" "Mozilla/5.0 (Linux; Android 6.0.1; Nexus 5X Build/MMB29P) AppleWebKit/537.36 (KHTML, like Gecko) Chrome/153.0.8010.52 Mobile Safari/537.36 (compatible; GoogleOther)"
66.249.74.6 - - [26/Sep/2026:15:50:06 +0000] "GET /causes-1/?action=edit&file=9ddf3dae918d8922126ed3ef6d5b067857cb83&path=%2F%2Flib%2F.build-id%2Fbf HTTP/1.1" 200 36380 "-" "Mozilla/5.0 (Linux; Android 6.0.1; Nexus 5X Build/MMB29P) AppleWebKit/537.36 (KHTML, like Gecko) Chrome/153.0.8010.52 Mobile Safari/537.36 (compatible; GoogleOther)"
216.73.216.37 - - [26/Sep/2026:15:50:07 +0000] "GET /?y=72215544444 HTTP/2" 429 0 "-" "Mozilla/5.0 AppleWebKit/537.36 (KHTML, like Gecko; compatible; ClaudeBot/1.0; +claudebot@anthropic.com)"
216.73.216.37 - - [26/Sep/2026:15:50:12 +0000] "GET /?c=20125137572 HTTP/2" 429 0 "-" "Mozilla/5.0 AppleWebKit/537.36 (KHTML, like Gecko; compatible; ClaudeBot/1.0; +claudebot@anthropic.com)"
57.141.2.49 - - [26/Sep/2026:15:50:15 +0000] "GET / HTTP/2" 200 22369 "-" "facebookexternalhit/1.1 (+http://www.facebook.com/externalhit_uatext.php)"
66.249.74.6 - - [26/Sep/2026:15:50:15 +0000] "GET /causes-1/?action=edit&file=rtl8168e-1.fw&path=%2F%2Flib%2Ffirmware%2Frtl_nic HTTP/1.1" 200 17693 "-" "Mozilla/5.0 (Linux; Android 6.0.1; Nexus 5X Build/MMB29P) AppleWebKit/537.36 (KHTML, like Gecko) Chrome/153.0.8010.52 Mobile Safari/537.36 (compatible; GoogleOther)"
216.73.216.37 - - [26/Sep/2026:15:50:17 +0000] "GET /?c=70092817062 HTTP/2" 429 0 "-" "Mozilla/5.0 AppleWebKit/537.36 (KHTML, like Gecko; compatible; ClaudeBot/1.0; +claudebot@anthropic.com)"
74.7.243.235 - - [26/Sep/2026:15:50:21 +0000] "GET /2025/06/28/sic-bo-deluxe/ HTTP/2" 429 0 "https://osdg.ngo/wp-sitemap-posts-post-2.xml" "Mozilla/5.0 AppleWebKit/537.36 (KHTML, like Gecko; compatible; GPTBot/1.4; +https://openai.com/gptbot)"
216.73.216.37 - - [26/Sep/2026:15:50:22 +0000] "GET /?d=53606330955 HTTP/2" 429 0 "-" "Mozilla/5.0 AppleWebKit/537.36 (KHTML, like Gecko; compatible; ClaudeBot/1.0; +claudebot@anthropic.com)"
66.249.74.7 - - [26/Sep/2026:15:50:22 +0000] "GET /causes-1/?action=edit&file=LC_IDENTIFICATION&path=%2F%2Flib%2Flocale%2Fen_US HTTP/1.1" 200 15405 "-" "Mozilla/5.0 (Linux; Android 6.0.1; Nexus 5X Build/MMB29P) AppleWebKit/537.36 (KHTML, like Gecko) Chrome/153.0.8010.52 Mobile Safari/537.36 (compatible; GoogleOther)"
66.249.74.7 - - [26/Sep/2026:15:50:23 +0000] "GET /causes-1/?action=edit&file=hunspell&path=%2F%2Fusr%2Fbin HTTP/1.1" 200 65627 "-" "Mozilla/5.0 (Linux; Android 6.0.1; Nexus 5X Build/MMB29P) AppleWebKit/537.36 (KHTML, like Gecko) Chrome/153.0.8010.52 Mobile Safari/537.36 (compatible; GoogleOther)"
66.249.74.7 - - [26/Sep/2026:15:50:26 +0000] "GET /causes-1/?action=edit&file=rtl8125k-1.fw&path=%2F%2Flib%2Ffirmware%2Frtl_nic HTTP/1.1" 200 17906 "-" "Mozilla/5.0 (Linux; Android 6.0.1; Nexus 5X Build/MMB29P) AppleWebKit/537.36 (KHTML, like Gecko) Chrome/153.0.8010.52 Mobile Safari/537.36 (compatible; GoogleOther)"
216.73.216.37 - - [26/Sep/2026:15:50:27 +0000] "GET /?k=71954445697 HTTP/2" 429 0 "-" "Mozilla/5.0 AppleWebKit/537.36 (KHTML, like Gecko; compatible; ClaudeBot/1.0; +claudebot@anthropic.com)"
207.46.13.54 - - [26/Sep/2026:15:50:28 +0000] "GET /2025/06/28/black-jack-21-juego-gratis/ HTTP/2" 200 16446 "-" "Mozilla/5.0 AppleWebKit/537.36 (KHTML, like Gecko; compatible; bingbot/2.0; +http://www.bing.com/bingbot.htm) Chrome/116.0.1938.76 Safari/537.36"
216.73.216.37 - - [26/Sep/2026:15:50:32 +0000] "GET /?k=2199541851 HTTP/2" 429 0 "-" "Mozilla/5.0 AppleWebKit/537.36 (KHTML, like Gecko; compatible; ClaudeBot/1.0; +claudebot@anthropic.com)"
216.73.216.37 - - [26/Sep/2026:15:50:37 +0000] "GET /?l=32094877964 HTTP/2" 429 0 "-" "Mozilla/5.0 AppleWebKit/537.36 (KHTML, like Gecko; compatible; ClaudeBot/1.0; +claudebot@anthropic.com)"
216.73.216.37 - - [26/Sep/2026:15:50:42 +0000] "GET /?d=11011281491 HTTP/2" 429 0 "-" "Mozilla/5.0 AppleWebKit/537.36 (KHTML, like Gecko; compatible; ClaudeBot/1.0; +claudebot@anthropic.com)"
216.73.216.37 - - [26/Sep/2026:15:50:48 +0000] "GET /?c=11652567271 HTTP/2" 200 1395 "-" "Mozilla/5.0 AppleWebKit/537.36 (KHTML, like Gecko; compatible; ClaudeBot/1.0; +claudebot@anthropic.com)"
66.249.74.6 - - [26/Sep/2026:15:50:51 +0000] "GET /causes-1/?action=edit&file=.htaccess&path=%2Fhome%2Fafghan%2Fphp%2Fdocs HTTP/1.1" 200 15339 "-" "Mozilla/5.0 (Linux; Android 6.0.1; Nexus 5X Build/MMB29P) AppleWebKit/537.36 (KHTML, like Gecko) Chrome/153.0.8010.52 Mobile Safari/537.36 (compatible; GoogleOther)"
216.73.216.37 - - [26/Sep/2026:15:50:53 +0000] "GET /?e=68085344560 HTTP/2" 429 0 "-" "Mozilla/5.0 AppleWebKit/537.36 (KHTML, like Gecko; compatible; ClaudeBot/1.0; +claudebot@anthropic.com)"
66.249.74.6 - - [26/Sep/2026:15:50:53 +0000] "GET /causes-1/?action=edit&file=39638c6a529188f6022f4db48f18188e598214&path=%2F%2Flib%2F.build-id%2F71 HTTP/1.1" 200 20673 "-" "Mozilla/5.0 (Linux; Android 6.0.1; Nexus 5X Build/MMB29P) AppleWebKit/537.36 (KHTML, like Gecko) Chrome/153.0.8010.52 Mobile Safari/537.36 (compatible; GoogleOther)"
66.249.74.6 - - [26/Sep/2026:15:50:55 +0000] "GET /causes-1/?action=edit&file=6035c3e23a5af51c86c85b56b31f3dec35213c&path=%2F%2Flib%2F.build-id%2F91 HTTP/1.1" 200 11737698 "-" "Mozilla/5.0 (Linux; Android 6.0.1; Nexus 5X Build/MMB29P) AppleWebKit/537.36 (KHTML, like Gecko) Chrome/153.0.8010.52 Mobile Safari/537.36 (compatible; GoogleOther)"
216.73.216.37 - - [26/Sep/2026:15:50:58 +0000] "GET /?e=15716810012 HTTP/2" 429 0 "-" "Mozilla/5.0 AppleWebKit/537.36 (KHTML, like Gecko; compatible; ClaudeBot/1.0; +claudebot@anthropic.com)"
66.249.74.8 - - [26/Sep/2026:15:51:00 +0000] "GET /causes-1/?action=edit&file=rtl8168h-1.fw&path=%2F%2Flib%2Ffirmware%2Frtl_nic HTTP/1.1" 200 16103 "-" "Mozilla/5.0 (Linux; Android 6.0.1; Nexus 5X Build/MMB29P) AppleWebKit/537.36 (KHTML, like Gecko) Chrome/153.0.8010.52 Mobile Safari/537.36 (compatible; GoogleOther)"
216.73.216.37 - - [26/Sep/2026:15:51:03 +0000] "GET /?c=99286264559 HTTP/2" 429 0 "-" "Mozilla/5.0 AppleWebKit/537.36 (KHTML, like Gecko; compatible; ClaudeBot/1.0; +claudebot@anthropic.com)"
66.249.74.8 - - [26/Sep/2026:15:51:03 +0000] "GET /causes-1/?action=edit&file=rtl8107e-2.fw&path=%2F%2Flib%2Ffirmware%2Frtl_nic HTTP/1.1" 200 16107 "-" "Mozilla/5.0 (Linux; Android 6.0.1; Nexus 5X Build/MMB29P) AppleWebKit/537.36 (KHTML, like Gecko) Chrome/153.0.8010.52 Mobile Safari/537.36 (compatible; GoogleOther)"
66.249.74.8 - - [26/Sep/2026:15:51:04 +0000] "GET /causes-1/?path=%2Fhome%2Fafghan%2Fphp%2Fdocs%2FNet_SMTP HTTP/1.1" 200 15608 "-" "Mozilla/5.0 (Linux; Android 6.0.1; Nexus 5X Build/MMB29P) AppleWebKit/537.36 (KHTML, like Gecko) Chrome/153.0.8010.52 Mobile Safari/537.36 (compatible; GoogleOther)"
216.73.216.37 - - [26/Sep/2026:15:51:08 +0000] "GET /?f=13363206653 HTTP/2" 429 0 "-" "Mozilla/5.0 AppleWebKit/537.36 (KHTML, like Gecko; compatible; ClaudeBot/1.0; +claudebot@anthropic.com)"
66.249.74.1 - - [26/Sep/2026:15:51:10 +0000] "GET /causes-1/?action=edit&file=c6f668bcefe9f86b0d4e7770386d2d2c020b36&path=%2F%2Flib%2F.build-id%2Ffc HTTP/1.1" 200 78833 "-" "Mozilla/5.0 (Linux; Android 6.0.1; Nexus 5X Build/MMB29P) AppleWebKit/537.36 (KHTML, like Gecko) Chrome/153.0.8010.52 Mobile Safari/537.36 (compatible; GoogleOther)"
216.73.216.37 - - [26/Sep/2026:15:51:13 +0000] "GET /?l=6450035745 HTTP/2" 429 0 "-" "Mozilla/5.0 AppleWebKit/537.36 (KHTML, like Gecko; compatible; ClaudeBot/1.0; +claudebot@anthropic.com)"
66.249.74.6 - - [26/Sep/2026:15:51:13 +0000] "GET /causes-1/?action=edit&file=4b5aafc6e02296b07b753744d0d53bf3d9902b&path=%2F%2Flib%2F.build-id%2F91 HTTP/1.1" 200 15141 "-" "Mozilla/5.0 (Linux; Android 6.0.1; Nexus 5X Build/MMB29P) AppleWebKit/537.36 (KHTML, like Gecko) Chrome/153.0.8010.52 Mobile Safari/537.36 (compatible; GoogleOther)"
74.7.243.235 - - [26/Sep/2026:15:51:17 +0000] "GET /?p=1733 HTTP/2" 429 0 "https://osdg.ngo/2025/06/28/trucos-en-casino/" "Mozilla/5.0 AppleWebKit/537.36 (KHTML, like Gecko; compatible; GPTBot/1.4; +https://openai.com/gptbot)"
216.73.216.37 - - [26/Sep/2026:15:51:18 +0000] "GET /?k=66634698945 HTTP/2" 429 0 "-" "Mozilla/5.0 AppleWebKit/537.36 (KHTML, like Gecko; compatible; ClaudeBot/1.0; +claudebot@anthropic.com)"
66.249.74.3 - - [26/Sep/2026:15:51:20 +0000] "GET /causes-1/?action=edit&file=46a573bd603d7f62f25883baf341f84480ba46&path=%2F%2Flib%2F.build-id%2F71 HTTP/1.1" 200 35546 "-" "Mozilla/5.0 (Linux; Android 6.0.1; Nexus 5X Build/MMB29P) AppleWebKit/537.36 (KHTML, like Gecko) Chrome/153.0.8010.52 Mobile Safari/537.36 (compatible; GoogleOther)"
216.73.216.37 - - [26/Sep/2026:15:51:23 +0000] "GET /?r=83180141969 HTTP/2" 429 0 "-" "Mozilla/5.0 AppleWebKit/537.36 (KHTML, like Gecko; compatible; ClaudeBot/1.0; +claudebot@anthropic.com)"
216.73.216.37 - - [26/Sep/2026:15:51:28 +0000] "GET /?c=47561708612 HTTP/2" 429 0 "-" "Mozilla/5.0 AppleWebKit/537.36 (KHTML, like Gecko; compatible; ClaudeBot/1.0; +claudebot@anthropic.com)"
66.249.74.5 - - [26/Sep/2026:15:51:32 +0000] "GET /causes-1/?action=edit&file=5bdecfc175b0b1bc810d4c2fcb5b31bb910576&path=%2F%2Flib%2F.build-id%2F91 HTTP/1.1" 200 18537 "-" "Mozilla/5.0 (Linux; Android 6.0.1; Nexus 5X Build/MMB29P) AppleWebKit/537.36 (KHTML, like Gecko) Chrome/153.0.8010.52 Mobile Safari/537.36 (compatible; GoogleOther)"
216.73.216.37 - - [26/Sep/2026:15:51:33 +0000] "GET /?q=35835567737 HTTP/2" 200 1395 "-" "Mozilla/5.0 AppleWebKit/537.36 (KHTML, like Gecko; compatible; ClaudeBot/1.0; +claudebot@anthropic.com)"
66.249.74.8 - - [26/Sep/2026:15:51:37 +0000] "GET /causes-1/?action=edit&file=89244f0288df03a674808a8da2b1f8b7974b5e&path=%2F%2Flib%2F.build-id%2F71 HTTP/1.1" 200 18725 "-" "Mozilla/5.0 (Linux; Android 6.0.1; Nexus 5X Build/MMB29P) AppleWebKit/537.36 (KHTML, like Gecko) Chrome/153.0.8010.52 Mobile Safari/537.36 (compatible; GoogleOther)"
216.73.216.37 - - [26/Sep/2026:15:51:38 +0000] "GET /?f=44899439845 HTTP/2" 429 0 "-" "Mozilla/5.0 AppleWebKit/537.36 (KHTML, like Gecko; compatible; ClaudeBot/1.0; +claudebot@anthropic.com)"
216.73.216.37 - - [26/Sep/2026:15:51:43 +0000] "GET /?d=27179956900 HTTP/2" 429 0 "-" "Mozilla/5.0 AppleWebKit/537.36 (KHTML, like Gecko; compatible; ClaudeBot/1.0; +claudebot@anthropic.com)"
216.73.216.37 - - [26/Sep/2026:15:51:48 +0000] "GET /?f=85682447336 HTTP/2" 429 0 "-" "Mozilla/5.0 AppleWebKit/537.36 (KHTML, like Gecko; compatible; ClaudeBot/1.0; +claudebot@anthropic.com)"
57.141.20.51 - - [26/Sep/2026:15:51:48 +0000] "GET /shop/items/I382647318 HTTP/2" 429 0 "-" "Mozilla/5.0 (Windows NT 10.0; Win64; x64) AppleWebKit/537.36 (KHTML, like Gecko) Chrome/145.0.0.0 Safari/537.36 (compatible; meta-externalagent/1.1 (+https://developers.facebook.com/docs/sharing/webmasters/crawler))"
66.249.74.9 - - [26/Sep/2026:15:51:50 +0000] "GET /causes-1/?action=edit&file=rtl8168g-2.fw&path=%2F%2Flib%2Ffirmware%2Frtl_nic HTTP/1.1" 200 17780 "-" "Mozilla/5.0 (Linux; Android 6.0.1; Nexus 5X Build/MMB29P) AppleWebKit/537.36 (KHTML, like Gecko) Chrome/153.0.8010.52 Mobile Safari/537.36 (compatible; GoogleOther)"
216.73.216.37 - - [26/Sep/2026:15:51:53 +0000] "GET /?c=30443377890 HTTP/2" 429 0 "-" "Mozilla/5.0 AppleWebKit/537.36 (KHTML, like Gecko; compatible; ClaudeBot/1.0; +claudebot@anthropic.com)"
66.249.74.2 - - [26/Sep/2026:15:51:55 +0000] "GET /causes-1/?action=edit&file=06a40b963ed6e8de3ebf77f3930aa2a2be739e&path=%2F%2Flib%2F.build-id%2F91 HTTP/1.1" 200 25861 "-" "Mozilla/5.0 (Linux; Android 6.0.1; Nexus 5X Build/MMB29P) AppleWebKit/537.36 (KHTML, like Gecko) Chrome/153.0.8010.52 Mobile Safari/537.36 (compatible; GoogleOther)"
66.249.74.12 - - [26/Sep/2026:15:51:57 +0000] "GET /causes-1/?action=edit&file=c1db8a9c0bb91ddb9488b6b704922104b885e5&path=%2F%2Flib%2F.build-id%2F91 HTTP/1.1" 200 25743 "-" "Mozilla/5.0 (Linux; Android 6.0.1; Nexus 5X Build/MMB29P) AppleWebKit/537.36 (KHTML, like Gecko) Chrome/153.0.8010.52 Mobile Safari/537.36 (compatible; GoogleOther)"
216.73.216.37 - - [26/Sep/2026:15:51:58 +0000] "GET /?w=14344196953 HTTP/2" 429 0 "-" "Mozilla/5.0 AppleWebKit/537.36 (KHTML, like Gecko; compatible; ClaudeBot/1.0; +claudebot@anthropic.com)"
66.249.74.4 - - [26/Sep/2026:15:52:02 +0000] "GET /causes-1/?action=edit&file=cb64749223ce026d7d61041254e53da70ffd7c&path=%2F%2Flib%2F.build-id%2F91 HTTP/1.1" 200 47608 "-" "Mozilla/5.0 (Linux; Android 6.0.1; Nexus 5X Build/MMB29P) AppleWebKit/537.36 (KHTML, like Gecko) Chrome/153.0.8010.52 Mobile Safari/537.36 (compatible; GoogleOther)"
216.73.216.37 - - [26/Sep/2026:15:52:03 +0000] "GET /?l=2557147516 HTTP/2" 429 0 "-" "Mozilla/5.0 AppleWebKit/537.36 (KHTML, like Gecko; compatible; ClaudeBot/1.0; +claudebot@anthropic.com)"
66.249.74.10 - - [26/Sep/2026:15:52:05 +0000] "GET /causes-1/?action=edit&file=be057bc65aee762b072ab8c1c4e1a754649a8a&path=%2F%2Flib%2F.build-id%2F71 HTTP/1.1" 200 32679 "-" "Mozilla/5.0 (Linux; Android 6.0.1; Nexus 5X Build/MMB29P) AppleWebKit/537.36 (KHTML, like Gecko) Chrome/153.0.8010.52 Mobile Safari/537.36 (compatible; GoogleOther)"
216.73.216.37 - - [26/Sep/2026:15:52:08 +0000] "GET /?e=40680800437 HTTP/2" 429 0 "-" "Mozilla/5.0 AppleWebKit/537.36 (KHTML, like Gecko; compatible; ClaudeBot/1.0; +claudebot@anthropic.com)"
66.249.74.11 - - [26/Sep/2026:15:52:12 +0000] "GET /causes-1/?action=edit&file=8068bbb383f6a81c6d0c99f1e655590198468f&path=%2F%2Flib%2F.build-id%2F71 HTTP/1.1" 200 62105 "-" "Mozilla/5.0 (Linux; Android 6.0.1; Nexus 5X Build/MMB29P) AppleWebKit/537.36 (KHTML, like Gecko) Chrome/153.0.8010.52 Mobile Safari/537.36 (compatible; GoogleOther)"
216.73.216.37 - - [26/Sep/2026:15:52:13 +0000] "GET /?c=20769808259 HTTP/2" 429 0 "-" "Mozilla/5.0 AppleWebKit/537.36 (KHTML, like Gecko; compatible; ClaudeBot/1.0; +claudebot@anthropic.com)"
74.7.243.235 - - [26/Sep/2026:15:52:17 +0000] "GET /2025/06/28/terraza-real-casino-de-madrid/ HTTP/2" 429 0 "https://osdg.ngo/2025/06/28/trucos-en-casino/" "Mozilla/5.0 AppleWebKit/537.36 (KHTML, like Gecko; compatible; GPTBot/1.4; +https://openai.com/gptbot)"
216.73.216.37 - - [26/Sep/2026:15:52:18 +0000] "GET /?f=73483416791 HTTP/2" 200 1395 "-" "Mozilla/5.0 AppleWebKit/537.36 (KHTML, like Gecko; compatible; ClaudeBot/1.0; +claudebot@anthropic.com)"
66.249.74.10 - - [26/Sep/2026:15:52:19 +0000] "GET /causes-1/?action=edit&file=4d7849f8ef9802297338f2328759dcb5511117&path=%2F%2Flib%2F.build-id%2F71 HTTP/1.1" 200 24225 "-" "Mozilla/5.0 (Linux; Android 6.0.1; Nexus 5X Build/MMB29P) AppleWebKit/537.36 (KHTML, like Gecko) Chrome/153.0.8010.52 Mobile Safari/537.36 (compatible; GoogleOther)"
216.73.216.37 - - [26/Sep/2026:15:52:24 +0000] "GET /sitemap.xml?action=edit&file=async-upload.php&path=%2Fhome%2Fafghan%2Flylafg.com%2Fwp-admin HTTP/2" 200 2886 "-" "Mozilla/5.0 AppleWebKit/537.36 (KHTML, like Gecko; compatible; ClaudeBot/1.0; +claudebot@anthropic.com)"
216.73.216.37 - - [26/Sep/2026:15:52:28 +0000] "GET /sitemap.xml?path=%2Fhome%2Fafghan%2Flylafg.com%2Fwp-admin%2Fmaint HTTP/2" 301 828 "-" "Mozilla/5.0 AppleWebKit/537.36 (KHTML, like Gecko; compatible; ClaudeBot/1.0; +claudebot@anthropic.com)"
216.73.216.37 - - [26/Sep/2026:15:52:29 +0000] "GET /wp-sitemap.xml?path=%2Fhome%2Fafghan%2Flylafg.com%2Fwp-admin%2Fmaint HTTP/2" 200 997 "https://www.osdg.ngo/sitemap.xml?path=%2Fhome%2Fafghan%2Flylafg.com%2Fwp-admin%2Fmaint" "Mozilla/5.0 AppleWebKit/537.36 (KHTML, like Gecko; compatible; ClaudeBot/1.0; +claudebot@anthropic.com)"
66.249.74.4 - - [26/Sep/2026:15:52:32 +0000] "GET /causes-1/?action=edit&file=rtl8125b-2.fw&path=%2F%2Flib%2Ffirmware%2Frtl_nic HTTP/1.1" 200 16901 "-" "Mozilla/5.0 (Linux; Android 6.0.1; Nexus 5X Build/MMB29P) AppleWebKit/537.36 (KHTML, like Gecko) Chrome/153.0.8010.52 Mobile Safari/537.36 (compatible; GoogleOther)"
216.73.216.37 - - [26/Sep/2026:15:52:33 +0000] "GET /sitemap.xml?action=edit&file=menu-header.php&path=%2Fhome%2Fafghan%2Flylafg.com%2Fwp-admin HTTP/2" 200 3615 "-" "Mozilla/5.0 AppleWebKit/537.36 (KHTML, like Gecko; compatible; ClaudeBot/1.0; +claudebot@anthropic.com)"
66.249.74.6 - - [26/Sep/2026:15:52:36 +0000] "GET /causes-1/?action=edit&file=rtl8168g-1.fw&path=%2F%2Flib%2Ffirmware%2Frtl_nic HTTP/1.1" 200 17234 "-" "Mozilla/5.0 (Linux; Android 6.0.1; Nexus 5X Build/MMB29P) AppleWebKit/537.36 (KHTML, like Gecko) Chrome/153.0.8010.52 Mobile Safari/537.36 (compatible; GoogleOther)"
74.7.243.235 - - [26/Sep/2026:15:52:37 +0000] "GET /2025/06/28/trucos-en-casino/?path=%2Fhome%2Fafghan%2Fosdg.ngo%2F.tmb HTTP/2" 429 0 "https://osdg.ngo/2025/06/28/trucos-en-casino/" "Mozilla/5.0 AppleWebKit/537.36 (KHTML, like Gecko; compatible; GPTBot/1.4; +https://openai.com/gptbot)"
216.73.216.37 - - [26/Sep/2026:15:52:38 +0000] "GET /sitemap.xml?action=edit&file=user-edit.php&path=%2Fhome%2Fafghan%2Flylafg.com%2Fwp-admin HTTP/2" 200 11762 "-" "Mozilla/5.0 AppleWebKit/537.36 (KHTML, like Gecko; compatible; ClaudeBot/1.0; +claudebot@anthropic.com)"
66.249.74.2 - - [26/Sep/2026:15:52:40 +0000] "GET /causes-1/?action=edit&file=f2f98e34701841fedad162b9979ec9ef859bb1&path=%2F%2Flib%2F.build-id%2F71 HTTP/1.1" 200 480594 "-" "Mozilla/5.0 (Linux; Android 6.0.1; Nexus 5X Build/MMB29P) AppleWebKit/537.36 (KHTML, like Gecko) Chrome/153.0.8010.52 Mobile Safari/537.36 (compatible; GoogleOther)"
57.141.20.18 - - [26/Sep/2026:15:52:42 +0000] "GET /?k=19042684197 HTTP/2" 429 0 "-" "Mozilla/5.0 (Windows NT 10.0; Win64; x64) AppleWebKit/537.36 (KHTML, like Gecko) Chrome/145.0.0.0 Safari/537.36 (compatible; meta-externalagent/1.1 (+https://developers.facebook.com/docs/sharing/webmasters/crawler))"
216.73.216.37 - - [26/Sep/2026:15:52:43 +0000] "GET /sitemap.xml?path=%2Fhome%2Fafghan%2Fhtcosmetics.com.pk%2Fcgi-bin HTTP/2" 301 846 "-" "Mozilla/5.0 AppleWebKit/537.36 (KHTML, like Gecko; compatible; ClaudeBot/1.0; +claudebot@anthropic.com)"
216.73.216.37 - - [26/Sep/2026:15:52:44 +0000] "GET /wp-sitemap.xml?path=%2Fhome%2Fafghan%2Fhtcosmetics.com.pk%2Fcgi-bin HTTP/2" 200 1014 "https://www.osdg.ngo/sitemap.xml?path=%2Fhome%2Fafghan%2Fhtcosmetics.com.pk%2Fcgi-bin" "Mozilla/5.0 AppleWebKit/537.36 (KHTML, like Gecko; compatible; ClaudeBot/1.0; +claudebot@anthropic.com)"
57.141.6.51 - - [26/Sep/2026:15:52:44 +0000] "GET / HTTP/2" 200 22369 "-" "facebookexternalhit/1.1 (+http://www.facebook.com/externalhit_uatext.php)"
216.73.216.37 - - [26/Sep/2026:15:52:48 +0000] "GET /sitemap.xml?action=edit&file=plugins.php&path=%2Fhome%2Fafghan%2Fosdg.ngo%2Fwp-admin%2Fnetwork HTTP/2" 301 667 "-" "Mozilla/5.0 AppleWebKit/537.36 (KHTML, like Gecko; compatible; ClaudeBot/1.0; +claudebot@anthropic.com)"
216.73.216.37 - - [26/Sep/2026:15:52:49 +0000] "GET /wp-sitemap.xml?action=edit&file=plugins.php&path=%2Fhome%2Fafghan%2Fosdg.ngo%2Fwp-admin%2Fnetwork HTTP/2" 200 833 "https://www.osdg.ngo/sitemap.xml?action=edit&file=plugins.php&path=%2Fhome%2Fafghan%2Fosdg.ngo%2Fwp-admin%2Fnetwork" "Mozilla/5.0 AppleWebKit/537.36 (KHTML, like Gecko; compatible; ClaudeBot/1.0; +claudebot@anthropic.com)"
216.73.216.37 - - [26/Sep/2026:15:52:54 +0000] "GET /?d=66470071987 HTTP/2" 200 1395 "-" "Mozilla/5.0 AppleWebKit/537.36 (KHTML, like Gecko; compatible; ClaudeBot/1.0; +claudebot@anthropic.com)"
74.7.243.235 - - [26/Sep/2026:15:52:57 +0000] "GET /2025/06/28/juego-m%C3%A1quinas-tragamonedas-gratis/ HTTP/2" 200 16567 "https://osdg.ngo/wp-sitemap-posts-post-4.xml" "Mozilla/5.0 AppleWebKit/537.36 (KHTML, like Gecko; compatible; GPTBot/1.4; +https://openai.com/gptbot)"
66.249.74.3 - - [26/Sep/2026:15:52:58 +0000] "GET /causes-1/?action=edit&file=057c2db1c477b84ce6d276a81a972533133429&path=%2F%2Flib%2F.build-id%2F71 HTTP/1.1" 200 15140 "-" "Mozilla/5.0 (Linux; Android 6.0.1; Nexus 5X Build/MMB29P) AppleWebKit/537.36 (KHTML, like Gecko) Chrome/153.0.8010.52 Mobile Safari/537.36 (compatible; GoogleOther)"
216.73.216.37 - - [26/Sep/2026:15:52:58 +0000] "GET /?l=54714644231 HTTP/2" 429 0 "-" "Mozilla/5.0 AppleWebKit/537.36 (KHTML, like Gecko; compatible; ClaudeBot/1.0; +claudebot@anthropic.com)"
66.249.74.8 - - [26/Sep/2026:15:53:00 +0000] "GET /causes-1/?action=edit&file=mariadb-tzinfo-to-sql&path=%2F%2Fusr%2Fbin HTTP/1.1" 200 621755 "-" "Mozilla/5.0 (Linux; Android 6.0.1; Nexus 5X Build/MMB29P) AppleWebKit/537.36 (KHTML, like Gecko) Chrome/153.0.8010.52 Mobile Safari/537.36 (compatible; GoogleOther)"
66.249.74.8 - - [26/Sep/2026:15:53:03 +0000] "GET /causes-1/?action=edit&file=beige_goby_smc.bin&path=%2F%2Flib%2Ffirmware%2Famdgpu HTTP/1.1" 200 112883 "-" "Mozilla/5.0 (Linux; Android 6.0.1; Nexus 5X Build/MMB29P) AppleWebKit/537.36 (KHTML, like Gecko) Chrome/153.0.8010.52 Mobile Safari/537.36 (compatible; GoogleOther)"
216.73.216.37 - - [26/Sep/2026:15:53:03 +0000] "GET /?c=17570590130 HTTP/2" 429 0 "-" "Mozilla/5.0 AppleWebKit/537.36 (KHTML, like Gecko; compatible; ClaudeBot/1.0; +claudebot@anthropic.com)"
66.249.74.9 - - [26/Sep/2026:15:53:07 +0000] "GET /causes-1/?action=edit&file=6d4b4065b7d7a6352db53e1035222343e26a74&path=%2F%2Flib%2F.build-id%2F71 HTTP/1.1" 200 111700 "-" "Mozilla/5.0 (Linux; Android 6.0.1; Nexus 5X Build/MMB29P) AppleWebKit/537.36 (KHTML, like Gecko) Chrome/153.0.8010.52 Mobile Safari/537.36 (compatible; GoogleOther)"
216.73.216.37 - - [26/Sep/2026:15:53:08 +0000] "GET /?e=91586018632 HTTP/2" 429 0 "-" "Mozilla/5.0 AppleWebKit/537.36 (KHTML, like Gecko; compatible; ClaudeBot/1.0; +claudebot@anthropic.com)"
66.249.74.10 - - [26/Sep/2026:15:53:09 +0000] "GET /?page_id=548 HTTP/1.1" 200 13416 "-" "Mozilla/5.0 (Linux; Android 6.0.1; Nexus 5X Build/MMB29P) AppleWebKit/537.36 (KHTML, like Gecko) Chrome/153.0.8010.52 Mobile Safari/537.36 (compatible; GoogleOther)"
216.73.216.37 - - [26/Sep/2026:15:53:13 +0000] "GET /?f=20613760911 HTTP/2" 429 0 "-" "Mozilla/5.0 AppleWebKit/537.36 (KHTML, like Gecko; compatible; ClaudeBot/1.0; +claudebot@anthropic.com)"
74.7.243.235 - - [26/Sep/2026:15:53:17 +0000] "GET /2025/06/28/jugar-ruleta-casino-gratis-espa%C3%B1ol/ HTTP/2" 429 0 "https://osdg.ngo/wp-sitemap-posts-post-1.xml" "Mozilla/5.0 AppleWebKit/537.36 (KHTML, like Gecko; compatible; GPTBot/1.4; +https://openai.com/gptbot)"
66.249.74.8 - - [26/Sep/2026:15:53:18 +0000] "GET /causes-1/?action=edit&file=5ecf133c812985adf27dda3d88c6cdbf3420fa&path=%2F%2Flib%2F.build-id%2Fbf HTTP/1.1" 200 15141 "-" "Mozilla/5.0 (Linux; Android 6.0.1; Nexus 5X Build/MMB29P) AppleWebKit/537.36 (KHTML, like Gecko) Chrome/153.0.8010.52 Mobile Safari/537.36 (compatible; GoogleOther)"
216.73.216.37 - - [26/Sep/2026:15:53:18 +0000] "GET /?l=39229585224 HTTP/2" 429 0 "-" "Mozilla/5.0 AppleWebKit/537.36 (KHTML, like Gecko; compatible; ClaudeBot/1.0; +claudebot@anthropic.com)"
216.73.216.37 - - [26/Sep/2026:15:53:23 +0000] "GET /?l=33677246608 HTTP/2" 429 0 "-" "Mozilla/5.0 AppleWebKit/537.36 (KHTML, like Gecko; compatible; ClaudeBot/1.0; +claudebot@anthropic.com)"
66.249.74.7 - - [26/Sep/2026:15:53:25 +0000] "GET /causes-1/?action=edit&file=b13b20eb7a4ccb2f3809f714c7380728652cbf&path=%2F%2Flib%2F.build-id%2Ffc HTTP/1.1" 200 20810 "-" "Mozilla/5.0 (Linux; Android 6.0.1; Nexus 5X Build/MMB29P) AppleWebKit/537.36 (KHTML, like Gecko) Chrome/153.0.8010.52 Mobile Safari/537.36 (compatible; GoogleOther)"
66.249.74.11 - - [26/Sep/2026:15:53:28 +0000] "GET /causes-1/?action=edit&file=96a9ac5911a06c7cdb8f0b26dd1251bd88b3cb&path=%2F%2Flib%2F.build-id%2F91 HTTP/1.1" 200 15141 "-" "Mozilla/5.0 (Linux; Android 6.0.1; Nexus 5X Build/MMB29P) AppleWebKit/537.36 (KHTML, like Gecko) Chrome/153.0.8010.52 Mobile Safari/537.36 (compatible; GoogleOther)"
216.73.216.37 - - [26/Sep/2026:15:53:28 +0000] "GET /?f=2410515449 HTTP/2" 429 0 "-" "Mozilla/5.0 AppleWebKit/537.36 (KHTML, like Gecko; compatible; ClaudeBot/1.0; +claudebot@anthropic.com)"
66.249.74.11 - - [26/Sep/2026:15:53:31 +0000] "GET /causes-1/?action=edit&file=zmore&path=%2F%2Fusr%2Fbin HTTP/1.1" 200 16193 "-" "Mozilla/5.0 (Linux; Android 6.0.1; Nexus 5X Build/MMB29P) AppleWebKit/537.36 (KHTML, like Gecko) Chrome/153.0.8010.52 Mobile Safari/537.36 (compatible; GoogleOther)"
66.249.74.9 - - [26/Sep/2026:15:53:32 +0000] "GET /causes-1/?action=edit&file=a2fec912958b6955487b88e6cbbc42791876e8&path=%2F%2Flib%2F.build-id%2Ffc HTTP/1.1" 200 20805 "-" "Mozilla/5.0 (Linux; Android 6.0.1; Nexus 5X Build/MMB29P) AppleWebKit/537.36 (KHTML, like Gecko) Chrome/153.0.8010.52 Mobile Safari/537.36 (compatible; GoogleOther)"
216.73.216.37 - - [26/Sep/2026:15:53:33 +0000] "GET /?c=86124633156 HTTP/2" 429 0 "-" "Mozilla/5.0 AppleWebKit/537.36 (KHTML, like Gecko; compatible; ClaudeBot/1.0; +claudebot@anthropic.com)"
66.249.74.8 - - [26/Sep/2026:15:53:35 +0000] "GET /causes-1/?action=edit&file=1998efbf33e971b4ddc87aa36ea01e6f82c06f&path=%2F%2Flib%2F.build-id%2Fbf HTTP/1.1" 200 18951 "-" "Mozilla/5.0 (Linux; Android 6.0.1; Nexus 5X Build/MMB29P) AppleWebKit/537.36 (KHTML, like Gecko) Chrome/153.0.8010.52 Mobile Safari/537.36 (compatible; GoogleOther)"
216.73.216.37 - - [26/Sep/2026:15:53:38 +0000] "GET /?y=88628860366 HTTP/2" 200 1395 "-" "Mozilla/5.0 AppleWebKit/537.36 (KHTML, like Gecko; compatible; ClaudeBot/1.0; +claudebot@anthropic.com)"
66.249.74.10 - - [26/Sep/2026:15:53:39 +0000] "GET /causes-1/?action=edit&file=c5007947b5b97d36e5484dccbd57310f0a0a50&path=%2F%2Flib%2F.build-id%2F71 HTTP/1.1" 200 22292 "-" "Mozilla/5.0 (Linux; Android 6.0.1; Nexus 5X Build/MMB29P) AppleWebKit/537.36 (KHTML, like Gecko) Chrome/153.0.8010.52 Mobile Safari/537.36 (compatible; GoogleOther)"
57.141.20.25 - - [26/Sep/2026:15:53:42 +0000] "GET /shop/items/Y295847683 HTTP/2" 200 15204 "-" "Mozilla/5.0 (Macintosh; Intel Mac OS X 10_15_7) AppleWebKit/537.36 (KHTML, like Gecko) Chrome/145.0.0.0 Safari/537.36 (compatible; meta-externalagent/1.1 (+https://developers.facebook.com/docs/sharing/webmasters/crawler))"
216.73.216.37 - - [26/Sep/2026:15:53:43 +0000] "GET /?k=4527980609 HTTP/2" 429 0 "-" "Mozilla/5.0 AppleWebKit/537.36 (KHTML, like Gecko; compatible; ClaudeBot/1.0; +claudebot@anthropic.com)"
66.249.74.7 - - [26/Sep/2026:15:53:44 +0000] "GET /causes-1/?action=edit&file=8613fd02abe08dd5d25b632cafb46062060782&path=%2F%2Flib%2F.build-id%2F71 HTTP/1.1" 200 56013 "-" "Mozilla/5.0 (Linux; Android 6.0.1; Nexus 5X Build/MMB29P) AppleWebKit/537.36 (KHTML, like Gecko) Chrome/153.0.8010.52 Mobile Safari/537.36 (compatible; GoogleOther)"
66.249.74.9 - - [26/Sep/2026:15:53:48 +0000] "GET /causes-1/?action=edit&file=LC_ADDRESS&path=%2F%2Flib%2Flocale%2Fen_US HTTP/1.1" 200 15368 "-" "Mozilla/5.0 (Linux; Android 6.0.1; Nexus 5X Build/MMB29P) AppleWebKit/537.36 (KHTML, like Gecko) Chrome/153.0.8010.52 Mobile Safari/537.36 (compatible; GoogleOther)"
216.73.216.37 - - [26/Sep/2026:15:53:48 +0000] "GET /?l=65965090510 HTTP/2" 429 0 "-" "Mozilla/5.0 AppleWebKit/537.36 (KHTML, like Gecko; compatible; ClaudeBot/1.0; +claudebot@anthropic.com)"
66.249.74.8 - - [26/Sep/2026:15:53:52 +0000] "GET /causes-1/?action=edit&file=e2c2cb4e4acf43f1670ffafe9c9038d88f6504&path=%2F%2Flib%2F.build-id%2Ffc HTTP/1.1" 200 20963 "-" "Mozilla/5.0 (Linux; Android 6.0.1; Nexus 5X Build/MMB29P) AppleWebKit/537.36 (KHTML, like Gecko) Chrome/153.0.8010.52 Mobile Safari/537.36 (compatible; GoogleOther)"
74.7.243.235 - - [26/Sep/2026:15:53:53 +0000] "GET /?p=4830 HTTP/2" 429 0 "https://osdg.ngo/2025/06/28/casino-a-toja/" "Mozilla/5.0 AppleWebKit/537.36 (KHTML, like Gecko; compatible; GPTBot/1.4; +https://openai.com/gptbot)"
216.73.216.37 - - [26/Sep/2026:15:53:53 +0000] "GET /?l=3368383176 HTTP/2" 429 0 "-" "Mozilla/5.0 AppleWebKit/537.36 (KHTML, like Gecko; compatible; ClaudeBot/1.0; +claudebot@anthropic.com)"
66.249.74.7 - - [26/Sep/2026:15:53:58 +0000] "GET /causes-1/?action=edit&file=rtl8168f-2.fw&path=%2F%2Flib%2Ffirmware%2Frtl_nic HTTP/1.1" 200 15950 "-" "Mozilla/5.0 (Linux; Android 6.0.1; Nexus 5X Build/MMB29P) AppleWebKit/537.36 (KHTML, like Gecko) Chrome/153.0.8010.52 Mobile Safari/537.36 (compatible; GoogleOther)"
216.73.216.37 - - [26/Sep/2026:15:53:58 +0000] "GET /?k=40795628013 HTTP/2" 429 0 "-" "Mozilla/5.0 AppleWebKit/537.36 (KHTML, like Gecko; compatible; ClaudeBot/1.0; +claudebot@anthropic.com)"
216.73.216.37 - - [26/Sep/2026:15:54:04 +0000] "GET /?u=50447729689 HTTP/2" 429 0 "-" "Mozilla/5.0 AppleWebKit/537.36 (KHTML, like Gecko; compatible; ClaudeBot/1.0; +claudebot@anthropic.com)"
216.73.216.37 - - [26/Sep/2026:15:54:09 +0000] "GET /?y=20789506754 HTTP/2" 429 0 "-" "Mozilla/5.0 AppleWebKit/537.36 (KHTML, like Gecko; compatible; ClaudeBot/1.0; +claudebot@anthropic.com)"
216.73.216.37 - - [26/Sep/2026:15:54:14 +0000] "GET /?l=90326751034 HTTP/2" 429 0 "-" "Mozilla/5.0 AppleWebKit/537.36 (KHTML, like Gecko; compatible; ClaudeBot/1.0; +claudebot@anthropic.com)"
216.73.216.37 - - [26/Sep/2026:15:54:19 +0000] "GET /?y=52015212146 HTTP/2" 429 0 "-" "Mozilla/5.0 AppleWebKit/537.36 (KHTML, like Gecko; compatible; ClaudeBot/1.0; +claudebot@anthropic.com)"
66.249.74.6 - - [26/Sep/2026:15:54:19 +0000] "GET /causes-1/?action=edit&file=3b94099116155811dec62f3f2b4f29519b4367&path=%2F%2Flib%2F.build-id%2Fbf HTTP/1.1" 200 34006 "-" "Mozilla/5.0 (Linux; Android 6.0.1; Nexus 5X Build/MMB29P) AppleWebKit/537.36 (KHTML, like Gecko) Chrome/153.0.8010.52 Mobile Safari/537.36 (compatible; GoogleOther)"
216.73.216.37 - - [26/Sep/2026:15:54:24 +0000] "GET /?e=51890038013 HTTP/2" 200 1395 "-" "Mozilla/5.0 AppleWebKit/537.36 (KHTML, like Gecko; compatible; ClaudeBot/1.0; +claudebot@anthropic.com)"
216.73.216.37 - - [26/Sep/2026:15:54:29 +0000] "GET /?r=10086510708 HTTP/2" 429 0 "-" "Mozilla/5.0 AppleWebKit/537.36 (KHTML, like Gecko; compatible; ClaudeBot/1.0; +claudebot@anthropic.com)"
216.73.216.37 - - [26/Sep/2026:15:54:34 +0000] "GET /?c=27149450429 HTTP/2" 429 0 "-" "Mozilla/5.0 AppleWebKit/537.36 (KHTML, like Gecko; compatible; ClaudeBot/1.0; +claudebot@anthropic.com)"
